{"id":2244,"date":"2021-09-09T08:27:03","date_gmt":"2021-09-09T08:27:03","guid":{"rendered":"https:\/\/cazorla.es\/teatro\/?page_id=2244"},"modified":"2021-09-14T10:29:44","modified_gmt":"2021-09-14T10:29:44","slug":"la-8a-noche","status":"publish","type":"page","link":"https:\/\/cazorla.es\/teatro\/educazorlateatro\/programacion\/la-8a-noche\/","title":{"rendered":"La octava noche"},"content":{"rendered":"<p>[et_pb_section fb_built=\u00bb1&#8243; _builder_version=\u00bb4.10.5&#8243; _module_preset=\u00bbdefault\u00bb global_colors_info=\u00bb{}\u00bb][et_pb_row _builder_version=\u00bb4.10.5&#8243; _module_preset=\u00bbdefault\u00bb global_colors_info=\u00bb{}\u00bb][et_pb_column type=\u00bb4_4&#8243; _builder_version=\u00bb4.10.5&#8243; _module_preset=\u00bbdefault\u00bb global_colors_info=\u00bb{}\u00bb][et_pb_post_title meta=\u00bboff\u00bb _builder_version=\u00bb4.10.5&#8243; _module_preset=\u00bbdefault\u00bb custom_margin=\u00bb30px||30px||false|false\u00bb global_colors_info=\u00bb{}\u00bb][\/et_pb_post_title][\/et_pb_column][\/et_pb_row][\/et_pb_section][et_pb_section fb_built=\u00bb1&#8243; _builder_version=\u00bb4.10.5&#8243; _module_preset=\u00bbdefault\u00bb global_colors_info=\u00bb{}\u00bb][et_pb_row _builder_version=\u00bb4.10.5&#8243; _module_preset=\u00bbdefault\u00bb global_colors_info=\u00bb{}\u00bb][et_pb_column type=\u00bb4_4&#8243; _builder_version=\u00bb4.10.5&#8243; _module_preset=\u00bbdefault\u00bb global_colors_info=\u00bb{}\u00bb][et_pb_image src=\u00bbhttp:\/\/cazorla.es\/teatro\/wp-content\/uploads\/2021\/09\/carteldefinitivo-web.jpg\u00bb title_text=\u00bbcarteldefinitivo web\u00bb align=\u00bbcenter\u00bb _builder_version=\u00bb4.10.5&#8243; _module_preset=\u00bbdefault\u00bb height=\u00bb314px\u00bb global_colors_info=\u00bb{}\u00bb][\/et_pb_image][et_pb_text _builder_version=\u00bb4.10.5&#8243; _module_preset=\u00bbdefault\u00bb custom_margin=\u00bb20px||||false|false\u00bb global_colors_info=\u00bb{}\u00bb]<\/p>\n<p>\u00abLa octava noche\u00bb es un texto que nace a partir del poema \u00abEl cuervo\u00bb, de Edgar Allan Poe, y \u00abEl coraz\u00f3n delator\u00bb, una de las narraciones extraordinarias del mismo autor. Si bien otros dos relatos prestan un par de detalles al texto (\u00abLa caja oblonga\u00bb y \u00abManuscrito hallado en una botella\u00bb), son estos dos primeros los que sirven de plataforma para desarrollar la verdadera trama de la obra.<\/p>\n<p class=\"has-text-align-center\">SINOPSIS<\/p>\n<p>\u00ab<em>!Es verdad\u00a1 Soy nervioso, terriblemente nervioso. Siempre lo he sido y lo soy. Pero, \u00bfpodr\u00eda decirse que estoy loco?&#8230;<\/em>\u00bb Con esta reflexi\u00f3n arranca el espect\u00e1culo de la mano de un joven d\u00e9bil y cansado, en tristes reflexiones embebido, inclinado sobre un viejo y raro libro de olvidada ciencia. Pero, \u00bfpodr\u00eda decirse que \u00abLa octava noche\u00bb habla de la locura? Pues no, o no \u00fanicamente. La batalla entre la raz\u00f3n y la locura, entre la luz y la oscuridad, entre la vida y la muerte, entre la realidad y lo on\u00edrico, se desarrolla a lo largo de tres jornadas, pasado el filo l\u00fagubre de la media noche, bajo el ala de un h\u00f3rrido cuervo vetusto y amenazador, y la mirada penetrante del ojo azul p\u00e1lido, vestido por una fina pel\u00edcula que lo cubre, de un enjuto y misterioso anciano.<\/p>\n<p>Con estos ingredientes \u00abLa octava noche\u00bb se convierte en una pieza con un tacto extra\u00f1amente fr\u00edo, pero que producir\u00e1 una sensaci\u00f3n de calurosa calma que, a buen seguro, anular\u00e1 los sentidos.<\/p>\n<p>[\/et_pb_text][et_pb_code _builder_version=\u00bb4.10.5&#8243; _module_preset=\u00bbdefault\u00bb custom_margin=\u00bb20px||20px||false|false\u00bb hover_enabled=\u00bb0&#8243; global_colors_info=\u00bb{}\u00bb sticky_enabled=\u00bb0&#8243;]<a style = \"color:#D80909;font-size:20px;font-weight:bold\" href = \"https:\/\/www.cazorla.es\/teatro\/educazorlateatro\/calendario\"> Pr\u00f3ximas Fechas<\/a> <!-- [et_pb_line_break_holder] -->\u00a0 \u00a0<!-- [et_pb_line_break_holder] --><a style=\"color:#D80909;font-size:20px;font-weight:bold\" target=\"_blank\" href=\"https:\/\/www.cazorla.es\/teatro\/wp-content\/uploads\/2021\/09\/La-8a-Noche-Guia_compressed-1.pdf\" rel=\"noopener\"><!-- [et_pb_line_break_holder] -->    Gu\u00eda Did\u00e1ctica<!-- [et_pb_line_break_holder] --><\/a><!-- [et_pb_line_break_holder] -->\u00a0 \u00a0<!-- [et_pb_line_break_holder] --><a style = \"color:#D80909;font-size:20px;font-weight:bold\" href = \"https:\/\/www.cazorlaeduca.es\/index.php\/medidas\"><!-- [et_pb_line_break_holder] -->    Medidas COVID 19<!-- [et_pb_line_break_holder] --><\/a>[\/et_pb_code][\/et_pb_column][\/et_pb_row][\/et_pb_section]<\/p>\n","protected":false},"excerpt":{"rendered":"<p>\u00abLa octava noche\u00bb es un texto que nace a partir del poema \u00abEl cuervo\u00bb, de Edgar Allan Poe, y \u00abEl coraz\u00f3n delator\u00bb, una de las narraciones extraordinarias del mismo autor. Si bien otros dos relatos prestan un par de detalles al texto (\u00abLa caja oblonga\u00bb y \u00abManuscrito hallado en una botella\u00bb), son estos dos primeros [&hellip;]<\/p>\n","protected":false},"author":2,"featured_media":0,"parent":2203,"menu_order":0,"comment_status":"closed","ping_status":"closed","template":"","meta":{"_et_pb_use_builder":"on","_et_pb_old_content":"","_et_gb_content_width":"","footnotes":""},"_links":{"self":[{"href":"https:\/\/cazorla.es\/teatro\/wp-json\/wp\/v2\/pages\/2244"}],"collection":[{"href":"https:\/\/cazorla.es\/teatro\/wp-json\/wp\/v2\/pages"}],"about":[{"href":"https:\/\/cazorla.es\/teatro\/wp-json\/wp\/v2\/types\/page"}],"author":[{"embeddable":true,"href":"https:\/\/cazorla.es\/teatro\/wp-json\/wp\/v2\/users\/2"}],"replies":[{"embeddable":true,"href":"https:\/\/cazorla.es\/teatro\/wp-json\/wp\/v2\/comments?post=2244"}],"version-history":[{"count":4,"href":"https:\/\/cazorla.es\/teatro\/wp-json\/wp\/v2\/pages\/2244\/revisions"}],"predecessor-version":[{"id":2367,"href":"https:\/\/cazorla.es\/teatro\/wp-json\/wp\/v2\/pages\/2244\/revisions\/2367"}],"up":[{"embeddable":true,"href":"https:\/\/cazorla.es\/teatro\/wp-json\/wp\/v2\/pages\/2203"}],"wp:attachment":[{"href":"https:\/\/cazorla.es\/teatro\/wp-json\/wp\/v2\/media?parent=2244"}],"curies":[{"name":"wp","href":"https:\/\/api.w.org\/{rel}","templated":true}]}}

<p>[et_pb_section fb_built=»1&#8243; _builder_version=»4.10.5&#8243; _module_preset=»default» global_colors_info=»{}»][et_pb_row _builder_version=»4.10.5&#8243; _module_preset=»default» global_colors_info=»{}»][et_pb_column type=»4_4&#8243; _builder_version=»4.10.5&#8243; _module_preset=»default» global_colors_info=»{}»][et_pb_post_title meta=»off» _builder_version=»4.10.5&#8243; _module_preset=»default» custom_margin=»30px||30px||false|false» global_colors_info=»{}»][/et_pb_post_title][/et_pb_column][/et_pb_row][/et_pb_section][et_pb_section fb_built=»1&#8243; _builder_version=»4.10.5&#8243; _module_preset=»default» global_colors_info=»{}»][et_pb_row _builder_version=»4.10.5&#8243; _module_preset=»default» global_colors_info=»{}»][et_pb_column type=»4_4&#8243; _builder_version=»4.10.5&#8243; _module_preset=»default» global_colors_info=»{}»][et_pb_image src=»http://cazorla.es/teatro/wp-content/uploads/2021/09/carteldefinitivo-web.jpg» title_text=»carteldefinitivo web» align=»center» _builder_version=»4.10.5&#8243; _module_preset=»default» height=»314px» global_colors_info=»{}»][/et_pb_image][et_pb_text _builder_version=»4.10.5&#8243; _module_preset=»default» custom_margin=»20px||||false|false» global_colors_info=»{}»]</p>
<p>«La octava noche» es un texto que nace a partir del poema «El cuervo», de Edgar Allan Poe, y «El corazón delator», una de las narraciones extraordinarias del mismo autor. Si bien otros dos relatos prestan un par de detalles al texto («La caja oblonga» y «Manuscrito hallado en una botella»), son estos dos primeros los que sirven de plataforma para desarrollar la verdadera trama de la obra.</p>
<p class="has-text-align-center">SINOPSIS</p>
<p>«<em>!Es verdad¡ Soy nervioso, terriblemente nervioso. Siempre lo he sido y lo soy. Pero, ¿podría decirse que estoy loco?&#8230;</em>» Con esta reflexión arranca el espectáculo de la mano de un joven débil y cansado, en tristes reflexiones embebido, inclinado sobre un viejo y raro libro de olvidada ciencia. Pero, ¿podría decirse que «La octava noche» habla de la locura? Pues no, o no únicamente. La batalla entre la razón y la locura, entre la luz y la oscuridad, entre la vida y la muerte, entre la realidad y lo onírico, se desarrolla a lo largo de tres jornadas, pasado el filo lúgubre de la media noche, bajo el ala de un hórrido cuervo vetusto y amenazador, y la mirada penetrante del ojo azul pálido, vestido por una fina película que lo cubre, de un enjuto y misterioso anciano.</p>
<p>Con estos ingredientes «La octava noche» se convierte en una pieza con un tacto extrañamente frío, pero que producirá una sensación de calurosa calma que, a buen seguro, anulará los sentidos.</p>
<p>[/et_pb_text][et_pb_code _builder_version=»4.10.5&#8243; _module_preset=»default» custom_margin=»20px||20px||false|false» hover_enabled=»0&#8243; global_colors_info=»{}» sticky_enabled=»0&#8243;]<a style = "color:#D80909;font-size:20px;font-weight:bold" href = "https://www.cazorla.es/teatro/educazorlateatro/calendario"> Próximas Fechas</a> <!-- [et_pb_line_break_holder] -->   <!-- [et_pb_line_break_holder] --><a style="color:#D80909;font-size:20px;font-weight:bold" target="_blank" href="https://www.cazorla.es/teatro/wp-content/uploads/2021/09/La-8a-Noche-Guia_compressed-1.pdf" rel="noopener"><!-- [et_pb_line_break_holder] -->    Guía Didáctica<!-- [et_pb_line_break_holder] --></a><!-- [et_pb_line_break_holder] -->   <!-- [et_pb_line_break_holder] --><a style = "color:#D80909;font-size:20px;font-weight:bold" href = "https://www.cazorlaeduca.es/index.php/medidas"><!-- [et_pb_line_break_holder] -->    Medidas COVID 19<!-- [et_pb_line_break_holder] --></a>[/et_pb_code][/et_pb_column][/et_pb_row][/et_pb_section]</p>

<p>«La octava noche» es un texto que nace a partir del poema «El cuervo», de Edgar Allan Poe, y «El corazón delator», una de las narraciones extraordinarias del mismo autor. Si bien otros dos relatos prestan un par de detalles al texto («La caja oblonga» y «Manuscrito hallado en una botella»), son estos dos primeros [&hellip;]</p>
