{"id":2477,"date":"2021-09-22T09:02:27","date_gmt":"2021-09-22T09:02:27","guid":{"rendered":"https:\/\/cazorla.es\/teatro\/?page_id=2477"},"modified":"2022-09-22T07:27:05","modified_gmt":"2022-09-22T07:27:05","slug":"plancher","status":"publish","type":"page","link":"https:\/\/cazorla.es\/teatro\/plancher\/","title":{"rendered":"Silencio"},"content":{"rendered":"\n[et_pb_section fb_built=\u00bb1&#8243; _builder_version=\u00bb4.10.5&#8243; _module_preset=\u00bbdefault\u00bb global_colors_info=\u00bb{}\u00bb][et_pb_row _builder_version=\u00bb4.10.5&#8243; _module_preset=\u00bbdefault\u00bb global_colors_info=\u00bb{}\u00bb][et_pb_column type=\u00bb4_4&#8243; _builder_version=\u00bb4.10.5&#8243; _module_preset=\u00bbdefault\u00bb global_colors_info=\u00bb{}\u00bb][et_pb_post_title meta=\u00bboff\u00bb _builder_version=\u00bb4.10.5&#8243; _module_preset=\u00bbdefault\u00bb custom_margin=\u00bb20px||20px||false|false\u00bb hover_enabled=\u00bb0&#8243; global_colors_info=\u00bb{}\u00bb sticky_enabled=\u00bb0&#8243;][\/et_pb_post_title][\/et_pb_column][\/et_pb_row][\/et_pb_section][et_pb_section fb_built=\u00bb1&#8243; _builder_version=\u00bb4.10.5&#8243; _module_preset=\u00bbdefault\u00bb global_colors_info=\u00bb{}\u00bb][et_pb_row column_structure=\u00bb1_2,1_2&#8243; _builder_version=\u00bb4.10.5&#8243; _module_preset=\u00bbdefault\u00bb global_colors_info=\u00bb{}\u00bb][et_pb_column type=\u00bb1_2&#8243; _builder_version=\u00bb4.10.5&#8243; _module_preset=\u00bbdefault\u00bb global_colors_info=\u00bb{}\u00bb][et_pb_video _builder_version=\u00bb4.10.5&#8243; _module_preset=\u00bbdefault\u00bb custom_margin=\u00bb130px||||false|false\u00bb hover_enabled=\u00bb0&#8243; global_colors_info=\u00bb{}\u00bb src=\u00bbhttps:\/\/www.youtube.com\/watch?v=6TPWHCftVZE\u00bb sticky_enabled=\u00bb0&#8243;][\/et_pb_video][\/et_pb_column][et_pb_column type=\u00bb1_2&#8243; _builder_version=\u00bb4.10.5&#8243; _module_preset=\u00bbdefault\u00bb global_colors_info=\u00bb{}\u00bb][et_pb_text _builder_version=\u00bb4.10.5&#8243; _module_preset=\u00bbdefault\u00bb custom_margin=\u00bb|||20px|false|false\u00bb global_colors_info=\u00bb{}\u00bb]<p style=\"font-size: 30px; text-align: center;\"><\/p>\n<p style=\"font-size: 30px; text-align: center;\"><strong><\/strong><strong>Sinopsis<\/strong><\/p>\n<p style=\"text-align: justify;\">Vestido con un traje de etiqueta dentro del que no acaba de sentirse c\u00f3modo, el dramaturgo va a ingresar en la Academia pronunciando un discurso titulado Silencio.<br \/>Sus oyentes son los otros acad\u00e9micos, con los que comparte estrado, y las personas -familiares, amigos, colegas, autoridades, desconocidos\u2026- que han venido a acompa\u00f1arlo esta tarde. <br \/>Ha elegido hablar sobre el silencio en la vida y en el teatro. Tambi\u00e9n viajar por silencios teatrales que resuenan en su memoria y en su cuerpo.<br \/>Igual que a los espectadores, esos silencios pueden enfrentarlo con los de su propia vida. Quiz\u00e1 tenga, en cada momento, la tentaci\u00f3n de callar. <br \/>Quiz\u00e1 el silencio, que soporta el discurso y sobre el que el discurso indaga, ponga el discurso en peligro. Quiz\u00e1 lo m\u00e1s importante sea, para quien pronuncia el discurso y para quienes lo reciben, por encima y por debajo de las palabras, escuchar juntos el silencio.<\/p>\n<p style=\"font-size: 23px; text-align: center;\"><strong>FICHA ART\u00cdSTICA.-<\/strong><\/p>\n<p style=\"text-align: justify;\">Direcci\u00f3n.- <strong>Juan Mayorga.<\/strong><\/p>\n<p style=\"text-align: justify;\">Actriz.- <strong>Blanca Portillo.<\/strong><\/p>\n<p style=\"text-align: justify;\"><\/p>[\/et_pb_text][\/et_pb_column][\/et_pb_row][\/et_pb_section]\n","protected":false},"excerpt":{"rendered":"<p>Sinopsis Vestido con un traje de etiqueta dentro del que no acaba de sentirse c\u00f3modo, el dramaturgo va a ingresar en la Academia pronunciando un discurso titulado Silencio.Sus oyentes son los otros acad\u00e9micos, con los que comparte estrado, y las personas -familiares, amigos, colegas, autoridades, desconocidos\u2026- que han venido a acompa\u00f1arlo esta tarde. Ha elegido [&hellip;]<\/p>\n","protected":false},"author":2,"featured_media":0,"parent":0,"menu_order":0,"comment_status":"closed","ping_status":"closed","template":"","meta":{"_et_pb_use_builder":"on","_et_pb_old_content":"","_et_gb_content_width":"","footnotes":""},"_links":{"self":[{"href":"https:\/\/cazorla.es\/teatro\/wp-json\/wp\/v2\/pages\/2477"}],"collection":[{"href":"https:\/\/cazorla.es\/teatro\/wp-json\/wp\/v2\/pages"}],"about":[{"href":"https:\/\/cazorla.es\/teatro\/wp-json\/wp\/v2\/types\/page"}],"author":[{"embeddable":true,"href":"https:\/\/cazorla.es\/teatro\/wp-json\/wp\/v2\/users\/2"}],"replies":[{"embeddable":true,"href":"https:\/\/cazorla.es\/teatro\/wp-json\/wp\/v2\/comments?post=2477"}],"version-history":[{"count":5,"href":"https:\/\/cazorla.es\/teatro\/wp-json\/wp\/v2\/pages\/2477\/revisions"}],"predecessor-version":[{"id":2895,"href":"https:\/\/cazorla.es\/teatro\/wp-json\/wp\/v2\/pages\/2477\/revisions\/2895"}],"wp:attachment":[{"href":"https:\/\/cazorla.es\/teatro\/wp-json\/wp\/v2\/media?parent=2477"}],"curies":[{"name":"wp","href":"https:\/\/api.w.org\/{rel}","templated":true}]}}

[et_pb_section fb_built=»1&#8243; _builder_version=»4.10.5&#8243; _module_preset=»default» global_colors_info=»{}»][et_pb_row _builder_version=»4.10.5&#8243; _module_preset=»default» global_colors_info=»{}»][et_pb_column type=»4_4&#8243; _builder_version=»4.10.5&#8243; _module_preset=»default» global_colors_info=»{}»][et_pb_post_title meta=»off» _builder_version=»4.10.5&#8243; _module_preset=»default» custom_margin=»20px||20px||false|false» hover_enabled=»0&#8243; global_colors_info=»{}» sticky_enabled=»0&#8243;][/et_pb_post_title][/et_pb_column][/et_pb_row][/et_pb_section][et_pb_section fb_built=»1&#8243; _builder_version=»4.10.5&#8243; _module_preset=»default» global_colors_info=»{}»][et_pb_row column_structure=»1_2,1_2&#8243; _builder_version=»4.10.5&#8243; _module_preset=»default» global_colors_info=»{}»][et_pb_column type=»1_2&#8243; _builder_version=»4.10.5&#8243; _module_preset=»default» global_colors_info=»{}»][et_pb_video _builder_version=»4.10.5&#8243; _module_preset=»default» custom_margin=»130px||||false|false» hover_enabled=»0&#8243; global_colors_info=»{}» src=»https://www.youtube.com/watch?v=6TPWHCftVZE» sticky_enabled=»0&#8243;][/et_pb_video][/et_pb_column][et_pb_column type=»1_2&#8243; _builder_version=»4.10.5&#8243; _module_preset=»default» global_colors_info=»{}»][et_pb_text _builder_version=»4.10.5&#8243; _module_preset=»default» custom_margin=»|||20px|false|false» global_colors_info=»{}»]<p style="font-size: 30px; text-align: center;"></p>
<p style="font-size: 30px; text-align: center;"><strong></strong><strong>Sinopsis</strong></p>
<p style="text-align: justify;">Vestido con un traje de etiqueta dentro del que no acaba de sentirse cómodo, el dramaturgo va a ingresar en la Academia pronunciando un discurso titulado Silencio.<br />Sus oyentes son los otros académicos, con los que comparte estrado, y las personas -familiares, amigos, colegas, autoridades, desconocidos…- que han venido a acompañarlo esta tarde. <br />Ha elegido hablar sobre el silencio en la vida y en el teatro. También viajar por silencios teatrales que resuenan en su memoria y en su cuerpo.<br />Igual que a los espectadores, esos silencios pueden enfrentarlo con los de su propia vida. Quizá tenga, en cada momento, la tentación de callar. <br />Quizá el silencio, que soporta el discurso y sobre el que el discurso indaga, ponga el discurso en peligro. Quizá lo más importante sea, para quien pronuncia el discurso y para quienes lo reciben, por encima y por debajo de las palabras, escuchar juntos el silencio.</p>
<p style="font-size: 23px; text-align: center;"><strong>FICHA ARTÍSTICA.-</strong></p>
<p style="text-align: justify;">Dirección.- <strong>Juan Mayorga.</strong></p>
<p style="text-align: justify;">Actriz.- <strong>Blanca Portillo.</strong></p>
<p style="text-align: justify;"></p>[/et_pb_text][/et_pb_column][/et_pb_row][/et_pb_section]

<p>Sinopsis Vestido con un traje de etiqueta dentro del que no acaba de sentirse cómodo, el dramaturgo va a ingresar en la Academia pronunciando un discurso titulado Silencio.Sus oyentes son los otros académicos, con los que comparte estrado, y las personas -familiares, amigos, colegas, autoridades, desconocidos…- que han venido a acompañarlo esta tarde. Ha elegido [&hellip;]</p>
