{"id":2480,"date":"2021-09-22T07:50:36","date_gmt":"2021-09-22T07:50:36","guid":{"rendered":"https:\/\/cazorla.es\/teatro\/?page_id=2480"},"modified":"2022-09-22T07:41:14","modified_gmt":"2022-09-22T07:41:14","slug":"turing","status":"publish","type":"page","link":"https:\/\/cazorla.es\/teatro\/turing\/","title":{"rendered":"La panadera"},"content":{"rendered":"\n[et_pb_section fb_built=\u00bb1&#8243; _builder_version=\u00bb4.10.5&#8243; _module_preset=\u00bbdefault\u00bb global_colors_info=\u00bb{}\u00bb][et_pb_row _builder_version=\u00bb4.10.5&#8243; _module_preset=\u00bbdefault\u00bb global_colors_info=\u00bb{}\u00bb][et_pb_column type=\u00bb4_4&#8243; _builder_version=\u00bb4.10.5&#8243; _module_preset=\u00bbdefault\u00bb global_colors_info=\u00bb{}\u00bb][et_pb_post_title meta=\u00bboff\u00bb _builder_version=\u00bb4.10.5&#8243; _module_preset=\u00bbdefault\u00bb custom_margin=\u00bb20px||20px||false|false\u00bb global_colors_info=\u00bb{}\u00bb][\/et_pb_post_title][\/et_pb_column][\/et_pb_row][\/et_pb_section][et_pb_section fb_built=\u00bb1&#8243; _builder_version=\u00bb4.10.5&#8243; _module_preset=\u00bbdefault\u00bb global_colors_info=\u00bb{}\u00bb][et_pb_row column_structure=\u00bb1_2,1_2&#8243; _builder_version=\u00bb4.10.5&#8243; _module_preset=\u00bbdefault\u00bb global_colors_info=\u00bb{}\u00bb][et_pb_column type=\u00bb1_2&#8243; _builder_version=\u00bb4.10.5&#8243; _module_preset=\u00bbdefault\u00bb global_colors_info=\u00bb{}\u00bb][et_pb_video _builder_version=\u00bb4.10.5&#8243; _module_preset=\u00bbdefault\u00bb custom_margin=\u00bb5px||||false|false\u00bb hover_enabled=\u00bb0&#8243; global_colors_info=\u00bb{}\u00bb sticky_enabled=\u00bb0&#8243; src=\u00bbhttps:\/\/www.youtube.com\/watch?v=jYJMAVDJXvM\u00bb][\/et_pb_video][\/et_pb_column][et_pb_column type=\u00bb1_2&#8243; _builder_version=\u00bb4.10.5&#8243; _module_preset=\u00bbdefault\u00bb global_colors_info=\u00bb{}\u00bb][et_pb_text _builder_version=\u00bb4.10.5&#8243; _module_preset=\u00bbdefault\u00bb custom_margin=\u00bb|||20px|false|false\u00bb global_colors_info=\u00bb{}\u00bb]<p style=\"font-size: 30px; text-align: center;\"><strong>\u00a0<\/strong><\/p>\n<p style=\"font-size: 30px; text-align: center;\"><strong>Sinopsis<\/strong><\/p>\n<p style=\"text-align: justify;\">La Panadera cuenta la historia de Concha, una mujer de cuarenta a\u00f1os, encargada de una panader\u00eda, casada, con dos hijos. Una mujer con una vida tranquila y feliz que un d\u00eda se despierta con la noticia de que por las redes sociales corre un v\u00eddeo \u00edntimo suyo manteniendo relaciones sexuales con una pareja que tuvo hace 15 a\u00f1os. El v\u00eddeo sale ahora a la luz y se extiende de manera incontrolada porque ese hombre se ha hecho famoso en Italia gracias a un reality televisivo. <br \/>La desnudez, la rabia, la impotencia, la verg\u00fcenza y el dolor salpican a todos sus seres queridos. Desde su padre, Ram\u00f3n, un hombre de campo, nacido en el treinta y ocho, a su hijo, Gael, un ni\u00f1o de once a\u00f1os, al que trata de ocultar lo acontecido, pero que sabe manejar un ordenador infinitamente mejor que ella, hasta su marido, Aitor, que intenta acompa\u00f1ar a Concha en el dolor, pero que no puede evitar dejarse invadir por el juicio social.<br \/>Los mensajes cibern\u00e9ticos sin piedad que, escondidos tras perfiles sin nombre, opinan, se mofan, y deshumanizan, llegan, y Concha tendr\u00e1 que luchar para que el miedo, el dolor, las creencias, lo aprendido no la derroten.<\/p>\n<p style=\"text-align: justify;\">Intentando que su entorno familiar y social no salte por los aires. La Panadera es un deseo de parar la cadena, de romper creencias, de tomar conciencia y dar confianza y soporte. Es un deseo de uni\u00f3n, es un abrazo, <br \/>es esperanza.<\/p>\n<p style=\"font-size: 23px; text-align: center;\"><strong>FICHA ART\u00cdSTICA.-<\/strong><\/p>\n<p><strong>Reparto (por orden alfab\u00e9tico): Ram\u00f3n:<\/strong> C\u00e9sar Cambeiro<br \/><strong>Concha y bisabuela:<\/strong> Sandra Ferr\u00fas<br \/><strong>Cliente, Orangut\u00e1n y Carlos-Gael:<\/strong> El\u00edas Gonz\u00e1lez<br \/><strong>Terapeuta, Abuela Quinita y Madre de Concha:<\/strong> Susana Hern\u00e1ndez<br \/><strong>Aitor:<\/strong> Martxelo Rubio<br \/><strong>Texto y Direcci\u00f3n:<\/strong> Sandra Ferr\u00fas<\/p>[\/et_pb_text][\/et_pb_column][\/et_pb_row][\/et_pb_section]\n","protected":false},"excerpt":{"rendered":"<p>\u00a0 Sinopsis La Panadera cuenta la historia de Concha, una mujer de cuarenta a\u00f1os, encargada de una panader\u00eda, casada, con dos hijos. Una mujer con una vida tranquila y feliz que un d\u00eda se despierta con la noticia de que por las redes sociales corre un v\u00eddeo \u00edntimo suyo manteniendo relaciones sexuales con una pareja [&hellip;]<\/p>\n","protected":false},"author":2,"featured_media":0,"parent":0,"menu_order":0,"comment_status":"closed","ping_status":"closed","template":"","meta":{"_et_pb_use_builder":"on","_et_pb_old_content":"","_et_gb_content_width":"","footnotes":""},"_links":{"self":[{"href":"https:\/\/cazorla.es\/teatro\/wp-json\/wp\/v2\/pages\/2480"}],"collection":[{"href":"https:\/\/cazorla.es\/teatro\/wp-json\/wp\/v2\/pages"}],"about":[{"href":"https:\/\/cazorla.es\/teatro\/wp-json\/wp\/v2\/types\/page"}],"author":[{"embeddable":true,"href":"https:\/\/cazorla.es\/teatro\/wp-json\/wp\/v2\/users\/2"}],"replies":[{"embeddable":true,"href":"https:\/\/cazorla.es\/teatro\/wp-json\/wp\/v2\/comments?post=2480"}],"version-history":[{"count":5,"href":"https:\/\/cazorla.es\/teatro\/wp-json\/wp\/v2\/pages\/2480\/revisions"}],"predecessor-version":[{"id":2898,"href":"https:\/\/cazorla.es\/teatro\/wp-json\/wp\/v2\/pages\/2480\/revisions\/2898"}],"wp:attachment":[{"href":"https:\/\/cazorla.es\/teatro\/wp-json\/wp\/v2\/media?parent=2480"}],"curies":[{"name":"wp","href":"https:\/\/api.w.org\/{rel}","templated":true}]}}

[et_pb_section fb_built=»1&#8243; _builder_version=»4.10.5&#8243; _module_preset=»default» global_colors_info=»{}»][et_pb_row _builder_version=»4.10.5&#8243; _module_preset=»default» global_colors_info=»{}»][et_pb_column type=»4_4&#8243; _builder_version=»4.10.5&#8243; _module_preset=»default» global_colors_info=»{}»][et_pb_post_title meta=»off» _builder_version=»4.10.5&#8243; _module_preset=»default» custom_margin=»20px||20px||false|false» global_colors_info=»{}»][/et_pb_post_title][/et_pb_column][/et_pb_row][/et_pb_section][et_pb_section fb_built=»1&#8243; _builder_version=»4.10.5&#8243; _module_preset=»default» global_colors_info=»{}»][et_pb_row column_structure=»1_2,1_2&#8243; _builder_version=»4.10.5&#8243; _module_preset=»default» global_colors_info=»{}»][et_pb_column type=»1_2&#8243; _builder_version=»4.10.5&#8243; _module_preset=»default» global_colors_info=»{}»][et_pb_video _builder_version=»4.10.5&#8243; _module_preset=»default» custom_margin=»5px||||false|false» hover_enabled=»0&#8243; global_colors_info=»{}» sticky_enabled=»0&#8243; src=»https://www.youtube.com/watch?v=jYJMAVDJXvM»][/et_pb_video][/et_pb_column][et_pb_column type=»1_2&#8243; _builder_version=»4.10.5&#8243; _module_preset=»default» global_colors_info=»{}»][et_pb_text _builder_version=»4.10.5&#8243; _module_preset=»default» custom_margin=»|||20px|false|false» global_colors_info=»{}»]<p style="font-size: 30px; text-align: center;"><strong> </strong></p>
<p style="font-size: 30px; text-align: center;"><strong>Sinopsis</strong></p>
<p style="text-align: justify;">La Panadera cuenta la historia de Concha, una mujer de cuarenta años, encargada de una panadería, casada, con dos hijos. Una mujer con una vida tranquila y feliz que un día se despierta con la noticia de que por las redes sociales corre un vídeo íntimo suyo manteniendo relaciones sexuales con una pareja que tuvo hace 15 años. El vídeo sale ahora a la luz y se extiende de manera incontrolada porque ese hombre se ha hecho famoso en Italia gracias a un reality televisivo. <br />La desnudez, la rabia, la impotencia, la vergüenza y el dolor salpican a todos sus seres queridos. Desde su padre, Ramón, un hombre de campo, nacido en el treinta y ocho, a su hijo, Gael, un niño de once años, al que trata de ocultar lo acontecido, pero que sabe manejar un ordenador infinitamente mejor que ella, hasta su marido, Aitor, que intenta acompañar a Concha en el dolor, pero que no puede evitar dejarse invadir por el juicio social.<br />Los mensajes cibernéticos sin piedad que, escondidos tras perfiles sin nombre, opinan, se mofan, y deshumanizan, llegan, y Concha tendrá que luchar para que el miedo, el dolor, las creencias, lo aprendido no la derroten.</p>
<p style="text-align: justify;">Intentando que su entorno familiar y social no salte por los aires. La Panadera es un deseo de parar la cadena, de romper creencias, de tomar conciencia y dar confianza y soporte. Es un deseo de unión, es un abrazo, <br />es esperanza.</p>
<p style="font-size: 23px; text-align: center;"><strong>FICHA ARTÍSTICA.-</strong></p>
<p><strong>Reparto (por orden alfabético): Ramón:</strong> César Cambeiro<br /><strong>Concha y bisabuela:</strong> Sandra Ferrús<br /><strong>Cliente, Orangután y Carlos-Gael:</strong> Elías González<br /><strong>Terapeuta, Abuela Quinita y Madre de Concha:</strong> Susana Hernández<br /><strong>Aitor:</strong> Martxelo Rubio<br /><strong>Texto y Dirección:</strong> Sandra Ferrús</p>[/et_pb_text][/et_pb_column][/et_pb_row][/et_pb_section]

<p>  Sinopsis La Panadera cuenta la historia de Concha, una mujer de cuarenta años, encargada de una panadería, casada, con dos hijos. Una mujer con una vida tranquila y feliz que un día se despierta con la noticia de que por las redes sociales corre un vídeo íntimo suyo manteniendo relaciones sexuales con una pareja [&hellip;]</p>
