{"id":2486,"date":"2021-09-22T07:39:13","date_gmt":"2021-09-22T07:39:13","guid":{"rendered":"https:\/\/cazorla.es\/teatro\/?page_id=2486"},"modified":"2022-09-22T07:48:01","modified_gmt":"2022-09-22T07:48:01","slug":"zaranda","status":"publish","type":"page","link":"https:\/\/cazorla.es\/teatro\/zaranda\/","title":{"rendered":"Erritu"},"content":{"rendered":"\n[et_pb_section fb_built=\u00bb1&#8243; _builder_version=\u00bb4.10.5&#8243; _module_preset=\u00bbdefault\u00bb global_colors_info=\u00bb{}\u00bb][et_pb_row _builder_version=\u00bb4.10.5&#8243; _module_preset=\u00bbdefault\u00bb global_colors_info=\u00bb{}\u00bb][et_pb_column type=\u00bb4_4&#8243; _builder_version=\u00bb4.10.5&#8243; _module_preset=\u00bbdefault\u00bb global_colors_info=\u00bb{}\u00bb][et_pb_post_title meta=\u00bboff\u00bb _builder_version=\u00bb4.10.5&#8243; _module_preset=\u00bbdefault\u00bb custom_margin=\u00bb20px||20px||false|false\u00bb hover_enabled=\u00bb0&#8243; global_colors_info=\u00bb{}\u00bb sticky_enabled=\u00bb0&#8243;][\/et_pb_post_title][\/et_pb_column][\/et_pb_row][\/et_pb_section][et_pb_section fb_built=\u00bb1&#8243; _builder_version=\u00bb4.10.5&#8243; _module_preset=\u00bbdefault\u00bb][et_pb_row _builder_version=\u00bb4.10.5&#8243; _module_preset=\u00bbdefault\u00bb][et_pb_column _builder_version=\u00bb4.10.5&#8243; _module_preset=\u00bbdefault\u00bb type=\u00bb4_4&#8243;][et_pb_video _builder_version=\u00bb4.10.5&#8243; _module_preset=\u00bbdefault\u00bb src=\u00bbhttps:\/\/www.youtube.com\/watch?v=9GskTGsWeNg\u00bb hover_enabled=\u00bb0&#8243; sticky_enabled=\u00bb0&#8243;][\/et_pb_video][\/et_pb_column][\/et_pb_row][\/et_pb_section][et_pb_section fb_built=\u00bb1&#8243; _builder_version=\u00bb4.10.5&#8243; _module_preset=\u00bbdefault\u00bb global_colors_info=\u00bb{}\u00bb][et_pb_row _builder_version=\u00bb4.10.5&#8243; _module_preset=\u00bbdefault\u00bb global_colors_info=\u00bb{}\u00bb][et_pb_column type=\u00bb4_4&#8243; _builder_version=\u00bb4.10.5&#8243; _module_preset=\u00bbdefault\u00bb global_colors_info=\u00bb{}\u00bb][et_pb_text _builder_version=\u00bb4.10.5&#8243; _module_preset=\u00bbdefault\u00bb global_colors_info=\u00bb{}\u00bb]<p style=\"font-size: 30px;\"><strong>Sinopsis<\/strong><\/p>\n<p>\u2018Erritu\u2019 es un viaje vital que atraviesa mediante ritos de pasos individuales y colectivos los distintos estados de la vida en relaci\u00f3n con la naturaleza y con la comunidad. Estados que van desde el nacimiento al caos, pasando por el desierto de la soledad, hasta llegar al encuentro, el amor y, finalmente, la muerte.<\/p>\n<p>Los ritos ejercen a modo de puentes para intentar descubrir el sentido de las conexiones entre nuestra existencia individual -cargada de pasado, presente, promesas de futuro y opciones- y la experiencia colectiva ritualizada, siempre referencial pero tambi\u00e9n en movimiento y cambio. Espiritualidad, ternura y decisi\u00f3n personal se dan la mano con un viaje que, al final, resulta colectivo pero influido por las trayectorias de los m\u00e1s conscientes.<\/p>\n<p style=\"font-size: 23px;\"><strong>FICHA ART\u00cdSTICA.-<\/strong><\/p>\n<p><strong>Bailarines:<\/strong> Alain Maya, Eneko Gil, Ibon Huarte, Izar Aizpuru, Nerea Vesga, Urko Mitxelena<br \/><strong>Canto:<\/strong> David Azurza<br \/><strong>Creaci\u00f3n Musical:<\/strong> Luis Miguel Cobo &amp; David Azurza<br \/><strong>Coreograf\u00eda:<\/strong> Sharon Fridman<br \/><strong>Direcci\u00f3n art\u00edstica:<\/strong> Jon Maya &amp; Sharon Fridman<\/p>[\/et_pb_text][\/et_pb_column][\/et_pb_row][\/et_pb_section]\n","protected":false},"excerpt":{"rendered":"<p>Sinopsis \u2018Erritu\u2019 es un viaje vital que atraviesa mediante ritos de pasos individuales y colectivos los distintos estados de la vida en relaci\u00f3n con la naturaleza y con la comunidad. Estados que van desde el nacimiento al caos, pasando por el desierto de la soledad, hasta llegar al encuentro, el amor y, finalmente, la muerte. [&hellip;]<\/p>\n","protected":false},"author":2,"featured_media":0,"parent":0,"menu_order":0,"comment_status":"closed","ping_status":"closed","template":"","meta":{"_et_pb_use_builder":"on","_et_pb_old_content":"","_et_gb_content_width":"","footnotes":""},"_links":{"self":[{"href":"https:\/\/cazorla.es\/teatro\/wp-json\/wp\/v2\/pages\/2486"}],"collection":[{"href":"https:\/\/cazorla.es\/teatro\/wp-json\/wp\/v2\/pages"}],"about":[{"href":"https:\/\/cazorla.es\/teatro\/wp-json\/wp\/v2\/types\/page"}],"author":[{"embeddable":true,"href":"https:\/\/cazorla.es\/teatro\/wp-json\/wp\/v2\/users\/2"}],"replies":[{"embeddable":true,"href":"https:\/\/cazorla.es\/teatro\/wp-json\/wp\/v2\/comments?post=2486"}],"version-history":[{"count":5,"href":"https:\/\/cazorla.es\/teatro\/wp-json\/wp\/v2\/pages\/2486\/revisions"}],"predecessor-version":[{"id":2901,"href":"https:\/\/cazorla.es\/teatro\/wp-json\/wp\/v2\/pages\/2486\/revisions\/2901"}],"wp:attachment":[{"href":"https:\/\/cazorla.es\/teatro\/wp-json\/wp\/v2\/media?parent=2486"}],"curies":[{"name":"wp","href":"https:\/\/api.w.org\/{rel}","templated":true}]}}

[et_pb_section fb_built=»1&#8243; _builder_version=»4.10.5&#8243; _module_preset=»default» global_colors_info=»{}»][et_pb_row _builder_version=»4.10.5&#8243; _module_preset=»default» global_colors_info=»{}»][et_pb_column type=»4_4&#8243; _builder_version=»4.10.5&#8243; _module_preset=»default» global_colors_info=»{}»][et_pb_post_title meta=»off» _builder_version=»4.10.5&#8243; _module_preset=»default» custom_margin=»20px||20px||false|false» hover_enabled=»0&#8243; global_colors_info=»{}» sticky_enabled=»0&#8243;][/et_pb_post_title][/et_pb_column][/et_pb_row][/et_pb_section][et_pb_section fb_built=»1&#8243; _builder_version=»4.10.5&#8243; _module_preset=»default»][et_pb_row _builder_version=»4.10.5&#8243; _module_preset=»default»][et_pb_column _builder_version=»4.10.5&#8243; _module_preset=»default» type=»4_4&#8243;][et_pb_video _builder_version=»4.10.5&#8243; _module_preset=»default» src=»https://www.youtube.com/watch?v=9GskTGsWeNg» hover_enabled=»0&#8243; sticky_enabled=»0&#8243;][/et_pb_video][/et_pb_column][/et_pb_row][/et_pb_section][et_pb_section fb_built=»1&#8243; _builder_version=»4.10.5&#8243; _module_preset=»default» global_colors_info=»{}»][et_pb_row _builder_version=»4.10.5&#8243; _module_preset=»default» global_colors_info=»{}»][et_pb_column type=»4_4&#8243; _builder_version=»4.10.5&#8243; _module_preset=»default» global_colors_info=»{}»][et_pb_text _builder_version=»4.10.5&#8243; _module_preset=»default» global_colors_info=»{}»]<p style="font-size: 30px;"><strong>Sinopsis</strong></p>
<p>‘Erritu’ es un viaje vital que atraviesa mediante ritos de pasos individuales y colectivos los distintos estados de la vida en relación con la naturaleza y con la comunidad. Estados que van desde el nacimiento al caos, pasando por el desierto de la soledad, hasta llegar al encuentro, el amor y, finalmente, la muerte.</p>
<p>Los ritos ejercen a modo de puentes para intentar descubrir el sentido de las conexiones entre nuestra existencia individual -cargada de pasado, presente, promesas de futuro y opciones- y la experiencia colectiva ritualizada, siempre referencial pero también en movimiento y cambio. Espiritualidad, ternura y decisión personal se dan la mano con un viaje que, al final, resulta colectivo pero influido por las trayectorias de los más conscientes.</p>
<p style="font-size: 23px;"><strong>FICHA ARTÍSTICA.-</strong></p>
<p><strong>Bailarines:</strong> Alain Maya, Eneko Gil, Ibon Huarte, Izar Aizpuru, Nerea Vesga, Urko Mitxelena<br /><strong>Canto:</strong> David Azurza<br /><strong>Creación Musical:</strong> Luis Miguel Cobo &amp; David Azurza<br /><strong>Coreografía:</strong> Sharon Fridman<br /><strong>Dirección artística:</strong> Jon Maya &amp; Sharon Fridman</p>[/et_pb_text][/et_pb_column][/et_pb_row][/et_pb_section]

<p>Sinopsis ‘Erritu’ es un viaje vital que atraviesa mediante ritos de pasos individuales y colectivos los distintos estados de la vida en relación con la naturaleza y con la comunidad. Estados que van desde el nacimiento al caos, pasando por el desierto de la soledad, hasta llegar al encuentro, el amor y, finalmente, la muerte. [&hellip;]</p>
