{"id":2489,"date":"2021-09-22T09:11:32","date_gmt":"2021-09-22T09:11:32","guid":{"rendered":"https:\/\/cazorla.es\/teatro\/?page_id=2489"},"modified":"2022-09-22T07:58:07","modified_gmt":"2022-09-22T07:58:07","slug":"plumas","status":"publish","type":"page","link":"https:\/\/cazorla.es\/teatro\/plumas\/","title":{"rendered":"\u00a1Que salga Arist\u00f3fanes!"},"content":{"rendered":"\n[et_pb_section fb_built=\u00bb1&#8243; _builder_version=\u00bb4.10.5&#8243; _module_preset=\u00bbdefault\u00bb global_colors_info=\u00bb{}\u00bb][et_pb_row _builder_version=\u00bb4.10.5&#8243; _module_preset=\u00bbdefault\u00bb global_colors_info=\u00bb{}\u00bb][et_pb_column type=\u00bb4_4&#8243; _builder_version=\u00bb4.10.5&#8243; _module_preset=\u00bbdefault\u00bb global_colors_info=\u00bb{}\u00bb][et_pb_post_title meta=\u00bboff\u00bb _builder_version=\u00bb4.10.5&#8243; _module_preset=\u00bbdefault\u00bb custom_margin=\u00bb20px||20px||false|false\u00bb global_colors_info=\u00bb{}\u00bb][\/et_pb_post_title][\/et_pb_column][\/et_pb_row][\/et_pb_section][et_pb_section fb_built=\u00bb1&#8243; _builder_version=\u00bb4.10.5&#8243; _module_preset=\u00bbdefault\u00bb global_colors_info=\u00bb{}\u00bb][et_pb_row column_structure=\u00bb1_2,1_2&#8243; _builder_version=\u00bb4.10.5&#8243; _module_preset=\u00bbdefault\u00bb global_colors_info=\u00bb{}\u00bb][et_pb_column type=\u00bb1_2&#8243; _builder_version=\u00bb4.10.5&#8243; _module_preset=\u00bbdefault\u00bb global_colors_info=\u00bb{}\u00bb][et_pb_video _builder_version=\u00bb4.10.5&#8243; _module_preset=\u00bbdefault\u00bb custom_margin=\u00bb60px||||false|false\u00bb hover_enabled=\u00bb0&#8243; global_colors_info=\u00bb{}\u00bb sticky_enabled=\u00bb0&#8243; src=\u00bbhttps:\/\/www.youtube.com\/watch?v=8Q__ebzWEH8&#8243;][\/et_pb_video][\/et_pb_column][et_pb_column type=\u00bb1_2&#8243; _builder_version=\u00bb4.10.5&#8243; _module_preset=\u00bbdefault\u00bb global_colors_info=\u00bb{}\u00bb][et_pb_text _builder_version=\u00bb4.10.5&#8243; _module_preset=\u00bbdefault\u00bb custom_margin=\u00bb|||20px|false|false\u00bb global_colors_info=\u00bb{}\u00bb]<p style=\"font-size: 30px; text-align: center;\"><strong><\/strong><\/p>\n<p style=\"font-size: 30px; text-align: center;\"><strong>Sinopsis<\/strong><\/p>\n<p style=\"text-align: justify;\">Un profesor de cl\u00e1sicas ha sido destituido de su cargo en una universidad y pasa sus d\u00edas en un centro de reeducaci\u00f3n. En su cabeza se mezcla la realidad y la ficci\u00f3n, lo cual le comporta diferentes conflictos con la direcci\u00f3n del centro.<\/p>\n<p style=\"text-align: justify;\"><br \/>Empieza aqu\u00ed un debate para reflexionar sobre los l\u00edmites de la moral y la libertad de expresi\u00f3n. Estamos expuestos a una sociedad sobreprotectora capaz de vetar contenidos a juicio de algunos, aquellos que se esconden detr\u00e1s de unas plataformas que les ofrecen total anonimato, las redes sociales, las hogueras de la actualidad.<\/p>\n<p style=\"font-size: 23px; text-align: center;\"><strong>LA PRENSA HA DICHO.-<\/strong><\/p>\n<p>\u00a1Que salga Arist\u00f3fanes!\u2019 aspira a la carcajada desarrollada en una interesante escenograf\u00eda de planos inclinados que invitan a conectar pasado y presente mediante una lectura cr\u00edtica de la realidad.\u201d<br \/><strong>Javier L\u00f3pez, Heraldo de Arag\u00f3n <\/strong>15 enero 2022<br \/>\u201cFina s\u00e1tira de lo pol\u00edticamente correcto, con una magn\u00edfica interpretaci\u00f3n que te hace salir del teatro prolongando la obra en tu pensamiento y en tu conversaci\u00f3n.\u201d<br \/><strong>Peperamy<\/strong> 5 febrero 2022<\/p>[\/et_pb_text][\/et_pb_column][\/et_pb_row][\/et_pb_section]\n","protected":false},"excerpt":{"rendered":"<p>Sinopsis Un profesor de cl\u00e1sicas ha sido destituido de su cargo en una universidad y pasa sus d\u00edas en un centro de reeducaci\u00f3n. En su cabeza se mezcla la realidad y la ficci\u00f3n, lo cual le comporta diferentes conflictos con la direcci\u00f3n del centro. Empieza aqu\u00ed un debate para reflexionar sobre los l\u00edmites de la [&hellip;]<\/p>\n","protected":false},"author":2,"featured_media":0,"parent":0,"menu_order":0,"comment_status":"closed","ping_status":"closed","template":"","meta":{"_et_pb_use_builder":"on","_et_pb_old_content":"","_et_gb_content_width":"","footnotes":""},"_links":{"self":[{"href":"https:\/\/cazorla.es\/teatro\/wp-json\/wp\/v2\/pages\/2489"}],"collection":[{"href":"https:\/\/cazorla.es\/teatro\/wp-json\/wp\/v2\/pages"}],"about":[{"href":"https:\/\/cazorla.es\/teatro\/wp-json\/wp\/v2\/types\/page"}],"author":[{"embeddable":true,"href":"https:\/\/cazorla.es\/teatro\/wp-json\/wp\/v2\/users\/2"}],"replies":[{"embeddable":true,"href":"https:\/\/cazorla.es\/teatro\/wp-json\/wp\/v2\/comments?post=2489"}],"version-history":[{"count":5,"href":"https:\/\/cazorla.es\/teatro\/wp-json\/wp\/v2\/pages\/2489\/revisions"}],"predecessor-version":[{"id":2904,"href":"https:\/\/cazorla.es\/teatro\/wp-json\/wp\/v2\/pages\/2489\/revisions\/2904"}],"wp:attachment":[{"href":"https:\/\/cazorla.es\/teatro\/wp-json\/wp\/v2\/media?parent=2489"}],"curies":[{"name":"wp","href":"https:\/\/api.w.org\/{rel}","templated":true}]}}

¡Que salga Aristófanes!

[et_pb_section fb_built=»1&#8243; _builder_version=»4.10.5&#8243; _module_preset=»default» global_colors_info=»{}»][et_pb_row _builder_version=»4.10.5&#8243; _module_preset=»default» global_colors_info=»{}»][et_pb_column type=»4_4&#8243; _builder_version=»4.10.5&#8243; _module_preset=»default» global_colors_info=»{}»][et_pb_post_title meta=»off» _builder_version=»4.10.5&#8243; _module_preset=»default» custom_margin=»20px||20px||false|false» global_colors_info=»{}»][/et_pb_post_title][/et_pb_column][/et_pb_row][/et_pb_section][et_pb_section fb_built=»1&#8243; _builder_version=»4.10.5&#8243; _module_preset=»default» global_colors_info=»{}»][et_pb_row column_structure=»1_2,1_2&#8243; _builder_version=»4.10.5&#8243; _module_preset=»default» global_colors_info=»{}»][et_pb_column type=»1_2&#8243; _builder_version=»4.10.5&#8243; _module_preset=»default» global_colors_info=»{}»][et_pb_video _builder_version=»4.10.5&#8243; _module_preset=»default» custom_margin=»60px||||false|false» hover_enabled=»0&#8243; global_colors_info=»{}» sticky_enabled=»0&#8243; src=»https://www.youtube.com/watch?v=8Q__ebzWEH8&#8243;][/et_pb_video][/et_pb_column][et_pb_column type=»1_2&#8243; _builder_version=»4.10.5&#8243; _module_preset=»default» global_colors_info=»{}»][et_pb_text _builder_version=»4.10.5&#8243; _module_preset=»default» custom_margin=»|||20px|false|false» global_colors_info=»{}»]<p style="font-size: 30px; text-align: center;"><strong></strong></p>
<p style="font-size: 30px; text-align: center;"><strong>Sinopsis</strong></p>
<p style="text-align: justify;">Un profesor de clásicas ha sido destituido de su cargo en una universidad y pasa sus días en un centro de reeducación. En su cabeza se mezcla la realidad y la ficción, lo cual le comporta diferentes conflictos con la dirección del centro.</p>
<p style="text-align: justify;"><br />Empieza aquí un debate para reflexionar sobre los límites de la moral y la libertad de expresión. Estamos expuestos a una sociedad sobreprotectora capaz de vetar contenidos a juicio de algunos, aquellos que se esconden detrás de unas plataformas que les ofrecen total anonimato, las redes sociales, las hogueras de la actualidad.</p>
<p style="font-size: 23px; text-align: center;"><strong>LA PRENSA HA DICHO.-</strong></p>
<p>¡Que salga Aristófanes!’ aspira a la carcajada desarrollada en una interesante escenografía de planos inclinados que invitan a conectar pasado y presente mediante una lectura crítica de la realidad.”<br /><strong>Javier López, Heraldo de Aragón </strong>15 enero 2022<br />“Fina sátira de lo políticamente correcto, con una magnífica interpretación que te hace salir del teatro prolongando la obra en tu pensamiento y en tu conversación.”<br /><strong>Peperamy</strong> 5 febrero 2022</p>[/et_pb_text][/et_pb_column][/et_pb_row][/et_pb_section]

<p>Sinopsis Un profesor de clásicas ha sido destituido de su cargo en una universidad y pasa sus días en un centro de reeducación. En su cabeza se mezcla la realidad y la ficción, lo cual le comporta diferentes conflictos con la dirección del centro. Empieza aquí un debate para reflexionar sobre los límites de la [&hellip;]</p>
