{"id":3195,"date":"2024-09-19T07:49:02","date_gmt":"2024-09-19T07:49:02","guid":{"rendered":"https:\/\/cazorla.es\/teatro\/?page_id=3195"},"modified":"2025-09-15T10:55:59","modified_gmt":"2025-09-15T10:55:59","slug":"teatrino-borrador","status":"publish","type":"page","link":"https:\/\/cazorla.es\/teatro\/teatrino-borrador\/","title":{"rendered":"Teatrino (Borrador)"},"content":{"rendered":"<p>[et_pb_section fb_built=\u00bb1&#8243; _builder_version=\u00bb4.23&#8243; _module_preset=\u00bbdefault\u00bb background_color=\u00bb#000123&#8243; background_enable_color=\u00bbon\u00bb global_colors_info=\u00bb{}\u00bb][et_pb_row _builder_version=\u00bb4.23&#8243; _module_preset=\u00bbdefault\u00bb background_color=\u00bbrgba(0,0,0,0)\u00bb background_image=\u00bbhttp:\/\/cazorla.es\/teatro\/wp-content\/uploads\/2021\/09\/Sin-titulo-1.jpg\u00bb background_position=\u00bbcenter_right\u00bb background_repeat=\u00bbrepeat\u00bb width=\u00bb100%\u00bb height=\u00bb250px\u00bb locked=\u00bboff\u00bb global_colors_info=\u00bb{}\u00bb][et_pb_column type=\u00bb4_4&#8243; _builder_version=\u00bb4.23&#8243; _module_preset=\u00bbdefault\u00bb global_colors_info=\u00bb{}\u00bb][\/et_pb_column][\/et_pb_row][et_pb_row _builder_version=\u00bb4.23&#8243; _module_preset=\u00bbdefault\u00bb locked=\u00bboff\u00bb global_colors_info=\u00bb{}\u00bb][et_pb_column type=\u00bb4_4&#8243; _builder_version=\u00bb4.23&#8243; _module_preset=\u00bbdefault\u00bb global_colors_info=\u00bb{}\u00bb][et_pb_heading title=\u00bbTEATRINO\u00bb _builder_version=\u00bb4.23&#8243; _module_preset=\u00bbdefault\u00bb title_font=\u00bb|700|||||||\u00bb title_text_color=\u00bb#70f3ff\u00bb global_colors_info=\u00bb{}\u00bb][\/et_pb_heading][et_pb_text _builder_version=\u00bb4.23&#8243; _module_preset=\u00bbdefault\u00bb text_text_color=\u00bb#ffffff\u00bb text_font_size=\u00bb18px\u00bb header_2_text_color=\u00bb#ff0042&#8243; custom_css_free_form=\u00bbstrong{||  color: #FA7E0C;||}\u00bb global_colors_info=\u00bb{}\u00bb]<\/p>\n<p>Obras te teatro perfectas para ver en familia en el <span style=\"color: #fa7e0c; font-weight: bolder;\">TEATRO DE LA MERCED<\/span><\/p>\n<p>[\/et_pb_text][\/et_pb_column][\/et_pb_row][et_pb_row column_structure=\u00bb1_2,1_2&#8243; _builder_version=\u00bb4.23&#8243; _module_preset=\u00bbdefault\u00bb border_width_top=\u00bb3px\u00bb border_color_top=\u00bb#a39dc9&#8243; locked=\u00bboff\u00bb global_colors_info=\u00bb{}\u00bb][et_pb_column type=\u00bb1_2&#8243; _builder_version=\u00bb4.23&#8243; _module_preset=\u00bbdefault\u00bb global_colors_info=\u00bb{}\u00bb][et_pb_text _builder_version=\u00bb4.23&#8243; _module_preset=\u00bbdefault\u00bb text_text_color=\u00bb#ff0042&#8243; header_text_color=\u00bbrgba(226,85,39,0)\u00bb header_2_text_color=\u00bb#1ebfff\u00bb hover_enabled=\u00bb0&#8243; global_colors_info=\u00bb{}\u00bb sticky_enabled=\u00bb0&#8243;]<\/p>\n<h2>\u201cUN TRAJE NUEVO PARA EL EMPERADOR\u201d<\/h2>\n<p>&nbsp;<\/p>\n<p>[\/et_pb_text][et_pb_image src=\u00bbhttp:\/\/cazorla.es\/teatro\/wp-content\/uploads\/2021\/09\/image-scaled.jpg\u00bb _builder_version=\u00bb4.23&#8243; _module_preset=\u00bbdefault\u00bb title_text=\u00bbimage\u00bb hover_enabled=\u00bb0&#8243; sticky_enabled=\u00bb0&#8243;][\/et_pb_image][\/et_pb_column][et_pb_column type=\u00bb1_2&#8243; _builder_version=\u00bb4.23&#8243; _module_preset=\u00bbdefault\u00bb global_colors_info=\u00bb{}\u00bb][et_pb_text _builder_version=\u00bb4.23&#8243; _module_preset=\u00bbdefault\u00bb text_text_color=\u00bb#ffffff\u00bb text_font_size=\u00bb1.5em\u00bb header_2_text_color=\u00bb#ff0042&#8243; custom_margin=\u00bb37px|||||\u00bb custom_css_free_form=\u00bbselector ul{||  list-style: none;||}\u00bb global_colors_info=\u00bb{}\u00bb]<\/p>\n<ul style=\"list-style: none;\">\n<li><span class=\"tit\" style=\"color: #fa7e0c; font-weight: bolder;\">Compa\u00f1\u00eda:<\/span> LAPERALLIMONERA TEATRE<\/li>\n<li><span class=\"tit\" style=\"color: #fa7e0c; font-weight: bolder;\">Fecha: <\/span>Mi\u00e9rcoles 5 de Noviembre de 2025<\/li>\n<li><span class=\"tit\" style=\"color: #fa7e0c; font-weight: bolder;\">Hora: <\/span> 19:00 H<\/li>\n<li><span class=\"tit\" style=\"color: #fa7e0c; font-weight: bolder;\">Sinopsis: <\/span><br \/><span>Su majestad el Emperador, a pesar de tener el armario lleno a rebosar, nunca est\u00e1 contento con los trajes que lleva. Para satisfacerlo, su consejero hace un llamamiento a todos los sastres y modistas del Imperio para presentar sus dise\u00f1os a cambio de una gran recompensa.<br \/>Este traje tendr\u00e1 que ser diferente, \u00fanico, fant\u00e1stico y maravilloso. La noticia llega a dos talentosos sastres extranjeros capaces de confeccionar trajes con propiedades tan extraordinarias que nunca nadie ha llegado a imaginar.<\/span><\/li>\n<li><span>M\u00e1s informaci\u00f3n en: <a href=\"https:\/\/circuitoaudaces.es\/espectaculos\/un-traje-nuevo-para-el-emperador\/\">https:\/\/circuitoaudaces.es\/espectaculos\/un-traje-nuevo-para-el-emperador\/<\/a><\/span><\/li>\n<\/ul>\n<p>[\/et_pb_text][\/et_pb_column][\/et_pb_row][et_pb_row column_structure=\u00bb1_2,1_2&#8243; _builder_version=\u00bb4.23&#8243; _module_preset=\u00bbdefault\u00bb border_width_top=\u00bb3px\u00bb border_color_top=\u00bb#a39dc9&#8243; locked=\u00bboff\u00bb global_colors_info=\u00bb{}\u00bb][et_pb_column type=\u00bb1_2&#8243; _builder_version=\u00bb4.23&#8243; _module_preset=\u00bbdefault\u00bb global_colors_info=\u00bb{}\u00bb][et_pb_text _builder_version=\u00bb4.23&#8243; _module_preset=\u00bbdefault\u00bb text_text_color=\u00bb#ff0042&#8243; header_text_color=\u00bbrgba(226,85,39,0)\u00bb header_2_text_color=\u00bb#1ebfff\u00bb global_colors_info=\u00bb{}\u00bb]<\/p>\n<h2>\u00abYO, TARZ\u00c1N\u00bb<\/h2>\n<p>&nbsp;<\/p>\n<p>[\/et_pb_text][et_pb_image src=\u00bbhttp:\/\/cazorla.es\/teatro\/wp-content\/uploads\/2021\/09\/03-TARZAN-Festuc-Teatre-980&#215;653-1.jpg\u00bb _builder_version=\u00bb4.23&#8243; _module_preset=\u00bbdefault\u00bb title_text=\u00bb03-TARZAN-Festuc-Teatre-980&#215;653&#8243; hover_enabled=\u00bb0&#8243; sticky_enabled=\u00bb0&#8243;][\/et_pb_image][\/et_pb_column][et_pb_column type=\u00bb1_2&#8243; _builder_version=\u00bb4.23&#8243; _module_preset=\u00bbdefault\u00bb global_colors_info=\u00bb{}\u00bb][et_pb_text _builder_version=\u00bb4.23&#8243; _module_preset=\u00bbdefault\u00bb text_text_color=\u00bb#ffffff\u00bb text_font_size=\u00bb1.5em\u00bb header_2_text_color=\u00bb#ff0042&#8243; custom_margin=\u00bb37px|||||\u00bb custom_padding=\u00bb1px|||||\u00bb custom_css_free_form=\u00bbselector ul{||  list-style: none;||}\u00bb global_colors_info=\u00bb{}\u00bb]<\/p>\n<ul style=\"list-style: none;\">\n<li><span class=\"tit\" style=\"color: #fa7e0c; font-weight: bolder;\">Compa\u00f1\u00eda:<\/span> Festuc Teatro<\/li>\n<li><span class=\"tit\" style=\"color: #fa7e0c; font-weight: bolder;\">Fecha: <\/span>Jueves 13 de Noviembre de 2025<\/li>\n<li><span class=\"tit\" style=\"color: #fa7e0c; font-weight: bolder;\">Hora: <\/span> 19:00 H<\/li>\n<li><span class=\"tit\" style=\"color: #fa7e0c; font-weight: bolder;\">Sinopsis: <\/span><br \/><span>En medio de la selva, una criatura se queda hu\u00e9rfana y desprotegida de los peligros inherentes de la jungla. Esta realidad se ver\u00e1 alterada cuando una familia de gorilas decide que dicha beb\u00e9 forme parte de su tribu. Y as\u00ed empieza la historia de nuestra protagonista:\u00a0<strong>Tarz\u00e1n<\/strong>, una ni\u00f1a que crecer\u00e1 pensando que es una gorila m\u00e1s.<\/span><\/li>\n<li><span>M\u00e1s informaci\u00f3n en: <a href=\"https:\/\/www.culturactiva.org\/es\/espectaculo\/la-casa-mas-pequena\">https:\/\/festuc.net\/es\/espectaculos\/yo-tarzan\/<\/a><\/span><\/li>\n<\/ul>\n<p>[\/et_pb_text][\/et_pb_column][\/et_pb_row][et_pb_row column_structure=\u00bb1_2,1_2&#8243; _builder_version=\u00bb4.23&#8243; _module_preset=\u00bbdefault\u00bb border_width_top=\u00bb3px\u00bb border_color_top=\u00bb#a39dc9&#8243; locked=\u00bboff\u00bb global_colors_info=\u00bb{}\u00bb][et_pb_column type=\u00bb1_2&#8243; _builder_version=\u00bb4.23&#8243; _module_preset=\u00bbdefault\u00bb global_colors_info=\u00bb{}\u00bb][et_pb_text _builder_version=\u00bb4.23&#8243; _module_preset=\u00bbdefault\u00bb text_text_color=\u00bb#ff0042&#8243; header_text_color=\u00bbrgba(226,85,39,0)\u00bb header_2_text_color=\u00bb#1ebfff\u00bb global_colors_info=\u00bb{}\u00bb]<\/p>\n<h2>LA CASA DEL ABUELO<\/h2>\n<p>&nbsp;<\/p>\n<p>[\/et_pb_text][et_pb_image src=\u00bbhttp:\/\/cazorla.es\/teatro\/wp-content\/uploads\/2021\/09\/la-casa-del-abuelo.jpg\u00bb _builder_version=\u00bb4.23&#8243; _module_preset=\u00bbdefault\u00bb title_text=\u00bbla casa del abuelo\u00bb hover_enabled=\u00bb0&#8243; sticky_enabled=\u00bb0&#8243;][\/et_pb_image][\/et_pb_column][et_pb_column type=\u00bb1_2&#8243; _builder_version=\u00bb4.23&#8243; _module_preset=\u00bbdefault\u00bb global_colors_info=\u00bb{}\u00bb][et_pb_text _builder_version=\u00bb4.23&#8243; _module_preset=\u00bbdefault\u00bb text_text_color=\u00bb#ffffff\u00bb text_font_size=\u00bb1.5em\u00bb header_2_text_color=\u00bb#ff0042&#8243; custom_margin=\u00bb37px|||||\u00bb custom_padding=\u00bb1px|||||\u00bb custom_css_free_form=\u00bbselector ul{||  list-style: none;||}\u00bb global_colors_info=\u00bb{}\u00bb]<\/p>\n<ul style=\"list-style: none;\">\n<li><span class=\"tit\" style=\"color: #fa7e0c; font-weight: bolder;\">Compa\u00f1\u00eda:<\/span> La Rous<\/li>\n<li><span class=\"tit\" style=\"color: #fa7e0c; font-weight: bolder;\">Fecha: <\/span>Mi\u00e9rcoles 19 de Noviembre de 2025<\/li>\n<li><span class=\"tit\" style=\"color: #fa7e0c; font-weight: bolder;\">Hora: <\/span> 19:00 H<\/li>\n<li><span class=\"tit\" style=\"color: #fa7e0c; font-weight: bolder;\">Sinopsis: <\/span><br \/><span>Un espect\u00e1culo hermoso. Emocionante, de verdad. Calidad humana y art\u00edstica superior como podr\u00e9is ver. Por este espect\u00e1culo, recibi\u00f3 Premio al Mejor espect\u00e1culo en la Feria Internacional de Teatro para Ni\u00f1os y J\u00f3venes FETEN\u00a0 en 2009.<br \/>En el 2011 el Ministerio de Educaci\u00f3n, Cultura y Deportes le otorga el Premio Nacional de Artes Esc\u00e9nicas para la Infancia y la Juventud 2011, en reconocimiento a la calidad art\u00edstica, coherencia y originalidad de sus espect\u00e1culos.<\/span><\/li>\n<li><span>M\u00e1s informaci\u00f3n en: <a href=\"https:\/\/utopi.es\/portfolio-items\/cia_larous_la_casa_del_abuelo\/\">https:\/\/utopi.es\/portfolio-items\/cia_larous_la_casa_del_abuelo\/<\/a><\/span><\/li>\n<\/ul>\n<p>[\/et_pb_text][\/et_pb_column][\/et_pb_row][\/et_pb_section]<\/p>\n","protected":false},"excerpt":{"rendered":"<p>Obras te teatro perfectas para ver en familia en el TEATRO DE LA MERCED\u201cUN TRAJE NUEVO PARA EL EMPERADOR\u201d &nbsp; Compa\u00f1\u00eda: LAPERALLIMONERA TEATRE Fecha: Mi\u00e9rcoles 5 de Noviembre de 2025 Hora: 19:00 H Sinopsis: Su majestad el Emperador, a pesar de tener el armario lleno a rebosar, nunca est\u00e1 contento con los trajes que lleva. [&hellip;]<\/p>\n","protected":false},"author":2,"featured_media":0,"parent":0,"menu_order":0,"comment_status":"closed","ping_status":"closed","template":"","meta":{"_et_pb_use_builder":"on","_et_pb_old_content":"","_et_gb_content_width":"","footnotes":""},"_links":{"self":[{"href":"https:\/\/cazorla.es\/teatro\/wp-json\/wp\/v2\/pages\/3195"}],"collection":[{"href":"https:\/\/cazorla.es\/teatro\/wp-json\/wp\/v2\/pages"}],"about":[{"href":"https:\/\/cazorla.es\/teatro\/wp-json\/wp\/v2\/types\/page"}],"author":[{"embeddable":true,"href":"https:\/\/cazorla.es\/teatro\/wp-json\/wp\/v2\/users\/2"}],"replies":[{"embeddable":true,"href":"https:\/\/cazorla.es\/teatro\/wp-json\/wp\/v2\/comments?post=3195"}],"version-history":[{"count":8,"href":"https:\/\/cazorla.es\/teatro\/wp-json\/wp\/v2\/pages\/3195\/revisions"}],"predecessor-version":[{"id":3274,"href":"https:\/\/cazorla.es\/teatro\/wp-json\/wp\/v2\/pages\/3195\/revisions\/3274"}],"wp:attachment":[{"href":"https:\/\/cazorla.es\/teatro\/wp-json\/wp\/v2\/media?parent=3195"}],"curies":[{"name":"wp","href":"https:\/\/api.w.org\/{rel}","templated":true}]}}