{"id":1113,"date":"2017-11-21T08:17:17","date_gmt":"2017-11-21T08:17:17","guid":{"rendered":"http:\/\/cazorla.es\/turismo\/?page_id=1113"},"modified":"2018-01-10T13:18:12","modified_gmt":"2018-01-10T13:18:12","slug":"fundacion-gypaetus","status":"publish","type":"page","link":"https:\/\/cazorla.es\/turismo\/fundacion-gypaetus\/","title":{"rendered":"Fundaci\u00f3n Gypaetus"},"content":{"rendered":"<p>[et_pb_section admin_label=\u00bbsection\u00bb][et_pb_row admin_label=\u00bbrow\u00bb][et_pb_column type=\u00bb4_4&#8243;][et_pb_text admin_label=\u00bbTexto\u00bb background_layout=\u00bblight\u00bb text_orientation=\u00bbleft\u00bb use_border_color=\u00bboff\u00bb border_color=\u00bb#ffffff\u00bb border_style=\u00bbsolid\u00bb]<\/p>\n<h1>Fundaci\u00f3n Gypaetus<\/h1>\n<p>[\/et_pb_text][\/et_pb_column][\/et_pb_row][\/et_pb_section][et_pb_section admin_label=\u00bbSecci\u00f3n\u00bb fullwidth=\u00bboff\u00bb specialty=\u00bboff\u00bb][et_pb_row admin_label=\u00bbFila\u00bb][et_pb_column type=\u00bb1_2&#8243;][et_pb_text admin_label=\u00bbTexto\u00bb background_layout=\u00bblight\u00bb text_orientation=\u00bbleft\u00bb use_border_color=\u00bboff\u00bb border_color=\u00bb#ffffff\u00bb border_style=\u00bbsolid\u00bb]<\/p>\n<p class=\"lead\">El Centro Tem\u00e1tico de Especies Amenazadas (Fundaci\u00f3n Gypaetus) situado en el edificio de las Antiguas Carnicer\u00edas, colgado sobre una cascada del r\u00edo Cerezuelo, en la misma monumental Plaza de Santa Mar\u00eda de Cazorla, abre al p\u00fablico unas instalaciones al servicio de la divulgaci\u00f3n de los valores naturales y la propia conservaci\u00f3n de la Naturaleza. <\/p>\n<p class=\"lead\">Entrar\u00e1 en el mundo de las especies amenazadas y sus h\u00e1bitats. Podr\u00e1 ver y o\u00edr al Lince, al Lobo, al \u00c1guila imperial, al Quebrantahuesos&#8230; Y a otras fascinantes criaturas, desconocidas y en serio peligro, como el n\u00f3ctulo gigante, la avutarda, el primilla, el geranio de Cazorla. <\/p>\n<\/p>\n<p class=\"lead\">R\u00e9plicas a tama\u00f1o natural, pantallas, sonidos&#8230;<br \/>\nLea, interaccione y conozca; aprender\u00e1 a buscar en su visita los tesoros de los espacios naturales de nuestra Tierra. Y, desde all\u00ed mismo, con nuestros telescopios, podr\u00e1 observar los nidos de Buitre, Cabras monteses, Halcones y \u00c1guilas de los Farallones rocosos que dan fondo al pueblo de Cazorla.<\/p>\n<p>[\/et_pb_text][\/et_pb_column][et_pb_column type=\u00bb1_2&#8243;][et_pb_image admin_label=\u00bbImagen\u00bb src=\u00bbhttp:\/\/cazorla.es\/turismo\/wp-content\/uploads\/2017\/11\/fundaciongypaetus.gif\u00bb show_in_lightbox=\u00bboff\u00bb url_new_window=\u00bboff\u00bb use_overlay=\u00bboff\u00bb animation=\u00bbleft\u00bb sticky=\u00bboff\u00bb align=\u00bbleft\u00bb force_fullwidth=\u00bboff\u00bb always_center_on_mobile=\u00bbon\u00bb use_border_color=\u00bboff\u00bb border_color=\u00bb#ffffff\u00bb border_style=\u00bbsolid\u00bb]<\/p>\n<p>[\/et_pb_image][\/et_pb_column][\/et_pb_row][et_pb_row admin_label=\u00bbFila\u00bb][et_pb_column type=\u00bb4_4&#8243;][et_pb_text admin_label=\u00bbTexto\u00bb background_layout=\u00bblight\u00bb text_orientation=\u00bbleft\u00bb use_border_color=\u00bboff\u00bb border_color=\u00bb#ffffff\u00bb border_style=\u00bbsolid\u00bb]<\/p>\n<p class=\"lead\"> El Centro Tem\u00e1tico de Especies Amenazadas, cuenta con una completa exposici\u00f3n sobre las especies en peligro de extinci\u00f3n,<br \/>\nentre ellas: <\/p>\n<p>[\/et_pb_text][\/et_pb_column][\/et_pb_row][et_pb_row admin_label=\u00bbFila\u00bb][et_pb_column type=\u00bb1_2&#8243;][et_pb_text admin_label=\u00bbTexto\u00bb background_layout=\u00bblight\u00bb text_orientation=\u00bbleft\u00bb use_border_color=\u00bboff\u00bb border_color=\u00bb#ffffff\u00bb border_style=\u00bbsolid\u00bb]<\/p>\n<p class=\"lead\"> <b>Quebrantahuesos:<\/b> En los a\u00f1os 80 apenas si quedaban algunos reductos de Quebrantahuesos en Europa, y la poblaci\u00f3n pirenaica ser\u00eda la \u00fanica que, gracias a las medidas de conservaci\u00f3n desarrolladas, demostr\u00f3 ser viable. <\/p>\n<p class=\"lead\">El \u00faltimo de los quebrantahuesos andaluces desapareci\u00f3 de la sierra de Cazorla a finales de 1986, a\u00f1o en que fueron declaradas estas sierras como Parque Natural por la Junta de Andaluc\u00eda. Ese mismo a\u00f1o se comenz\u00f3 a trabajar en la reintroducci\u00f3n del quebrantahuesos, siempre siguiendo las recomendaciones de la <a href=\" https:\/\/www.iucn.org\/es\"target=\"_blank\">UICN (Uni\u00f3n Internacional para la Conservaci\u00f3n de la Naturaleza)<\/a>: estudios de viabilidad, sensibilizaci\u00f3n social, control de amenazas. <\/p>\n<p>[\/et_pb_text][\/et_pb_column][et_pb_column type=\u00bb1_2&#8243;][et_pb_image admin_label=\u00bbImagen\u00bb src=\u00bbhttp:\/\/cazorla.es\/turismo\/wp-content\/uploads\/2017\/11\/quebrantahuesos.jpg\u00bb show_in_lightbox=\u00bboff\u00bb url_new_window=\u00bboff\u00bb use_overlay=\u00bboff\u00bb animation=\u00bbleft\u00bb sticky=\u00bboff\u00bb align=\u00bbcenter\u00bb force_fullwidth=\u00bboff\u00bb always_center_on_mobile=\u00bbon\u00bb use_border_color=\u00bboff\u00bb border_color=\u00bb#ffffff\u00bb border_style=\u00bbsolid\u00bb]<\/p>\n<p>[\/et_pb_image][\/et_pb_column][\/et_pb_row][et_pb_row admin_label=\u00bbFila\u00bb][et_pb_column type=\u00bb1_2&#8243;][et_pb_image admin_label=\u00bbImagen\u00bb src=\u00bbhttp:\/\/cazorla.es\/turismo\/wp-content\/uploads\/2017\/11\/buitreleonado.jpg\u00bb show_in_lightbox=\u00bboff\u00bb url_new_window=\u00bboff\u00bb use_overlay=\u00bboff\u00bb animation=\u00bbleft\u00bb sticky=\u00bboff\u00bb align=\u00bbleft\u00bb force_fullwidth=\u00bboff\u00bb always_center_on_mobile=\u00bbon\u00bb use_border_color=\u00bboff\u00bb border_color=\u00bb#ffffff\u00bb border_style=\u00bbsolid\u00bb]<\/p>\n<p>[\/et_pb_image][\/et_pb_column][et_pb_column type=\u00bb1_2&#8243;][et_pb_text admin_label=\u00bbTexto\u00bb background_layout=\u00bblight\u00bb text_orientation=\u00bbleft\u00bb use_border_color=\u00bboff\u00bb border_color=\u00bb#ffffff\u00bb border_style=\u00bbsolid\u00bb]<\/p>\n<p class=\"lead\"><b>Buitre Leonado (Bioindicador):<\/b> El Buitre leonado es una especie que no parece presentar problemas de conservaci\u00f3n. <\/p>\n<p class=\"lead\">Sin embargo, no siempre se dispone de conocimientos suficientes para prever eventualidades futuras. El Buitre Leonado, como ave carro\u00f1era rup\u00edcola, puede ser una especie bioindicadora id\u00f3nea para ubicar amenazas y en la que testar los sistemas de reintroducci\u00f3n del quebrantahuesos.  <\/p>\n<p>[\/et_pb_text][\/et_pb_column][\/et_pb_row][et_pb_row admin_label=\u00bbFila\u00bb][et_pb_column type=\u00bb1_2&#8243;][et_pb_text admin_label=\u00bbTexto\u00bb background_layout=\u00bblight\u00bb text_orientation=\u00bbleft\u00bb use_border_color=\u00bboff\u00bb border_color=\u00bb#ffffff\u00bb border_style=\u00bbsolid\u00bb]<\/p>\n<p class=\"lead\"> <b>Linde Ib\u00e9rico (Poblaciones):<\/b> El lince Ib\u00e9rico es el felino m\u00e1s amenazado del planeta y est\u00e1 catalogado por la UICN \u00aben peligro cr\u00edtico de extinci\u00f3n\u00bb. Andaluc\u00eda tiene las \u00fanicas poblaciones viables del mundo. Los n\u00facleos de Do\u00f1ana y And\u00fajar-Carde\u00f1a cosntituyen los \u00faltimos lugares donde el lince ib\u00e9rico todav\u00eda encuentra h\u00e1bitat bien conservados y alimento de calidad. Actualmente se vienen desarrollando diversas acciones de conservaci\u00f3n englobadas en \u00abLa Conservaci\u00f3n del lince ib\u00e9rico (Lynx pardinus) en Andaluc\u00eda\u00bb. <\/p>\n<p class=\"lead\"> Podr\u00e1n ver la localizaci\u00f3n de este Museo en el Callejero de Cazorla pulsando <a href=\"http:\/\/cazorla.es\/turismo\/wp-content\/uploads\/2018\/01\/CALLEJEROCAZORLA2017.pdf\" target=\"_blank\">aqu\u00ed.<\/a> <\/p>\n<p>[\/et_pb_text][\/et_pb_column][et_pb_column type=\u00bb1_2&#8243;][et_pb_image admin_label=\u00bbImagen\u00bb src=\u00bbhttp:\/\/cazorla.es\/turismo\/wp-content\/uploads\/2017\/11\/linceiberico.jpg\u00bb show_in_lightbox=\u00bboff\u00bb url_new_window=\u00bboff\u00bb use_overlay=\u00bboff\u00bb animation=\u00bbleft\u00bb sticky=\u00bboff\u00bb align=\u00bbleft\u00bb force_fullwidth=\u00bboff\u00bb always_center_on_mobile=\u00bbon\u00bb use_border_color=\u00bboff\u00bb border_color=\u00bb#ffffff\u00bb border_style=\u00bbsolid\u00bb]<\/p>\n<p>[\/et_pb_image][\/et_pb_column][\/et_pb_row][\/et_pb_section]<\/p>\n","protected":false},"excerpt":{"rendered":"<p>Fundaci\u00f3n Gypaetus El Centro Tem\u00e1tico de Especies Amenazadas (Fundaci\u00f3n Gypaetus) situado en el edificio de las Antiguas Carnicer\u00edas, colgado sobre una cascada del r\u00edo Cerezuelo, en la misma monumental Plaza [&hellip;]<\/p>\n","protected":false},"author":2,"featured_media":0,"parent":0,"menu_order":0,"comment_status":"closed","ping_status":"closed","template":"","meta":{"_et_pb_use_builder":"on","_et_pb_old_content":"","_et_gb_content_width":"","footnotes":""},"class_list":["post-1113","page","type-page","status-publish","hentry"],"_links":{"self":[{"href":"https:\/\/cazorla.es\/turismo\/wp-json\/wp\/v2\/pages\/1113","targetHints":{"allow":["GET"]}}],"collection":[{"href":"https:\/\/cazorla.es\/turismo\/wp-json\/wp\/v2\/pages"}],"about":[{"href":"https:\/\/cazorla.es\/turismo\/wp-json\/wp\/v2\/types\/page"}],"author":[{"embeddable":true,"href":"https:\/\/cazorla.es\/turismo\/wp-json\/wp\/v2\/users\/2"}],"replies":[{"embeddable":true,"href":"https:\/\/cazorla.es\/turismo\/wp-json\/wp\/v2\/comments?post=1113"}],"version-history":[{"count":30,"href":"https:\/\/cazorla.es\/turismo\/wp-json\/wp\/v2\/pages\/1113\/revisions"}],"predecessor-version":[{"id":2581,"href":"https:\/\/cazorla.es\/turismo\/wp-json\/wp\/v2\/pages\/1113\/revisions\/2581"}],"wp:attachment":[{"href":"https:\/\/cazorla.es\/turismo\/wp-json\/wp\/v2\/media?parent=1113"}],"curies":[{"name":"wp","href":"https:\/\/api.w.org\/{rel}","templated":true}]}}