{"id":1175,"date":"2017-11-21T11:37:35","date_gmt":"2017-11-21T11:37:35","guid":{"rendered":"http:\/\/cazorla.es\/turismo\/?page_id=1175"},"modified":"2018-01-10T13:27:30","modified_gmt":"2018-01-10T13:27:30","slug":"ruinas-de-santa-maria","status":"publish","type":"page","link":"https:\/\/cazorla.es\/turismo\/ruinas-de-santa-maria\/","title":{"rendered":"Ruinas de Santa Mar\u00eda"},"content":{"rendered":"<p>[et_pb_section admin_label=\u00bbsection\u00bb][et_pb_row admin_label=\u00bbrow\u00bb][et_pb_column type=\u00bb4_4&#8243;][et_pb_text admin_label=\u00bbTexto\u00bb background_layout=\u00bblight\u00bb text_orientation=\u00bbleft\u00bb use_border_color=\u00bboff\u00bb border_color=\u00bb#ffffff\u00bb border_style=\u00bbsolid\u00bb]<\/p>\n<h1> Ruinas de Santa Mar\u00eda <\/h1>\n<p>[\/et_pb_text][\/et_pb_column][\/et_pb_row][\/et_pb_section][et_pb_section admin_label=\u00bbSecci\u00f3n\u00bb fullwidth=\u00bboff\u00bb specialty=\u00bboff\u00bb][et_pb_row admin_label=\u00bbFila\u00bb][et_pb_column type=\u00bb1_2&#8243;][et_pb_text admin_label=\u00bbTexto\u00bb background_layout=\u00bblight\u00bb text_orientation=\u00bbleft\u00bb use_border_color=\u00bboff\u00bb border_color=\u00bb#ffffff\u00bb border_style=\u00bbsolid\u00bb]<\/p>\n<p class=\"lead\">Las Ruinas de Santa Mar\u00eda, fue el monumento m\u00e1s importante del Adelantamiento. Aunque no se conoce con exactitud la fecha de su construcci\u00f3n, parece casi seguro que \u00e9sta se llev\u00f3 a cabo en el siglo XVI. Su estilo es renacentista y muy posiblemente su autor sea Andr\u00e9s de Vandelvira, ya que muchos de sus elementos pueden ser reconocidos en conocidos templos de su autor\u00eda sitos en \u00dabeda. La portada de la fachada que mira hacia la calle de la Hoz es una r\u00e9plica casi exacta de la que se puede admirar en la Iglesia de San Miguel de Ja\u00e9n. <\/p>\n<p class=\"lead\">En cuanto a qui\u00e9n orden\u00f3 su construcci\u00f3n, se duda si la ofra fue sufragada por la iglesia episcopal de Toledo o por los marqueses de Camarasa, que eran Adelantados en aquellos tiempos.<\/p>\n<p class=\"lead\">Est\u00e1 edificada sobre el r\u00edo Cerezuelo, lo que oblig\u00f3 a canalizarlo previamente, que entra en una gran b\u00f3veda bajo el altar mayor, atravesando toda la iglesia, para continuar su curso bajo la Plaza de Santa Mar\u00eda. Es muy probable que el templo no se llegase a concluir completamente y que los serios da\u00f1os causados por la terrible tormenta e inundaci\u00f3n de 1694 contribuyera a dificultar a\u00fan m\u00e1s las posibilidades de finalizarla.\n <\/p>\n<p>[\/et_pb_text][\/et_pb_column][et_pb_column type=\u00bb1_2&#8243;][et_pb_image admin_label=\u00bbImagen\u00bb src=\u00bbhttp:\/\/cazorla.es\/turismo\/wp-content\/uploads\/2017\/11\/ruinassantamaria.jpg\u00bb show_in_lightbox=\u00bboff\u00bb url_new_window=\u00bboff\u00bb use_overlay=\u00bboff\u00bb animation=\u00bbleft\u00bb sticky=\u00bboff\u00bb align=\u00bbleft\u00bb force_fullwidth=\u00bboff\u00bb always_center_on_mobile=\u00bbon\u00bb use_border_color=\u00bboff\u00bb border_color=\u00bb#ffffff\u00bb border_style=\u00bbsolid\u00bb]<\/p>\n<p>[\/et_pb_image][\/et_pb_column][\/et_pb_row][et_pb_row admin_label=\u00bbFila\u00bb][et_pb_column type=\u00bb1_2&#8243;][et_pb_image admin_label=\u00bbImagen\u00bb src=\u00bbhttp:\/\/cazorla.es\/turismo\/wp-content\/uploads\/2017\/11\/ruinasantademaria.jpg\u00bb show_in_lightbox=\u00bboff\u00bb url_new_window=\u00bboff\u00bb use_overlay=\u00bboff\u00bb animation=\u00bbleft\u00bb sticky=\u00bboff\u00bb align=\u00bbleft\u00bb force_fullwidth=\u00bboff\u00bb always_center_on_mobile=\u00bbon\u00bb use_border_color=\u00bboff\u00bb border_color=\u00bb#ffffff\u00bb border_style=\u00bbsolid\u00bb]<\/p>\n<p>[\/et_pb_image][\/et_pb_column][et_pb_column type=\u00bb1_2&#8243;][et_pb_text admin_label=\u00bbTexto\u00bb background_layout=\u00bblight\u00bb text_orientation=\u00bbleft\u00bb use_border_color=\u00bboff\u00bb border_color=\u00bb#ffffff\u00bb border_style=\u00bbsolid\u00bb]<\/p>\n<p class=\"lead\"> <b> Origen: <\/b> <\/p>\n<p class=\"lead\">La iglesia en su origen, de planta de sal\u00f3n, Ruinas de Santa Mar\u00eda. A\u00f1o 1.603 con tres naves que presentan un abside en la cabecera. Sobre el crucero se eleva una c\u00fapula. En 1.694 (2 de junio), tiene lugar la inundaci\u00f3n que destruy\u00f3 parte del templo. Una tormenta desbord\u00f3 las aguas del r\u00edo Cerezuelo, que colapsaron las b\u00f3vedas que pasan por debajo del mismo y le hizo actuar de represa. El diluvio destroz\u00f3 los retablos, y arrastrando fuera del lugar sagrado, im\u00e1genes, ricos ornamentos. <\/p>\n<p>[\/et_pb_text][\/et_pb_column][\/et_pb_row][et_pb_row admin_label=\u00bbFila\u00bb][et_pb_column type=\u00bb1_2&#8243;][et_pb_text admin_label=\u00bbTexto\u00bb background_layout=\u00bblight\u00bb text_orientation=\u00bbleft\u00bb use_border_color=\u00bboff\u00bb border_color=\u00bb#ffffff\u00bb border_style=\u00bbsolid\u00bb]<\/p>\n<p class=\"lead\"><b> Arquitectura: <b><\/b><\/b><\/p>\n<p><b><b> <\/p>\n<p class=\"lead\">Es posible apreciar a\u00fan algunos rasgos de su magn\u00edfica traza renacentista: <\/p>\n<p class=\"lead\"> &#8211; La espl\u00e9ndida b\u00f3veda ba\u00edda del interior de la torre, en la capilla de San Cristobal\u00f3n.<br \/>\n&#8211; La b\u00f3veda de casetones sobre el \u00e1bside y altar mayor.<br \/>\n&#8211; La portada de la fachada norte, abierta hacia la Plaza de Santa Mar\u00eda.<br \/>\n&#8211; La portada de la fachada suroeste o lateral, con arco de medio punto y orden compuesto.<br \/>\n&#8211; Otros elementos son la capilla de la sacrist\u00eda, provista de una s\u00f3lida escalera de caracol y, la equilibrada soluci\u00f3n de paramentos y vanos.<\/p>\n<p>[\/et_pb_text][\/et_pb_column][et_pb_column type=\u00bb1_2&#8243;][et_pb_image admin_label=\u00bbImagen\u00bb src=\u00bbhttp:\/\/cazorla.es\/turismo\/wp-content\/uploads\/2017\/11\/imageni004.jpg\u00bb show_in_lightbox=\u00bboff\u00bb url_new_window=\u00bboff\u00bb use_overlay=\u00bboff\u00bb animation=\u00bbleft\u00bb sticky=\u00bboff\u00bb align=\u00bbleft\u00bb force_fullwidth=\u00bboff\u00bb always_center_on_mobile=\u00bbon\u00bb use_border_color=\u00bboff\u00bb border_color=\u00bb#ffffff\u00bb border_style=\u00bbsolid\u00bb]<\/p>\n<p>[\/et_pb_image][\/et_pb_column][\/et_pb_row][et_pb_row admin_label=\u00bbFila\u00bb][et_pb_column type=\u00bb1_2&#8243;][et_pb_image admin_label=\u00bbImagen\u00bb src=\u00bbhttp:\/\/cazorla.es\/turismo\/wp-content\/uploads\/2017\/11\/imageni005.jpg\u00bb show_in_lightbox=\u00bboff\u00bb url_new_window=\u00bboff\u00bb use_overlay=\u00bboff\u00bb animation=\u00bbleft\u00bb sticky=\u00bboff\u00bb align=\u00bbleft\u00bb force_fullwidth=\u00bboff\u00bb always_center_on_mobile=\u00bbon\u00bb use_border_color=\u00bboff\u00bb border_color=\u00bb#ffffff\u00bb border_style=\u00bbsolid\u00bb]<\/p>\n<p>[\/et_pb_image][\/et_pb_column][et_pb_column type=\u00bb1_2&#8243;][et_pb_text admin_label=\u00bbTexto\u00bb background_layout=\u00bblight\u00bb text_orientation=\u00bbleft\u00bb use_border_color=\u00bboff\u00bb border_color=\u00bb#ffffff\u00bb border_style=\u00bbsolid\u00bb]<\/p>\n<p class=\"lead\"><b> Uso: <\/b> <\/p>\n<p class=\"lead\">Durante la guerra de la Independencia, Corrida de toros en la Plaza de Santa Mar\u00eda. A\u00f1o 1.903 fue incendiada, y fue durante la Guerra Civil cuando adquiri\u00f3 el aspecto que actualmente presenta.<\/p>\n<p class=\"lead\">En los a\u00f1os setenta y ochenta fue utilizado como auditorio para conciertos y representaciones teatrales, ofreciendo un magn\u00edfico marco.<\/p>\n<p class=\"lead\">Durante los a\u00f1os 2009, 2010 sufrio una profunda restauraci\u00f3n en la que se fij\u00f3 toda su estructura, se realiz\u00f3 una profunda limpieza de la piedra y se desarrollo un proyecto de iluminaci\u00f3n tanto interior como exterior del monumento.<\/p>\n<p class=\"lead\">Actualmente el Ayuntamiento de Cazorla tiene fijada la <b> OFICINA MUNICIPAL DE INFORMACI\u00d3N Y TURISMO Y ESPACIO MULTIUSOS <\/b>, donde se realizan conciertos y representaciones. <\/p>\n<p class=\"lead\"> Podr\u00e1n ver la localizaci\u00f3n de este Monumento en el Callejero de Cazorla pulsando <a href=\"http:\/\/cazorla.es\/turismo\/wp-content\/uploads\/2018\/01\/CALLEJEROCAZORLA2017.pdf\"target=\"_blank\">aqu\u00ed.<\/a> <\/p>\n<p>[\/et_pb_text][\/et_pb_column][\/et_pb_row][et_pb_row admin_label=\u00bbFila\u00bb][et_pb_column type=\u00bb4_4&#8243;][et_pb_video admin_label=\u00bbV\u00eddeo\u00bb src=\u00bbhttps:\/\/www.youtube.com\/watch?v=pwxZAFqh9ck\u00bb]<\/p>\n<p>[\/et_pb_video][\/et_pb_column][\/et_pb_row][\/et_pb_section]<\/p>\n","protected":false},"excerpt":{"rendered":"<p>Ruinas de Santa Mar\u00eda Las Ruinas de Santa Mar\u00eda, fue el monumento m\u00e1s importante del Adelantamiento. Aunque no se conoce con exactitud la fecha de su construcci\u00f3n, parece casi seguro [&hellip;]<\/p>\n","protected":false},"author":2,"featured_media":0,"parent":0,"menu_order":0,"comment_status":"closed","ping_status":"closed","template":"","meta":{"_et_pb_use_builder":"on","_et_pb_old_content":"","_et_gb_content_width":"","footnotes":""},"class_list":["post-1175","page","type-page","status-publish","hentry"],"_links":{"self":[{"href":"https:\/\/cazorla.es\/turismo\/wp-json\/wp\/v2\/pages\/1175","targetHints":{"allow":["GET"]}}],"collection":[{"href":"https:\/\/cazorla.es\/turismo\/wp-json\/wp\/v2\/pages"}],"about":[{"href":"https:\/\/cazorla.es\/turismo\/wp-json\/wp\/v2\/types\/page"}],"author":[{"embeddable":true,"href":"https:\/\/cazorla.es\/turismo\/wp-json\/wp\/v2\/users\/2"}],"replies":[{"embeddable":true,"href":"https:\/\/cazorla.es\/turismo\/wp-json\/wp\/v2\/comments?post=1175"}],"version-history":[{"count":13,"href":"https:\/\/cazorla.es\/turismo\/wp-json\/wp\/v2\/pages\/1175\/revisions"}],"predecessor-version":[{"id":2592,"href":"https:\/\/cazorla.es\/turismo\/wp-json\/wp\/v2\/pages\/1175\/revisions\/2592"}],"wp:attachment":[{"href":"https:\/\/cazorla.es\/turismo\/wp-json\/wp\/v2\/media?parent=1175"}],"curies":[{"name":"wp","href":"https:\/\/api.w.org\/{rel}","templated":true}]}}