{"id":1306,"date":"2017-11-22T13:13:05","date_gmt":"2017-11-22T13:13:05","guid":{"rendered":"http:\/\/cazorla.es\/turismo\/?page_id=1306"},"modified":"2018-01-11T07:33:19","modified_gmt":"2018-01-11T07:33:19","slug":"ermita-san-isicio","status":"publish","type":"page","link":"https:\/\/cazorla.es\/turismo\/ermita-san-isicio\/","title":{"rendered":"Ermita San Isicio"},"content":{"rendered":"<p>[et_pb_section admin_label=\u00bbsection\u00bb][et_pb_row admin_label=\u00bbrow\u00bb][et_pb_column type=\u00bb4_4&#8243;][et_pb_text admin_label=\u00bbTexto\u00bb background_layout=\u00bblight\u00bb text_orientation=\u00bbleft\u00bb use_border_color=\u00bboff\u00bb border_color=\u00bb#ffffff\u00bb border_style=\u00bbsolid\u00bb]<\/p>\n<h1> Ermita San Isicio <\/h1>\n<p>[\/et_pb_text][\/et_pb_column][\/et_pb_row][et_pb_row admin_label=\u00bbFila\u00bb][et_pb_column type=\u00bb1_2&#8243;][et_pb_text admin_label=\u00bbTexto\u00bb background_layout=\u00bblight\u00bb text_orientation=\u00bbleft\u00bb use_border_color=\u00bboff\u00bb border_color=\u00bb#ffffff\u00bb border_style=\u00bbsolid\u00bb]<\/p>\n<p class=\"lead\">Es tradici\u00f3n que, all\u00e1, en los albores del cristianismo, uno de los siete Varones Apost\u00f3licos, Hesiguio o Isicio, trajo a Cazorla la luz de la fe y estableci\u00f3 en ella su sede episcopal, por lo que, desde tiempo inmemorial, se le venera como Patr\u00f3n y, el 15 de Mayo de cada a\u00f1o, el pueblo se traslada en procesi\u00f3n hasta la \u00abPedriza\u00bb, lugar donde el Santo fue lapidado y tiene su ermita. <\/p>\n<p>[\/et_pb_text][\/et_pb_column][et_pb_column type=\u00bb1_2&#8243;][et_pb_image admin_label=\u00bbImagen\u00bb show_in_lightbox=\u00bboff\u00bb url_new_window=\u00bboff\u00bb use_overlay=\u00bboff\u00bb animation=\u00bbleft\u00bb sticky=\u00bboff\u00bb align=\u00bbleft\u00bb force_fullwidth=\u00bboff\u00bb always_center_on_mobile=\u00bbon\u00bb use_border_color=\u00bboff\u00bb border_color=\u00bb#ffffff\u00bb border_style=\u00bbsolid\u00bb src=\u00bbhttp:\/\/cazorla.es\/turismo\/wp-content\/uploads\/2017\/11\/sanisicio1.jpg\u00bb]<\/p>\n<p>[\/et_pb_image][\/et_pb_column][\/et_pb_row][et_pb_row admin_label=\u00bbFila\u00bb][et_pb_column type=\u00bb1_2&#8243;][et_pb_image admin_label=\u00bbImagen\u00bb src=\u00bbhttp:\/\/cazorla.es\/turismo\/wp-content\/uploads\/2017\/11\/sanisicio2.jpg\u00bb show_in_lightbox=\u00bboff\u00bb url_new_window=\u00bboff\u00bb use_overlay=\u00bboff\u00bb animation=\u00bbleft\u00bb sticky=\u00bboff\u00bb align=\u00bbleft\u00bb force_fullwidth=\u00bboff\u00bb always_center_on_mobile=\u00bbon\u00bb use_border_color=\u00bboff\u00bb border_color=\u00bb#ffffff\u00bb border_style=\u00bbsolid\u00bb]<\/p>\n<p>[\/et_pb_image][\/et_pb_column][et_pb_column type=\u00bb1_2&#8243;][et_pb_text admin_label=\u00bbTexto\u00bb background_layout=\u00bblight\u00bb text_orientation=\u00bbleft\u00bb use_border_color=\u00bboff\u00bb border_color=\u00bb#ffffff\u00bb border_style=\u00bbsolid\u00bb]<\/p>\n<p class=\"lead\"> El a\u00f1o de 1535, una terrible epidemia de peste diezmaba la poblaci\u00f3n, ocasionando gran cantidad de muertes, tanto en personas como en animales. La situaci\u00f3n era desesperada: los cazorle\u00f1os acudieron a su Patr\u00f3n, San Isicio, y la plaga ces\u00f3. En memoria de semejante portento, los dos cabildos de la villa, el civil y el eclesi\u00e1stico, hicieron voto perpetuo de celebrar, cada a\u00f1o, la fiesta del Santo como d\u00eda de precepto, con liturgia \u00abdoble mayor de primera clase\u00bb. Agrupaci\u00f3n San Isicio. <\/p>\n<p>[\/et_pb_text][\/et_pb_column][\/et_pb_row][et_pb_row admin_label=\u00bbFila\u00bb][et_pb_column type=\u00bb1_2&#8243;][et_pb_text admin_label=\u00bbTexto\u00bb background_layout=\u00bblight\u00bb text_orientation=\u00bbleft\u00bb use_border_color=\u00bboff\u00bb border_color=\u00bb#ffffff\u00bb border_style=\u00bbsolid\u00bb]<\/p>\n<p class=\"lead\">Desde entonces, a\u00f1o tras a\u00f1o, en cumplimiento de esta promesa, la tarde del 14 de Mayo, se trae a San Isicio desde su ermita a la Parroquia; los hortelanos de aquel pago se apresuran a adornarlo con lo mejor que tiene: olorosas rosas de mayo, madreselvas y romero, y, Arriba en la mano del Santo, que bendice, las primeras cerezas y un manojo de ub\u00e9rrimas espigas. Cuando el piadoso cortejo llega al pueblo, ya est\u00e1 iciciada la noche, entonces, un singular espect\u00e1culo se ofrece a los ojos de los romeros: <\/p>\n<p class=\"lead\">MILLARES DE CAPARAZONES DE CARACOL, convertidos en candiles, Estandarte de San Isicio art\u00edsticamente colocados en fachadas y balcones, iluminan la salida de la procesi\u00f3n. Es costumbre secular, que no por antigua deja de sorprender cada a\u00f1o. <\/p>\n<p>[\/et_pb_text][\/et_pb_column][et_pb_column type=\u00bb1_2&#8243;][et_pb_image admin_label=\u00bbImagen\u00bb show_in_lightbox=\u00bboff\u00bb url_new_window=\u00bboff\u00bb use_overlay=\u00bboff\u00bb animation=\u00bbleft\u00bb sticky=\u00bboff\u00bb align=\u00bbleft\u00bb force_fullwidth=\u00bboff\u00bb always_center_on_mobile=\u00bbon\u00bb use_border_color=\u00bboff\u00bb border_color=\u00bb#ffffff\u00bb border_style=\u00bbsolid\u00bb src=\u00bbhttp:\/\/cazorla.es\/turismo\/wp-content\/uploads\/2017\/11\/caracoladas.jpg\u00bb]<\/p>\n<p>[\/et_pb_image][\/et_pb_column][\/et_pb_row][et_pb_row admin_label=\u00bbFila\u00bb][et_pb_column type=\u00bb1_2&#8243;][et_pb_image admin_label=\u00bbImagen\u00bb show_in_lightbox=\u00bboff\u00bb url_new_window=\u00bboff\u00bb use_overlay=\u00bboff\u00bb animation=\u00bbleft\u00bb sticky=\u00bboff\u00bb align=\u00bbleft\u00bb force_fullwidth=\u00bboff\u00bb always_center_on_mobile=\u00bbon\u00bb use_border_color=\u00bboff\u00bb border_color=\u00bb#ffffff\u00bb border_style=\u00bbsolid\u00bb src=\u00bbhttp:\/\/cazorla.es\/turismo\/wp-content\/uploads\/2017\/11\/bailesanisicio.jpg\u00bb]<\/p>\n<p>[\/et_pb_image][\/et_pb_column][et_pb_column type=\u00bb1_2&#8243;][et_pb_text admin_label=\u00bbTexto\u00bb background_layout=\u00bblight\u00bb text_orientation=\u00bbleft\u00bb use_border_color=\u00bboff\u00bb border_color=\u00bb#ffffff\u00bb border_style=\u00bbsolid\u00bb]<\/p>\n<p class=\"lead\">El d\u00eda 15 el Consejo asiste bajo mazas, y la campana \u00abgorda\u00bb del reloj toca incesantemente, hasta que la Corporaci\u00f3n penetra en el templo. En las primeras horas de la tarde, se devuelve el Santo a su ermita. El Ayuntamiento obsequia a los romeros con la t\u00edpica \u00abcuerva\u00bb y los j\u00f3venes enamorados ofrecen a sus prometidas el tradicional \u00abcartucho\u00bb, plet\u00f3rico de confites.<br \/>\nEsa tarde se celebra un baile serrano t\u00edpico en el que participan mujeres vestidas con traje t\u00edpico a la bajada del Santo en la \u00abPlaza Vieja\u00bb y una vez finalizado el Santo es trasladado hacia la Parroquia.  <\/p>\n<p class=\"lead\"> Podr\u00e1n ver la localizaci\u00f3n de esta Ermita en el Callejero de Cazorla pulsando <a href=\"http:\/\/cazorla.es\/turismo\/wp-content\/uploads\/2018\/01\/CALLEJEROCAZORLA2017.pdf\" target=\"_blank\">aqu\u00ed.<\/a> <\/p>\n<p>[\/et_pb_text][\/et_pb_column][\/et_pb_row][et_pb_row admin_label=\u00bbFila\u00bb][et_pb_column type=\u00bb4_4&#8243;][et_pb_video admin_label=\u00bbV\u00eddeo\u00bb src=\u00bbhttps:\/\/www.youtube.com\/watch?v=LrmHTgiQ21I\u00bb]<\/p>\n<p>[\/et_pb_video][\/et_pb_column][\/et_pb_row][\/et_pb_section]<\/p>\n","protected":false},"excerpt":{"rendered":"<p>Ermita San Isicio Es tradici\u00f3n que, all\u00e1, en los albores del cristianismo, uno de los siete Varones Apost\u00f3licos, Hesiguio o Isicio, trajo a Cazorla la luz de la fe y [&hellip;]<\/p>\n","protected":false},"author":2,"featured_media":0,"parent":0,"menu_order":0,"comment_status":"closed","ping_status":"closed","template":"","meta":{"_et_pb_use_builder":"on","_et_pb_old_content":"","_et_gb_content_width":"","footnotes":""},"class_list":["post-1306","page","type-page","status-publish","hentry"],"_links":{"self":[{"href":"https:\/\/cazorla.es\/turismo\/wp-json\/wp\/v2\/pages\/1306","targetHints":{"allow":["GET"]}}],"collection":[{"href":"https:\/\/cazorla.es\/turismo\/wp-json\/wp\/v2\/pages"}],"about":[{"href":"https:\/\/cazorla.es\/turismo\/wp-json\/wp\/v2\/types\/page"}],"author":[{"embeddable":true,"href":"https:\/\/cazorla.es\/turismo\/wp-json\/wp\/v2\/users\/2"}],"replies":[{"embeddable":true,"href":"https:\/\/cazorla.es\/turismo\/wp-json\/wp\/v2\/comments?post=1306"}],"version-history":[{"count":12,"href":"https:\/\/cazorla.es\/turismo\/wp-json\/wp\/v2\/pages\/1306\/revisions"}],"predecessor-version":[{"id":2595,"href":"https:\/\/cazorla.es\/turismo\/wp-json\/wp\/v2\/pages\/1306\/revisions\/2595"}],"wp:attachment":[{"href":"https:\/\/cazorla.es\/turismo\/wp-json\/wp\/v2\/media?parent=1306"}],"curies":[{"name":"wp","href":"https:\/\/api.w.org\/{rel}","templated":true}]}}

<p>[et_pb_section admin_label=»section»][et_pb_row admin_label=»row»][et_pb_column type=»4_4&#8243;][et_pb_text admin_label=»Texto» background_layout=»light» text_orientation=»left» use_border_color=»off» border_color=»#ffffff» border_style=»solid»]</p>
<h1> Ermita San Isicio </h1>
<p>[/et_pb_text][/et_pb_column][/et_pb_row][et_pb_row admin_label=»Fila»][et_pb_column type=»1_2&#8243;][et_pb_text admin_label=»Texto» background_layout=»light» text_orientation=»left» use_border_color=»off» border_color=»#ffffff» border_style=»solid»]</p>
<p class="lead">Es tradición que, allá, en los albores del cristianismo, uno de los siete Varones Apostólicos, Hesiguio o Isicio, trajo a Cazorla la luz de la fe y estableció en ella su sede episcopal, por lo que, desde tiempo inmemorial, se le venera como Patrón y, el 15 de Mayo de cada año, el pueblo se traslada en procesión hasta la «Pedriza», lugar donde el Santo fue lapidado y tiene su ermita. </p>
<p>[/et_pb_text][/et_pb_column][et_pb_column type=»1_2&#8243;][et_pb_image admin_label=»Imagen» show_in_lightbox=»off» url_new_window=»off» use_overlay=»off» animation=»left» sticky=»off» align=»left» force_fullwidth=»off» always_center_on_mobile=»on» use_border_color=»off» border_color=»#ffffff» border_style=»solid» src=»http://cazorla.es/turismo/wp-content/uploads/2017/11/sanisicio1.jpg»]</p>
<p>[/et_pb_image][/et_pb_column][/et_pb_row][et_pb_row admin_label=»Fila»][et_pb_column type=»1_2&#8243;][et_pb_image admin_label=»Imagen» src=»http://cazorla.es/turismo/wp-content/uploads/2017/11/sanisicio2.jpg» show_in_lightbox=»off» url_new_window=»off» use_overlay=»off» animation=»left» sticky=»off» align=»left» force_fullwidth=»off» always_center_on_mobile=»on» use_border_color=»off» border_color=»#ffffff» border_style=»solid»]</p>
<p>[/et_pb_image][/et_pb_column][et_pb_column type=»1_2&#8243;][et_pb_text admin_label=»Texto» background_layout=»light» text_orientation=»left» use_border_color=»off» border_color=»#ffffff» border_style=»solid»]</p>
<p class="lead"> El año de 1535, una terrible epidemia de peste diezmaba la población, ocasionando gran cantidad de muertes, tanto en personas como en animales. La situación era desesperada: los cazorleños acudieron a su Patrón, San Isicio, y la plaga cesó. En memoria de semejante portento, los dos cabildos de la villa, el civil y el eclesiástico, hicieron voto perpetuo de celebrar, cada año, la fiesta del Santo como día de precepto, con liturgia «doble mayor de primera clase». Agrupación San Isicio. </p>
<p>[/et_pb_text][/et_pb_column][/et_pb_row][et_pb_row admin_label=»Fila»][et_pb_column type=»1_2&#8243;][et_pb_text admin_label=»Texto» background_layout=»light» text_orientation=»left» use_border_color=»off» border_color=»#ffffff» border_style=»solid»]</p>
<p class="lead">Desde entonces, año tras año, en cumplimiento de esta promesa, la tarde del 14 de Mayo, se trae a San Isicio desde su ermita a la Parroquia; los hortelanos de aquel pago se apresuran a adornarlo con lo mejor que tiene: olorosas rosas de mayo, madreselvas y romero, y, Arriba en la mano del Santo, que bendice, las primeras cerezas y un manojo de ubérrimas espigas. Cuando el piadoso cortejo llega al pueblo, ya está iciciada la noche, entonces, un singular espectáculo se ofrece a los ojos de los romeros: </p>
<p class="lead">MILLARES DE CAPARAZONES DE CARACOL, convertidos en candiles, Estandarte de San Isicio artísticamente colocados en fachadas y balcones, iluminan la salida de la procesión. Es costumbre secular, que no por antigua deja de sorprender cada año. </p>
<p>[/et_pb_text][/et_pb_column][et_pb_column type=»1_2&#8243;][et_pb_image admin_label=»Imagen» show_in_lightbox=»off» url_new_window=»off» use_overlay=»off» animation=»left» sticky=»off» align=»left» force_fullwidth=»off» always_center_on_mobile=»on» use_border_color=»off» border_color=»#ffffff» border_style=»solid» src=»http://cazorla.es/turismo/wp-content/uploads/2017/11/caracoladas.jpg»]</p>
<p>[/et_pb_image][/et_pb_column][/et_pb_row][et_pb_row admin_label=»Fila»][et_pb_column type=»1_2&#8243;][et_pb_image admin_label=»Imagen» show_in_lightbox=»off» url_new_window=»off» use_overlay=»off» animation=»left» sticky=»off» align=»left» force_fullwidth=»off» always_center_on_mobile=»on» use_border_color=»off» border_color=»#ffffff» border_style=»solid» src=»http://cazorla.es/turismo/wp-content/uploads/2017/11/bailesanisicio.jpg»]</p>
<p>[/et_pb_image][/et_pb_column][et_pb_column type=»1_2&#8243;][et_pb_text admin_label=»Texto» background_layout=»light» text_orientation=»left» use_border_color=»off» border_color=»#ffffff» border_style=»solid»]</p>
<p class="lead">El día 15 el Consejo asiste bajo mazas, y la campana «gorda» del reloj toca incesantemente, hasta que la Corporación penetra en el templo. En las primeras horas de la tarde, se devuelve el Santo a su ermita. El Ayuntamiento obsequia a los romeros con la típica «cuerva» y los jóvenes enamorados ofrecen a sus prometidas el tradicional «cartucho», pletórico de confites.<br />
Esa tarde se celebra un baile serrano típico en el que participan mujeres vestidas con traje típico a la bajada del Santo en la «Plaza Vieja» y una vez finalizado el Santo es trasladado hacia la Parroquia.  </p>
<p class="lead"> Podrán ver la localización de esta Ermita en el Callejero de Cazorla pulsando <a href="http://cazorla.es/turismo/wp-content/uploads/2018/01/CALLEJEROCAZORLA2017.pdf" target="_blank">aquí.</a> </p>
<p>[/et_pb_text][/et_pb_column][/et_pb_row][et_pb_row admin_label=»Fila»][et_pb_column type=»4_4&#8243;][et_pb_video admin_label=»Vídeo» src=»https://www.youtube.com/watch?v=LrmHTgiQ21I»]</p>
<p>[/et_pb_video][/et_pb_column][/et_pb_row][/et_pb_section]</p>

<p>Ermita San Isicio Es tradición que, allá, en los albores del cristianismo, uno de los siete Varones Apostólicos, Hesiguio o Isicio, trajo a Cazorla la luz de la fe y [&hellip;]</p>
