{"id":1486,"date":"2017-11-27T07:17:44","date_gmt":"2017-11-27T07:17:44","guid":{"rendered":"http:\/\/cazorla.es\/turismo\/?page_id=1486"},"modified":"2019-05-09T06:29:29","modified_gmt":"2019-05-09T06:29:29","slug":"gastronomia","status":"publish","type":"page","link":"https:\/\/cazorla.es\/turismo\/gastronomia\/","title":{"rendered":"Gastronom\u00eda"},"content":{"rendered":"<p>[et_pb_section admin_label=\u00bbsection\u00bb][et_pb_row admin_label=\u00bbrow\u00bb][et_pb_column type=\u00bb4_4&#8243;][et_pb_text admin_label=\u00bbTexto\u00bb background_layout=\u00bblight\u00bb text_orientation=\u00bbleft\u00bb use_border_color=\u00bboff\u00bb border_color=\u00bb#ffffff\u00bb border_style=\u00bbsolid\u00bb]<\/p>\n<h1>Gastronom\u00eda<\/h1>\n<p>[\/et_pb_text][\/et_pb_column][\/et_pb_row][et_pb_row admin_label=\u00bbFila\u00bb][et_pb_column type=\u00bb1_2&#8243;][et_pb_text admin_label=\u00bbTexto\u00bb background_layout=\u00bblight\u00bb text_orientation=\u00bbleft\u00bb use_border_color=\u00bboff\u00bb border_color=\u00bb#ffffff\u00bb border_style=\u00bbsolid\u00bb]<\/p>\n<p class=\"lead\">En Cazorla, el af\u00e1n por la cocina tradicional, la dieta mediterr\u00e1nea, las variadas tapas y la comida casera va un paso m\u00e1s all\u00e1.<\/p>\n<p class=\"lead\">En nuestro pueblo, podr\u00e1s adentrarte en un mar de sabores gastron\u00f3micos que est\u00e1, sin duda, a la par que su mar de olivares.<\/p>\n<p class=\"lead\">Decir Cazorla es decir calidad gastron\u00f3mica. En cada establecimiento, en cada restaurante, en cada bar podr\u00e1s probar los platos y tapas t\u00edpicas que definen Cazorla en su faceta alimentaria.<\/p>\n<p>[\/et_pb_text][\/et_pb_column][et_pb_column type=\u00bb1_2&#8243;][et_pb_image admin_label=\u00bbImagen\u00bb src=\u00bbhttp:\/\/cazorla.es\/turismo\/wp-content\/uploads\/2017\/11\/plato-olimpico.jpg\u00bb show_in_lightbox=\u00bboff\u00bb url_new_window=\u00bboff\u00bb use_overlay=\u00bboff\u00bb animation=\u00bbleft\u00bb sticky=\u00bboff\u00bb align=\u00bbleft\u00bb force_fullwidth=\u00bboff\u00bb always_center_on_mobile=\u00bbon\u00bb use_border_color=\u00bboff\u00bb border_color=\u00bb#ffffff\u00bb border_style=\u00bbsolid\u00bb] [\/et_pb_image][\/et_pb_column][\/et_pb_row][et_pb_row admin_label=\u00bbFila\u00bb][et_pb_column type=\u00bb1_2&#8243;][et_pb_image admin_label=\u00bbImagen\u00bb show_in_lightbox=\u00bboff\u00bb url_new_window=\u00bboff\u00bb use_overlay=\u00bboff\u00bb animation=\u00bbleft\u00bb sticky=\u00bboff\u00bb align=\u00bbleft\u00bb force_fullwidth=\u00bboff\u00bb always_center_on_mobile=\u00bbon\u00bb use_border_color=\u00bboff\u00bb border_color=\u00bb#ffffff\u00bb border_style=\u00bbsolid\u00bb src=\u00bbhttp:\/\/cazorla.es\/turismo\/wp-content\/uploads\/2017\/11\/aperitivo-careta.jpg\u00bb] [\/et_pb_image][\/et_pb_column][et_pb_column type=\u00bb1_2&#8243;][et_pb_text admin_label=\u00bbTexto\u00bb background_layout=\u00bblight\u00bb text_orientation=\u00bbleft\u00bb use_border_color=\u00bboff\u00bb border_color=\u00bb#ffffff\u00bb border_style=\u00bbsolid\u00bb]<\/p>\n<p class=\"lead\">En esta secci\u00f3n o apartado conocer\u00e1s la cocina tradicional de Cazorla, sus platos t\u00edpicos e ingredientes, no solo para probarlos, sino para que all\u00e1 de donde vengas visitante, puedas llevarte el magn\u00edfico sabor de los platos Cazorle\u00f1os y prepararlos para sus conocidos y conocidas.<\/p>\n<p>[\/et_pb_text][\/et_pb_column][\/et_pb_row][et_pb_row admin_label=\u00bbFila\u00bb][et_pb_column type=\u00bb1_2&#8243;][et_pb_text admin_label=\u00bbTexto\u00bb background_layout=\u00bblight\u00bb text_orientation=\u00bbleft\u00bb use_border_color=\u00bboff\u00bb border_color=\u00bb#ffffff\u00bb border_style=\u00bbsolid\u00bb]<\/p>\n<p class=\"lead\">Sus bares y restaurantes m\u00e1s emblem\u00e1ticos, en los cuales el abanico de aperitivos y sabores va desde tapas cl\u00e1sicas como \u00abEl higadillo\u00bb o \u00abLa caretilla\u00bb a la cocina m\u00e1s moderna con tapas como \u00abMorcilla con compota de manzana\u00bb.<\/p>\n<p>[\/et_pb_text][\/et_pb_column][et_pb_column type=\u00bb1_2&#8243;][et_pb_image admin_label=\u00bbImagen\u00bb src=\u00bbhttp:\/\/cazorla.es\/turismo\/wp-content\/uploads\/2017\/11\/morcilla.png\u00bb show_in_lightbox=\u00bboff\u00bb url_new_window=\u00bboff\u00bb use_overlay=\u00bboff\u00bb animation=\u00bbleft\u00bb sticky=\u00bboff\u00bb align=\u00bbleft\u00bb force_fullwidth=\u00bboff\u00bb always_center_on_mobile=\u00bbon\u00bb use_border_color=\u00bboff\u00bb border_color=\u00bb#ffffff\u00bb border_style=\u00bbsolid\u00bb] [\/et_pb_image][\/et_pb_column][\/et_pb_row][et_pb_row admin_label=\u00bbFila\u00bb][et_pb_column type=\u00bb1_2&#8243;][et_pb_image admin_label=\u00bbImagen\u00bb src=\u00bbhttp:\/\/cazorla.es\/turismo\/wp-content\/uploads\/2016\/04\/3.png\u00bb show_in_lightbox=\u00bboff\u00bb url_new_window=\u00bboff\u00bb use_overlay=\u00bboff\u00bb animation=\u00bbleft\u00bb sticky=\u00bboff\u00bb align=\u00bbleft\u00bb force_fullwidth=\u00bboff\u00bb always_center_on_mobile=\u00bbon\u00bb use_border_color=\u00bboff\u00bb border_color=\u00bb#ffffff\u00bb border_style=\u00bbsolid\u00bb] [\/et_pb_image][\/et_pb_column][et_pb_column type=\u00bb1_2&#8243;][et_pb_text admin_label=\u00bbTexto\u00bb background_layout=\u00bblight\u00bb text_orientation=\u00bbleft\u00bb use_border_color=\u00bboff\u00bb border_color=\u00bb#ffffff\u00bb border_style=\u00bbsolid\u00bb]<\/p>\n<p class=\"lead\">Gachamiga, Migas, Pipirrana, Cordero Segure\u00f1o, RinRan, Pisto, Huevos a la Cazorle\u00f1a&#8230;.<br \/>\nUn sin fin de ingredientes y sabores que dar\u00e1n vida a los platos.<\/p>\n<p class=\"lead\">Pulsen en cada una de las palabras coloreadas en rojo para acceder a cada categor\u00eda;<\/p>\n<p class=\"lead\"><a href=\"http:\/\/cazorla.es\/turismo\/cocina-tipica\/\">Cocina T\u00edpica<\/a>, <a href=\"http:\/\/cazorla.es\/turismo\/tapas\/\">Tapas<\/a>, <a href=\"http:\/\/cazorla.es\/turismo\/restaurantes\/\">Restaurantes<\/a>, <a href=\"http:\/\/cazorla.es\/turismo\/recetario\/\">Recetario<\/a>, <a href=\"http:\/\/cazorla.es\/turismo\/gastronomia_serrana\/\">Gastronom\u00eda Serrana<\/a>\u00a0y <a href=\"http:\/\/cazorla.es\/turismo\/copas_cazorla\">tomar una copa<\/a>.<\/p>\n<p>[\/et_pb_text][\/et_pb_column][\/et_pb_row][et_pb_row admin_label=\u00bbFila\u00bb][et_pb_column type=\u00bb4_4&#8243;][et_pb_video admin_label=\u00bbV\u00eddeo\u00bb src=\u00bbhttps:\/\/www.youtube.com\/watch?v=rl00efoLnmk\u00bb] [\/et_pb_video][\/et_pb_column][\/et_pb_row][\/et_pb_section]<\/p>\n","protected":false},"excerpt":{"rendered":"<p>Gastronom\u00eda En Cazorla, el af\u00e1n por la cocina tradicional, la dieta mediterr\u00e1nea, las variadas tapas y la comida casera va un paso m\u00e1s all\u00e1. En nuestro pueblo, podr\u00e1s adentrarte en [&hellip;]<\/p>\n","protected":false},"author":2,"featured_media":0,"parent":0,"menu_order":0,"comment_status":"closed","ping_status":"closed","template":"","meta":{"_et_pb_use_builder":"on","_et_pb_old_content":"","_et_gb_content_width":"","footnotes":""},"class_list":["post-1486","page","type-page","status-publish","hentry"],"_links":{"self":[{"href":"https:\/\/cazorla.es\/turismo\/wp-json\/wp\/v2\/pages\/1486","targetHints":{"allow":["GET"]}}],"collection":[{"href":"https:\/\/cazorla.es\/turismo\/wp-json\/wp\/v2\/pages"}],"about":[{"href":"https:\/\/cazorla.es\/turismo\/wp-json\/wp\/v2\/types\/page"}],"author":[{"embeddable":true,"href":"https:\/\/cazorla.es\/turismo\/wp-json\/wp\/v2\/users\/2"}],"replies":[{"embeddable":true,"href":"https:\/\/cazorla.es\/turismo\/wp-json\/wp\/v2\/comments?post=1486"}],"version-history":[{"count":13,"href":"https:\/\/cazorla.es\/turismo\/wp-json\/wp\/v2\/pages\/1486\/revisions"}],"predecessor-version":[{"id":3293,"href":"https:\/\/cazorla.es\/turismo\/wp-json\/wp\/v2\/pages\/1486\/revisions\/3293"}],"wp:attachment":[{"href":"https:\/\/cazorla.es\/turismo\/wp-json\/wp\/v2\/media?parent=1486"}],"curies":[{"name":"wp","href":"https:\/\/api.w.org\/{rel}","templated":true}]}}