{"id":1510,"date":"2017-11-28T08:26:58","date_gmt":"2017-11-28T08:26:58","guid":{"rendered":"http:\/\/cazorla.es\/turismo\/?page_id=1510"},"modified":"2018-01-11T07:34:42","modified_gmt":"2018-01-11T07:34:42","slug":"ermita-de-san-sebastian","status":"publish","type":"page","link":"https:\/\/cazorla.es\/turismo\/ermita-de-san-sebastian\/","title":{"rendered":"Ermita de San Sebasti\u00e1n"},"content":{"rendered":"<p>[et_pb_section admin_label=\u00bbsection\u00bb][et_pb_row admin_label=\u00bbrow\u00bb][et_pb_column type=\u00bb4_4&#8243;][et_pb_text admin_label=\u00bbTexto\u00bb background_layout=\u00bblight\u00bb text_orientation=\u00bbleft\u00bb use_border_color=\u00bboff\u00bb border_color=\u00bb#ffffff\u00bb border_style=\u00bbsolid\u00bb]<\/p>\n<h1> Ermita de San Sebasti\u00e1n <\/h1>\n<p>[\/et_pb_text][\/et_pb_column][\/et_pb_row][et_pb_row admin_label=\u00bbFila\u00bb][et_pb_column type=\u00bb1_2&#8243;][et_pb_text admin_label=\u00bbTexto\u00bb background_layout=\u00bblight\u00bb text_orientation=\u00bbleft\u00bb use_border_color=\u00bboff\u00bb border_color=\u00bb#ffffff\u00bb border_style=\u00bbsolid\u00bb]<\/p>\n<p class=\"lead\">La Ermita de San Sebasti\u00e1n, junto con el posible humilladero de  la ermita del \u00c1ngel, es la mas antigua muestra de la arquitectura religiosa dedicada a santos a trav\u00e9s de ermitas. San Sebasti\u00e1n  es una ermita aguas arriba del r\u00edo de Cazorla cercano al lugar conocido como Nacelrio. Se encuentra construida sobre un cerro dominante y mira a Cazorla desde el sur, pasando a su lado otro de los caminos que se dirigen a la sierra siguiendo la ribera izquierda del r\u00edo.<\/p>\n<p>[\/et_pb_text][\/et_pb_column][et_pb_column type=\u00bb1_2&#8243;][et_pb_image admin_label=\u00bbImagen\u00bb src=\u00bbhttp:\/\/cazorla.es\/turismo\/wp-content\/uploads\/2017\/11\/ermitasansebastian-1.jpg\u00bb show_in_lightbox=\u00bboff\u00bb url_new_window=\u00bboff\u00bb use_overlay=\u00bboff\u00bb animation=\u00bbleft\u00bb sticky=\u00bboff\u00bb align=\u00bbleft\u00bb force_fullwidth=\u00bboff\u00bb always_center_on_mobile=\u00bbon\u00bb use_border_color=\u00bboff\u00bb border_color=\u00bb#ffffff\u00bb border_style=\u00bbsolid\u00bb]<\/p>\n<p>[\/et_pb_image][\/et_pb_column][\/et_pb_row][et_pb_row admin_label=\u00bbFila\u00bb][et_pb_column type=\u00bb1_2&#8243;][et_pb_image admin_label=\u00bbImagen\u00bb src=\u00bbhttp:\/\/cazorla.es\/turismo\/wp-content\/uploads\/2017\/11\/ermitasansebastian2.jpg\u00bb show_in_lightbox=\u00bboff\u00bb url_new_window=\u00bboff\u00bb use_overlay=\u00bboff\u00bb animation=\u00bbleft\u00bb sticky=\u00bboff\u00bb align=\u00bbleft\u00bb force_fullwidth=\u00bboff\u00bb always_center_on_mobile=\u00bbon\u00bb use_border_color=\u00bboff\u00bb border_color=\u00bb#ffffff\u00bb border_style=\u00bbsolid\u00bb]<\/p>\n<p>[\/et_pb_image][\/et_pb_column][et_pb_column type=\u00bb1_2&#8243;][et_pb_text admin_label=\u00bbTexto\u00bb background_layout=\u00bblight\u00bb text_orientation=\u00bbleft\u00bb use_border_color=\u00bboff\u00bb border_color=\u00bb#ffffff\u00bb border_style=\u00bbsolid\u00bb]<\/p>\n<p class=\"lead\">Su planta es rectangular y construida en sentido E-OE. Su fachada principal es lateral, la del lado norte, desde la que mira a Cazorla. Esta fachada presenta un solo vano con arco apuntado. La construcci\u00f3n es de una sola altura y en su fachada oeste haciendo esquina con el lateral norte, se levanta una peque\u00f1a y hermosa torre campanario.<br \/>\nEl paramento oeste, es posiblemente el mas alterado insinu\u00e1ndose un peque\u00f1o vano que servir\u00eda de tragaluz a la Ermita.\n<\/p>\n<p class=\"lead\"> Podr\u00e1n ver la localizaci\u00f3n de esta Ermita en el Callejero de Cazorla pulsando <a href=\"http:\/\/cazorla.es\/turismo\/wp-content\/uploads\/2018\/01\/CALLEJEROCAZORLA2017.pdf\" target=\"_blank\">aqu\u00ed.<\/a> <\/p>\n<p>El interior presenta una sola altura y cubierta por una  b\u00f3veda de medio ca\u00f1\u00f3n ligeramente apuntada.<br \/>\nSobre esta b\u00f3veda se levanta el tejado obra reciente y no acabada. Todav\u00eda en su interior se observan los restos de su altar retablo. <\/p>\n<p>[\/et_pb_text][\/et_pb_column][\/et_pb_row][\/et_pb_section]<\/p>\n","protected":false},"excerpt":{"rendered":"<p>Ermita de San Sebasti\u00e1n La Ermita de San Sebasti\u00e1n, junto con el posible humilladero de la ermita del \u00c1ngel, es la mas antigua muestra de la arquitectura religiosa dedicada a [&hellip;]<\/p>\n","protected":false},"author":2,"featured_media":0,"parent":0,"menu_order":0,"comment_status":"closed","ping_status":"closed","template":"","meta":{"_et_pb_use_builder":"on","_et_pb_old_content":"","_et_gb_content_width":"","footnotes":""},"class_list":["post-1510","page","type-page","status-publish","hentry"],"_links":{"self":[{"href":"https:\/\/cazorla.es\/turismo\/wp-json\/wp\/v2\/pages\/1510","targetHints":{"allow":["GET"]}}],"collection":[{"href":"https:\/\/cazorla.es\/turismo\/wp-json\/wp\/v2\/pages"}],"about":[{"href":"https:\/\/cazorla.es\/turismo\/wp-json\/wp\/v2\/types\/page"}],"author":[{"embeddable":true,"href":"https:\/\/cazorla.es\/turismo\/wp-json\/wp\/v2\/users\/2"}],"replies":[{"embeddable":true,"href":"https:\/\/cazorla.es\/turismo\/wp-json\/wp\/v2\/comments?post=1510"}],"version-history":[{"count":6,"href":"https:\/\/cazorla.es\/turismo\/wp-json\/wp\/v2\/pages\/1510\/revisions"}],"predecessor-version":[{"id":2597,"href":"https:\/\/cazorla.es\/turismo\/wp-json\/wp\/v2\/pages\/1510\/revisions\/2597"}],"wp:attachment":[{"href":"https:\/\/cazorla.es\/turismo\/wp-json\/wp\/v2\/media?parent=1510"}],"curies":[{"name":"wp","href":"https:\/\/api.w.org\/{rel}","templated":true}]}}