{"id":2931,"date":"2018-07-19T16:44:13","date_gmt":"2018-07-19T16:44:13","guid":{"rendered":"http:\/\/cazorla.es\/turismo\/?page_id=2931"},"modified":"2023-11-30T16:47:19","modified_gmt":"2023-11-30T16:47:19","slug":"lavanderas-rio-cerezuelo","status":"publish","type":"page","link":"https:\/\/cazorla.es\/turismo\/lavanderas-rio-cerezuelo\/","title":{"rendered":"Lavanderas R\u00edo Cerezuelo"},"content":{"rendered":"<p>[et_pb_section fb_built=\u00bb1&#8243; admin_label=\u00bbsection\u00bb _builder_version=\u00bb4.16&#8243; global_colors_info=\u00bb{}\u00bb][et_pb_row admin_label=\u00bbrow\u00bb _builder_version=\u00bb4.16&#8243; background_size=\u00bbinitial\u00bb background_position=\u00bbtop_left\u00bb background_repeat=\u00bbrepeat\u00bb global_colors_info=\u00bb{}\u00bb][et_pb_column type=\u00bb4_4&#8243; _builder_version=\u00bb4.16&#8243; custom_padding=\u00bb|||\u00bb global_colors_info=\u00bb{}\u00bb custom_padding__hover=\u00bb|||\u00bb][et_pb_text admin_label=\u00bbTexto\u00bb _builder_version=\u00bb4.16&#8243; background_size=\u00bbinitial\u00bb background_position=\u00bbtop_left\u00bb background_repeat=\u00bbrepeat\u00bb use_border_color=\u00bboff\u00bb border_color=\u00bb#ffffff\u00bb border_style=\u00bbsolid\u00bb global_colors_info=\u00bb{}\u00bb]<\/p>\n<h2 style=\"text-align: center;\"><strong>LAVANDERAS EN EL R\u00cdO CEREZUELO<\/strong><\/h2>\n<p><img loading=\"lazy\" decoding=\"async\" class=\"alignnone size-medium wp-image-2905 aligncenter\" src=\"http:\/\/cazorla.es\/turismo\/wp-content\/uploads\/2018\/07\/02-300x298.jpg\" alt=\"02\" width=\"300\" height=\"298\" srcset=\"https:\/\/cazorla.es\/turismo\/wp-content\/uploads\/2018\/07\/02-300x298.jpg 300w, https:\/\/cazorla.es\/turismo\/wp-content\/uploads\/2018\/07\/02-150x150.jpg 150w, https:\/\/cazorla.es\/turismo\/wp-content\/uploads\/2018\/07\/02-768x762.jpg 768w, https:\/\/cazorla.es\/turismo\/wp-content\/uploads\/2018\/07\/02-1024x1016.jpg 1024w, https:\/\/cazorla.es\/turismo\/wp-content\/uploads\/2018\/07\/02-1080x1071.jpg 1080w, https:\/\/cazorla.es\/turismo\/wp-content\/uploads\/2018\/07\/02.jpg 1130w\" sizes=\"(max-width: 300px) 100vw, 300px\" \/>Tradicionalmente, el rio se ha asociado como una \u201cfuente de vida\u201d para el ser humano. Adem\u00e1s de todos los usos aplicados al consumo, riego o el movimiento de molinos en la ribera, en el rio de la Vega o rio Cerezuelo, que mana de \u201cNacelr\u00edo\u201d, fue com\u00fanmente utilizado por las mujeres para el lavado de ropa y telas. Incluso en los a\u00f1os 60 y 70, muchas mujeres todav\u00eda utilizaban el rio para lavar ropa, dada la escasez de recursos que los hogares cazorle\u00f1os padecieron durante la Espa\u00f1a de posguerra.<\/p>\n<p><img loading=\"lazy\" decoding=\"async\" class=\"alignnone size-medium wp-image-2872 aligncenter\" src=\"http:\/\/cazorla.es\/turismo\/wp-content\/uploads\/2018\/07\/2-Lavanderas-en-el-Rio-Cerezuelo-215x300.jpg\" alt=\"2 - Lavanderas en el Rio Cerezuelo\" width=\"215\" height=\"300\" srcset=\"https:\/\/cazorla.es\/turismo\/wp-content\/uploads\/2018\/07\/2-Lavanderas-en-el-Rio-Cerezuelo-215x300.jpg 215w, https:\/\/cazorla.es\/turismo\/wp-content\/uploads\/2018\/07\/2-Lavanderas-en-el-Rio-Cerezuelo.jpg 735w\" sizes=\"(max-width: 215px) 100vw, 215px\" \/><\/p>\n<p style=\"text-align: center;\">\u00a0\u00a0\u00a0\u00a0\u00a0\u00a0\u00a0\u00a0\u00a0\u00a0\u00a0 El lavado tradicional se realizaba sobre una piedra con pliegues, en la que su parte baja se introduc\u00eda en el agua, y con jab\u00f3n casero se frotaba la ropa en la piedra para su lavado. En ocasiones, tambi\u00e9n se utilizaban zonas del rio como secadero de telas y vestimentas. El acceso a agua en los hogares, convirti\u00f3 estas piedras de lavado a \u201clavaderos\u201d o \u201cpilas\u201d en el interior de las casas cazorle\u00f1as, que aun se usan y en otras se mantienen como un recuerdo del pasado.<\/p>\n<p style=\"text-align: center;\"><strong><em>Texto de Javier Sevilla Mart\u00ednez<\/em><\/strong><\/p>\n<p>[\/et_pb_text][\/et_pb_column][\/et_pb_row][et_pb_row admin_label=\u00bbFila\u00bb _builder_version=\u00bb4.16&#8243; background_size=\u00bbinitial\u00bb background_position=\u00bbtop_left\u00bb background_repeat=\u00bbrepeat\u00bb global_colors_info=\u00bb{}\u00bb][et_pb_column type=\u00bb4_4&#8243; _builder_version=\u00bb4.16&#8243; custom_padding=\u00bb|||\u00bb global_colors_info=\u00bb{}\u00bb custom_padding__hover=\u00bb|||\u00bb][et_pb_text admin_label=\u00bbTexto\u00bb _builder_version=\u00bb4.16&#8243; background_size=\u00bbinitial\u00bb background_position=\u00bbtop_left\u00bb background_repeat=\u00bbrepeat\u00bb text_orientation=\u00bbcenter\u00bb module_alignment=\u00bbcenter\u00bb use_border_color=\u00bboff\u00bb border_color=\u00bb#ffffff\u00bb border_style=\u00bbsolid\u00bb global_colors_info=\u00bb{}\u00bb]<\/p>\n<p style=\"text-align: center;\"><strong><em>Aqu\u00ed puedes encontrar su ubicaci\u00f3n en el municipio:<\/em><\/strong><\/p>\n<p>[\/et_pb_text][et_pb_code admin_label=\u00bbC\u00f3digo\u00bb _builder_version=\u00bb4.23.1&#8243; hover_enabled=\u00bb0&#8243; global_colors_info=\u00bb{}\u00bb sticky_enabled=\u00bb0&#8243;]<iframe loading=\"lazy\" src=\"https:\/\/www.google.com\/maps\/d\/embed?mid=1o1Y8KshwT-Z_oeCDKzFd-0qDaBnTrzdZ\" width=\"900\" height=\"600\"><\/iframe>[\/et_pb_code][\/et_pb_column][\/et_pb_row][\/et_pb_section]<\/p>\n","protected":false},"excerpt":{"rendered":"<p>LAVANDERAS EN EL R\u00cdO CEREZUELO Tradicionalmente, el rio se ha asociado como una \u201cfuente de vida\u201d para el ser humano. Adem\u00e1s de todos los usos aplicados al consumo, riego o [&hellip;]<\/p>\n","protected":false},"author":2,"featured_media":0,"parent":0,"menu_order":0,"comment_status":"closed","ping_status":"closed","template":"","meta":{"_et_pb_use_builder":"on","_et_pb_old_content":"","_et_gb_content_width":"","footnotes":""},"class_list":["post-2931","page","type-page","status-publish","hentry"],"_links":{"self":[{"href":"https:\/\/cazorla.es\/turismo\/wp-json\/wp\/v2\/pages\/2931","targetHints":{"allow":["GET"]}}],"collection":[{"href":"https:\/\/cazorla.es\/turismo\/wp-json\/wp\/v2\/pages"}],"about":[{"href":"https:\/\/cazorla.es\/turismo\/wp-json\/wp\/v2\/types\/page"}],"author":[{"embeddable":true,"href":"https:\/\/cazorla.es\/turismo\/wp-json\/wp\/v2\/users\/2"}],"replies":[{"embeddable":true,"href":"https:\/\/cazorla.es\/turismo\/wp-json\/wp\/v2\/comments?post=2931"}],"version-history":[{"count":3,"href":"https:\/\/cazorla.es\/turismo\/wp-json\/wp\/v2\/pages\/2931\/revisions"}],"predecessor-version":[{"id":5121,"href":"https:\/\/cazorla.es\/turismo\/wp-json\/wp\/v2\/pages\/2931\/revisions\/5121"}],"wp:attachment":[{"href":"https:\/\/cazorla.es\/turismo\/wp-json\/wp\/v2\/media?parent=2931"}],"curies":[{"name":"wp","href":"https:\/\/api.w.org\/{rel}","templated":true}]}}