{"id":2951,"date":"2018-07-19T17:16:42","date_gmt":"2018-07-19T17:16:42","guid":{"rendered":"http:\/\/cazorla.es\/turismo\/?page_id=2951"},"modified":"2018-07-20T12:06:23","modified_gmt":"2018-07-20T12:06:23","slug":"explotaciones-forestales","status":"publish","type":"page","link":"https:\/\/cazorla.es\/turismo\/explotaciones-forestales\/","title":{"rendered":"Explotaciones Forestales"},"content":{"rendered":"<p>[et_pb_section admin_label=\u00bbsection\u00bb][et_pb_row admin_label=\u00bbrow\u00bb][et_pb_column type=\u00bb4_4&#8243;][et_pb_text admin_label=\u00bbTexto\u00bb background_layout=\u00bblight\u00bb text_orientation=\u00bbleft\u00bb use_border_color=\u00bboff\u00bb border_color=\u00bb#ffffff\u00bb border_style=\u00bbsolid\u00bb]<\/p>\n<h2 style=\"text-align: center;\"><strong>EXPLOTACIONES FORESTALES (RENFE)<\/strong><\/h2>\n<p style=\"text-align: center;\"><img loading=\"lazy\" decoding=\"async\" class=\"alignnone size-medium wp-image-2911\" src=\"http:\/\/cazorla.es\/turismo\/wp-content\/uploads\/2018\/07\/08-300x211.jpg\" alt=\"08\" width=\"300\" height=\"211\" srcset=\"https:\/\/cazorla.es\/turismo\/wp-content\/uploads\/2018\/07\/08-300x211.jpg 300w, https:\/\/cazorla.es\/turismo\/wp-content\/uploads\/2018\/07\/08-768x540.jpg 768w, https:\/\/cazorla.es\/turismo\/wp-content\/uploads\/2018\/07\/08-1024x720.jpg 1024w, https:\/\/cazorla.es\/turismo\/wp-content\/uploads\/2018\/07\/08-1080x759.jpg 1080w, https:\/\/cazorla.es\/turismo\/wp-content\/uploads\/2018\/07\/08.jpg 1772w\" sizes=\"(max-width: 300px) 100vw, 300px\" \/><\/p>\n<p style=\"text-align: center;\">Las reformas que Enrique Mackay realiz\u00f3 en el ordenamiento de la Sierra de Cazorla fueron muy importantes para su perduraci\u00f3n y la visi\u00f3n que tenemos hoy de ella. En 1942, a consecuencia de la dificultad de obtener madera de fuera del pa\u00eds por el aislamiento internacional, la reci\u00e9n creada RENFE fund\u00f3 \u201c<em>Explotaciones Forestales<\/em>\u201d, para el trabajo de la masa forestal destinada a las nuevas v\u00edas ferroviarias. Durante toda la d\u00e9cada de los 40 y los 50, las Sierras de Cazorla y Segura se convirtieron en el principal productor de madera para v\u00edas ferroviarias en Espa\u00f1a.<\/p>\n<p style=\"text-align: center;\"><img loading=\"lazy\" decoding=\"async\" class=\"alignnone size-medium wp-image-2878\" src=\"http:\/\/cazorla.es\/turismo\/wp-content\/uploads\/2018\/07\/8-Explotaciones-forestales-215x300.jpg\" alt=\"8 - Explotaciones forestales\" width=\"215\" height=\"300\" srcset=\"https:\/\/cazorla.es\/turismo\/wp-content\/uploads\/2018\/07\/8-Explotaciones-forestales-215x300.jpg 215w, https:\/\/cazorla.es\/turismo\/wp-content\/uploads\/2018\/07\/8-Explotaciones-forestales.jpg 735w\" sizes=\"(max-width: 215px) 100vw, 215px\" \/><\/p>\n<p style=\"text-align: center;\">\u00a0\u00a0\u00a0\u00a0\u00a0\u00a0\u00a0\u00a0\u00a0\u00a0\u00a0 En los a\u00f1os 50 se instal\u00f3 una moderna serrer\u00eda el\u00e9ctrica en Vadillo-Castril, cre\u00e1ndose para su funcionamiento la central hidroel\u00e9ctrica en la Cerrada del Utrero. Con este paso, se acabar\u00eda centralizando las labores de transformaci\u00f3n de la madera en este peque\u00f1o n\u00facleo forestal. La madera producida era enviada en muchos casos, v\u00eda transporte terrestre o fluvial, hasta el aserradero de la estaci\u00f3n Linares-Baeza.<\/p>\n<p style=\"text-align: center;\">\u00a0\u00a0\u00a0\u00a0\u00a0\u00a0\u00a0\u00a0\u00a0\u00a0\u00a0 El cese de la actividad <em>Explotaciones Forestales<\/em> se produjo poco despu\u00e9s de la creaci\u00f3n del Parque Natural de las Sierras de Cazorla, Segura y Las Villas en 1986. Muchas de las v\u00edas de saca que <em>Explotaciones Forestales<\/em> aprovechaba, hoy sirven como caminos y sendas forestales. Otro legado que dej\u00f3, fue la creaci\u00f3n en Vadillo-Castril de la Escuela de Capataces, hoy Centro de Capacitaci\u00f3n y Experimentaci\u00f3n Forestal.<\/p>\n<p style=\"text-align: center;\"><em>Texto de Javier Sevilla Mart\u00ednez<\/em><\/p>\n<p>[\/et_pb_text][\/et_pb_column][\/et_pb_row][et_pb_row admin_label=\u00bbFila\u00bb][et_pb_column type=\u00bb4_4&#8243;][et_pb_text admin_label=\u00bbTexto\u00bb background_layout=\u00bblight\u00bb text_orientation=\u00bbcenter\u00bb use_border_color=\u00bboff\u00bb border_color=\u00bb#ffffff\u00bb border_style=\u00bbsolid\u00bb]<\/p>\n<p style=\"text-align: center;\"><strong><em>Aqu\u00ed puedes encontrar su ubicaci\u00f3n en el municipio:<\/em><\/strong><\/p>\n<p>[\/et_pb_text][et_pb_code admin_label=\u00bbC\u00f3digo\u00bb]&lt;iframe src=\u00bbhttps:\/\/www.google.com\/maps\/d\/embed?mid=1ZorM6Im-9zm7VGLP2f5CF2QXc_r2qWkD\u00bb width=\u00bb900&#8243; height=\u00bb600&#8243;&gt;&lt;\/iframe&gt;[\/et_pb_code][\/et_pb_column][\/et_pb_row][\/et_pb_section]<\/p>\n","protected":false},"excerpt":{"rendered":"<p>EXPLOTACIONES FORESTALES (RENFE) Las reformas que Enrique Mackay realiz\u00f3 en el ordenamiento de la Sierra de Cazorla fueron muy importantes para su perduraci\u00f3n y la visi\u00f3n que tenemos hoy de [&hellip;]<\/p>\n","protected":false},"author":2,"featured_media":0,"parent":0,"menu_order":0,"comment_status":"closed","ping_status":"closed","template":"","meta":{"_et_pb_use_builder":"on","_et_pb_old_content":"","_et_gb_content_width":"","footnotes":""},"class_list":["post-2951","page","type-page","status-publish","hentry"],"_links":{"self":[{"href":"https:\/\/cazorla.es\/turismo\/wp-json\/wp\/v2\/pages\/2951","targetHints":{"allow":["GET"]}}],"collection":[{"href":"https:\/\/cazorla.es\/turismo\/wp-json\/wp\/v2\/pages"}],"about":[{"href":"https:\/\/cazorla.es\/turismo\/wp-json\/wp\/v2\/types\/page"}],"author":[{"embeddable":true,"href":"https:\/\/cazorla.es\/turismo\/wp-json\/wp\/v2\/users\/2"}],"replies":[{"embeddable":true,"href":"https:\/\/cazorla.es\/turismo\/wp-json\/wp\/v2\/comments?post=2951"}],"version-history":[{"count":3,"href":"https:\/\/cazorla.es\/turismo\/wp-json\/wp\/v2\/pages\/2951\/revisions"}],"predecessor-version":[{"id":3017,"href":"https:\/\/cazorla.es\/turismo\/wp-json\/wp\/v2\/pages\/2951\/revisions\/3017"}],"wp:attachment":[{"href":"https:\/\/cazorla.es\/turismo\/wp-json\/wp\/v2\/media?parent=2951"}],"curies":[{"name":"wp","href":"https:\/\/api.w.org\/{rel}","templated":true}]}}