{"id":2965,"date":"2018-07-19T17:38:39","date_gmt":"2018-07-19T17:38:39","guid":{"rendered":"http:\/\/cazorla.es\/turismo\/?page_id=2965"},"modified":"2018-07-20T14:32:46","modified_gmt":"2018-07-20T14:32:46","slug":"caracoladas","status":"publish","type":"page","link":"https:\/\/cazorla.es\/turismo\/caracoladas\/","title":{"rendered":"Caracoladas"},"content":{"rendered":"<p>[et_pb_section admin_label=\u00bbsection\u00bb][et_pb_row admin_label=\u00bbrow\u00bb][et_pb_column type=\u00bb4_4&#8243;][et_pb_text admin_label=\u00bbTexto\u00bb background_layout=\u00bblight\u00bb text_orientation=\u00bbleft\u00bb use_border_color=\u00bboff\u00bb border_color=\u00bb#ffffff\u00bb border_style=\u00bbsolid\u00bb]<\/p>\n<h2 style=\"text-align: center;\">\u00abCARACOLADAS\u00bb Y SAN ISICIO<\/h2>\n<p style=\"text-align: center;\"><img loading=\"lazy\" decoding=\"async\" class=\"alignnone size-full wp-image-2966\" src=\"http:\/\/cazorla.es\/turismo\/wp-content\/uploads\/2018\/07\/12-1.jpg\" alt=\"12\" width=\"264\" height=\"198\" \/><\/p>\n<p style=\"text-align: center;\">Una de las tradiciones m\u00e1s bellas y antiguas de nuestro municipio es la asociada al patronazgo de la figura de San Isicio, en el mito, uno de los siete varones apost\u00f3licos, disc\u00edpulos del Ap\u00f3stol Santiago. Esta tradici\u00f3n, documentada desde el s. XVI, puede y debe ser considerada la tradici\u00f3n y celebraci\u00f3n m\u00e1s antigua de Cazorla que hoy se conserva.<\/p>\n<p style=\"text-align: center;\"><img loading=\"lazy\" decoding=\"async\" class=\"alignnone size-medium wp-image-2882\" src=\"http:\/\/cazorla.es\/turismo\/wp-content\/uploads\/2018\/07\/12-Caracoladas-de-San-Isicio-300x215.jpg\" alt=\"12 - Caracoladas de San Isicio\" width=\"300\" height=\"215\" srcset=\"https:\/\/cazorla.es\/turismo\/wp-content\/uploads\/2018\/07\/12-Caracoladas-de-San-Isicio-300x215.jpg 300w, https:\/\/cazorla.es\/turismo\/wp-content\/uploads\/2018\/07\/12-Caracoladas-de-San-Isicio-768x551.jpg 768w, https:\/\/cazorla.es\/turismo\/wp-content\/uploads\/2018\/07\/12-Caracoladas-de-San-Isicio.jpg 1024w\" sizes=\"(max-width: 300px) 100vw, 300px\" \/><\/p>\n<p style=\"text-align: center;\">\u00a0\u00a0\u00a0\u00a0\u00a0\u00a0\u00a0\u00a0\u00a0\u00a0\u00a0 En la actualidad, la noche del 14 de mayo, los cazorle\u00f1os y cazorle\u00f1as se trasladan a la cercana ermita de San Isicio, construida en el s. XVII, y, al caer la noche, comienza el traslado de la imagen de San Isicio hacia la Iglesia de San Jos\u00e9 por el municipio.<\/p>\n<p style=\"text-align: center;\">\u00a0\u00a0\u00a0\u00a0\u00a0\u00a0\u00a0\u00a0\u00a0\u00a0\u00a0 A su salida de la ermita, durante el tr\u00e1nsito hacia Cazorla, se prenden numerosas figuras conocidas como \u201ccaracoladas\u201d. Para la creaci\u00f3n de las figuras, se emplean los caparazones de los caracoles, vaciados y rellenos con un algod\u00f3n empapado en aceite, los cuales se prenden en llamas formando parte de figuras que se ven a lo lejos y durante el paso de los cazorle\u00f1os\/as por la bajada. Dise\u00f1os muy caracter\u00edsticos son los de cruces, la propia ermita o las cerezas y espigas de trigo, representativas de San Isicio, y que porta el santo en su imagen durante el traslado.<\/p>\n<p style=\"text-align: center;\">\u00a0\u00a0\u00a0\u00a0\u00a0\u00a0\u00a0\u00a0\u00a0\u00a0\u00a0 Tras pasar la noche en la Iglesia de San Jos\u00e9 junto a la imagen de la Virgen de la Cabeza, patrona del municipio, el d\u00eda 15 de mayo se produce su subida de nuevo a su ermita, en la que, tras el encierro del santo se produce el reparto de la tradicional \u201ccuerva\u201d a los visitantes.<\/p>\n<p style=\"text-align: center;\"><em>Texto de Javier Sevilla Mart\u00ednez<\/em><\/p>\n<p>[\/et_pb_text][\/et_pb_column][\/et_pb_row][et_pb_row admin_label=\u00bbFila\u00bb][et_pb_column type=\u00bb4_4&#8243;][et_pb_text admin_label=\u00bbTexto\u00bb background_layout=\u00bblight\u00bb text_orientation=\u00bbcenter\u00bb use_border_color=\u00bboff\u00bb border_color=\u00bb#ffffff\u00bb border_style=\u00bbsolid\u00bb]<\/p>\n<p style=\"text-align: center;\"><strong><em>Aqu\u00ed puedes encontrar su ubicaci\u00f3n en el municipio:<\/em><\/strong><\/p>\n<p>[\/et_pb_text][et_pb_code admin_label=\u00bbC\u00f3digo\u00bb]&lt;iframe src=\u00bbhttps:\/\/www.google.com\/maps\/d\/embed?mid=1xeWX70zYfIZmkqKcCjKuRSuZbDhFUeii\u00bb width=\u00bb900&#8243; height=\u00bb600&#8243;&gt;&lt;\/iframe&gt;[\/et_pb_code][\/et_pb_column][\/et_pb_row][\/et_pb_section]<\/p>\n","protected":false},"excerpt":{"rendered":"<p>\u00abCARACOLADAS\u00bb Y SAN ISICIO Una de las tradiciones m\u00e1s bellas y antiguas de nuestro municipio es la asociada al patronazgo de la figura de San Isicio, en el mito, uno [&hellip;]<\/p>\n","protected":false},"author":2,"featured_media":0,"parent":0,"menu_order":0,"comment_status":"closed","ping_status":"closed","template":"","meta":{"_et_pb_use_builder":"on","_et_pb_old_content":"","_et_gb_content_width":"","footnotes":""},"class_list":["post-2965","page","type-page","status-publish","hentry"],"_links":{"self":[{"href":"https:\/\/cazorla.es\/turismo\/wp-json\/wp\/v2\/pages\/2965","targetHints":{"allow":["GET"]}}],"collection":[{"href":"https:\/\/cazorla.es\/turismo\/wp-json\/wp\/v2\/pages"}],"about":[{"href":"https:\/\/cazorla.es\/turismo\/wp-json\/wp\/v2\/types\/page"}],"author":[{"embeddable":true,"href":"https:\/\/cazorla.es\/turismo\/wp-json\/wp\/v2\/users\/2"}],"replies":[{"embeddable":true,"href":"https:\/\/cazorla.es\/turismo\/wp-json\/wp\/v2\/comments?post=2965"}],"version-history":[{"count":2,"href":"https:\/\/cazorla.es\/turismo\/wp-json\/wp\/v2\/pages\/2965\/revisions"}],"predecessor-version":[{"id":3021,"href":"https:\/\/cazorla.es\/turismo\/wp-json\/wp\/v2\/pages\/2965\/revisions\/3021"}],"wp:attachment":[{"href":"https:\/\/cazorla.es\/turismo\/wp-json\/wp\/v2\/media?parent=2965"}],"curies":[{"name":"wp","href":"https:\/\/api.w.org\/{rel}","templated":true}]}}

<p>[et_pb_section admin_label=»section»][et_pb_row admin_label=»row»][et_pb_column type=»4_4&#8243;][et_pb_text admin_label=»Texto» background_layout=»light» text_orientation=»left» use_border_color=»off» border_color=»#ffffff» border_style=»solid»]</p>
<h2 style="text-align: center;">«CARACOLADAS» Y SAN ISICIO</h2>
<p style="text-align: center;"><img loading="lazy" decoding="async" class="alignnone size-full wp-image-2966" src="http://cazorla.es/turismo/wp-content/uploads/2018/07/12-1.jpg" alt="12" width="264" height="198" /></p>
<p style="text-align: center;">Una de las tradiciones más bellas y antiguas de nuestro municipio es la asociada al patronazgo de la figura de San Isicio, en el mito, uno de los siete varones apostólicos, discípulos del Apóstol Santiago. Esta tradición, documentada desde el s. XVI, puede y debe ser considerada la tradición y celebración más antigua de Cazorla que hoy se conserva.</p>
<p style="text-align: center;"><img loading="lazy" decoding="async" class="alignnone size-medium wp-image-2882" src="http://cazorla.es/turismo/wp-content/uploads/2018/07/12-Caracoladas-de-San-Isicio-300x215.jpg" alt="12 - Caracoladas de San Isicio" width="300" height="215" srcset="https://cazorla.es/turismo/wp-content/uploads/2018/07/12-Caracoladas-de-San-Isicio-300x215.jpg 300w, https://cazorla.es/turismo/wp-content/uploads/2018/07/12-Caracoladas-de-San-Isicio-768x551.jpg 768w, https://cazorla.es/turismo/wp-content/uploads/2018/07/12-Caracoladas-de-San-Isicio.jpg 1024w" sizes="(max-width: 300px) 100vw, 300px" /></p>
<p style="text-align: center;">            En la actualidad, la noche del 14 de mayo, los cazorleños y cazorleñas se trasladan a la cercana ermita de San Isicio, construida en el s. XVII, y, al caer la noche, comienza el traslado de la imagen de San Isicio hacia la Iglesia de San José por el municipio.</p>
<p style="text-align: center;">            A su salida de la ermita, durante el tránsito hacia Cazorla, se prenden numerosas figuras conocidas como “caracoladas”. Para la creación de las figuras, se emplean los caparazones de los caracoles, vaciados y rellenos con un algodón empapado en aceite, los cuales se prenden en llamas formando parte de figuras que se ven a lo lejos y durante el paso de los cazorleños/as por la bajada. Diseños muy característicos son los de cruces, la propia ermita o las cerezas y espigas de trigo, representativas de San Isicio, y que porta el santo en su imagen durante el traslado.</p>
<p style="text-align: center;">            Tras pasar la noche en la Iglesia de San José junto a la imagen de la Virgen de la Cabeza, patrona del municipio, el día 15 de mayo se produce su subida de nuevo a su ermita, en la que, tras el encierro del santo se produce el reparto de la tradicional “cuerva” a los visitantes.</p>
<p style="text-align: center;"><em>Texto de Javier Sevilla Martínez</em></p>
<p>[/et_pb_text][/et_pb_column][/et_pb_row][et_pb_row admin_label=»Fila»][et_pb_column type=»4_4&#8243;][et_pb_text admin_label=»Texto» background_layout=»light» text_orientation=»center» use_border_color=»off» border_color=»#ffffff» border_style=»solid»]</p>
<p style="text-align: center;"><strong><em>Aquí puedes encontrar su ubicación en el municipio:</em></strong></p>
<p>[/et_pb_text][et_pb_code admin_label=»Código»]&lt;iframe src=»https://www.google.com/maps/d/embed?mid=1xeWX70zYfIZmkqKcCjKuRSuZbDhFUeii» width=»900&#8243; height=»600&#8243;&gt;&lt;/iframe&gt;[/et_pb_code][/et_pb_column][/et_pb_row][/et_pb_section]</p>

<p>«CARACOLADAS» Y SAN ISICIO Una de las tradiciones más bellas y antiguas de nuestro municipio es la asociada al patronazgo de la figura de San Isicio, en el mito, uno [&hellip;]</p>
