{"id":2979,"date":"2018-07-19T17:58:37","date_gmt":"2018-07-19T17:58:37","guid":{"rendered":"http:\/\/cazorla.es\/turismo\/?page_id=2979"},"modified":"2018-07-20T15:23:39","modified_gmt":"2018-07-20T15:23:39","slug":"adelantamiento","status":"publish","type":"page","link":"https:\/\/cazorla.es\/turismo\/adelantamiento\/","title":{"rendered":"Adelantamiento"},"content":{"rendered":"<p>[et_pb_section admin_label=\u00bbsection\u00bb][et_pb_row admin_label=\u00bbrow\u00bb][et_pb_column type=\u00bb4_4&#8243;][et_pb_text admin_label=\u00bbTexto\u00bb background_layout=\u00bblight\u00bb text_orientation=\u00bbleft\u00bb use_border_color=\u00bboff\u00bb border_color=\u00bb#ffffff\u00bb border_style=\u00bbsolid\u00bb]<\/p>\n<h2 style=\"text-align: center;\"><strong>ADELANTAMIENTO DE CAZORLA<\/strong><\/h2>\n<p style=\"text-align: center;\"><img loading=\"lazy\" decoding=\"async\" class=\"alignnone size-medium wp-image-2920\" src=\"http:\/\/cazorla.es\/turismo\/wp-content\/uploads\/2018\/07\/17-300x286.jpg\" alt=\"17\" width=\"300\" height=\"286\" srcset=\"https:\/\/cazorla.es\/turismo\/wp-content\/uploads\/2018\/07\/17-300x286.jpg 300w, https:\/\/cazorla.es\/turismo\/wp-content\/uploads\/2018\/07\/17-768x732.jpg 768w, https:\/\/cazorla.es\/turismo\/wp-content\/uploads\/2018\/07\/17-1024x975.jpg 1024w, https:\/\/cazorla.es\/turismo\/wp-content\/uploads\/2018\/07\/17.jpg 1076w\" sizes=\"(max-width: 300px) 100vw, 300px\" \/><\/p>\n<p style=\"text-align: center;\">Uno de los aspectos m\u00e1s singulares de Cazorla y la comarca, fue su pertenencia durante 600 a\u00f1os al arzobispado de Toledo, siendo denominados estos territorios como \u201cAdelantamiento de Cazorla\u201d.<\/p>\n<p style=\"text-align: center;\">\u00a0\u00a0\u00a0\u00a0\u00a0\u00a0\u00a0\u00a0\u00a0\u00a0\u00a0\u00a0 Durante la guerra con el reino nazar\u00ed de Granada, el rey castellano-leon\u00e9s Fernando III otorg\u00f3 en el a\u00f1o 1231 a Rodrigo Xim\u00e9nez de Rada, arzobispo de Toledo, una zona en el este de Ja\u00e9n la cual podr\u00eda quedarse en propiedad si lograba su conquista, lo que realiz\u00f3 en los a\u00f1os siguientes. Con ello, quedar\u00eda una frontera inestable en el valle del Guadiana Menor que delimitar\u00eda los t\u00e9rminos del Adelantamiento.<\/p>\n<p style=\"text-align: center;\"><img loading=\"lazy\" decoding=\"async\" class=\"alignnone size-medium wp-image-2887\" src=\"http:\/\/cazorla.es\/turismo\/wp-content\/uploads\/2018\/07\/17-Adelantamiento-de-Cazorla-215x300.jpg\" alt=\"17 - Adelantamiento de Cazorla\" width=\"215\" height=\"300\" srcset=\"https:\/\/cazorla.es\/turismo\/wp-content\/uploads\/2018\/07\/17-Adelantamiento-de-Cazorla-215x300.jpg 215w, https:\/\/cazorla.es\/turismo\/wp-content\/uploads\/2018\/07\/17-Adelantamiento-de-Cazorla.jpg 735w\" sizes=\"(max-width: 215px) 100vw, 215px\" \/><\/p>\n<p style=\"text-align: center;\">\u00a0\u00a0\u00a0\u00a0\u00a0\u00a0\u00a0\u00a0\u00a0\u00a0\u00a0\u00a0 Durante los siglos de guerra contra Granada, el Adelantamiento servir\u00eda como punta de lanza de m\u00faltiples campa\u00f1as y expediciones contra el territorio musulm\u00e1n. Finalmente, tras la conquista de Baza en 1489 y Granada en 1492, perder\u00e1 su posici\u00f3n fronteriza y su condicionante de marca militar, pasando a ser un se\u00f1or\u00edo eclesi\u00e1stico del arzobispado toledano durante la Edad Moderna.<\/p>\n<p style=\"text-align: center;\">\u00a0\u00a0\u00a0\u00a0\u00a0\u00a0\u00a0\u00a0\u00a0\u00a0\u00a0\u00a0 La injerencia del emperador Carlos V, forz\u00f3 al arzobispo Juan Pardo de Tavera a otorgar el cargo militar, vitalicio y -posteriormente- hereditario de \u201cAdelantado de Cazorla\u201d a su secretario Francisco de los Cobos, hizo que el poder en el Adelantamiento pasara durante 70 a\u00f1os a los marqueses de Camarasa, que organizaron la construcci\u00f3n de obras tales como la b\u00f3veda del r\u00edo Cerezuelo, la Plaza e Iglesia de Santa Mar\u00eda de Gracia o la Casa-Palacio de las Cadenas.<\/p>\n<p style=\"text-align: center;\"><em>\u00a0\u00a0\u00a0\u00a0\u00a0\u00a0\u00a0\u00a0\u00a0\u00a0\u00a0\u00a0 Con la recuperaci\u00f3n del Adelantamiento por parte del arzobispo de Toledo Bernardo de Sandoval y Rojas en 1605, Cazorla y el Adelantamiento volvieron a ser un se\u00f1or\u00edo eclesi\u00e1stico durante 200 a\u00f1os, hasta que, el 6 de agosto de 1811, las Cortes de C\u00e1diz abolieron los se\u00f1or\u00edos jurisdiccionales, y por lo tanto la posesi\u00f3n arzobispal de Cazorla, que continuar\u00eda vinculada a Toledo en lo eclesi\u00e1stico hasta el s. XX.<\/em><\/p>\n<p style=\"text-align: center;\"><em>Texto de Javier Sevilla Mart\u00ednez<\/em><\/p>\n<p>[\/et_pb_text][\/et_pb_column][\/et_pb_row][et_pb_row admin_label=\u00bbFila\u00bb][et_pb_column type=\u00bb4_4&#8243;][et_pb_text admin_label=\u00bbTexto\u00bb background_layout=\u00bblight\u00bb text_orientation=\u00bbcenter\u00bb use_border_color=\u00bboff\u00bb border_color=\u00bb#ffffff\u00bb border_style=\u00bbsolid\u00bb]<\/p>\n<p style=\"text-align: center;\"><strong><em>Aqu\u00ed puedes encontrar su ubicaci\u00f3n en el municipio:<\/em><\/strong><\/p>\n<p>[\/et_pb_text][et_pb_code admin_label=\u00bbC\u00f3digo\u00bb]&lt;iframe src=\u00bbhttps:\/\/www.google.com\/maps\/d\/embed?mid=1GiBlzxtWavF9AJ0nghM-0zmlk_37LgUq\u00bb width=\u00bb900&#8243; height=\u00bb600&#8243;&gt;&lt;\/iframe&gt;[\/et_pb_code][\/et_pb_column][\/et_pb_row][\/et_pb_section]<\/p>\n","protected":false},"excerpt":{"rendered":"<p>ADELANTAMIENTO DE CAZORLA Uno de los aspectos m\u00e1s singulares de Cazorla y la comarca, fue su pertenencia durante 600 a\u00f1os al arzobispado de Toledo, siendo denominados estos territorios como \u201cAdelantamiento [&hellip;]<\/p>\n","protected":false},"author":2,"featured_media":0,"parent":0,"menu_order":0,"comment_status":"closed","ping_status":"closed","template":"","meta":{"_et_pb_use_builder":"on","_et_pb_old_content":"","_et_gb_content_width":"","footnotes":""},"class_list":["post-2979","page","type-page","status-publish","hentry"],"_links":{"self":[{"href":"https:\/\/cazorla.es\/turismo\/wp-json\/wp\/v2\/pages\/2979","targetHints":{"allow":["GET"]}}],"collection":[{"href":"https:\/\/cazorla.es\/turismo\/wp-json\/wp\/v2\/pages"}],"about":[{"href":"https:\/\/cazorla.es\/turismo\/wp-json\/wp\/v2\/types\/page"}],"author":[{"embeddable":true,"href":"https:\/\/cazorla.es\/turismo\/wp-json\/wp\/v2\/users\/2"}],"replies":[{"embeddable":true,"href":"https:\/\/cazorla.es\/turismo\/wp-json\/wp\/v2\/comments?post=2979"}],"version-history":[{"count":4,"href":"https:\/\/cazorla.es\/turismo\/wp-json\/wp\/v2\/pages\/2979\/revisions"}],"predecessor-version":[{"id":3039,"href":"https:\/\/cazorla.es\/turismo\/wp-json\/wp\/v2\/pages\/2979\/revisions\/3039"}],"wp:attachment":[{"href":"https:\/\/cazorla.es\/turismo\/wp-json\/wp\/v2\/media?parent=2979"}],"curies":[{"name":"wp","href":"https:\/\/api.w.org\/{rel}","templated":true}]}}