{"id":2982,"date":"2018-07-19T18:56:12","date_gmt":"2018-07-19T18:56:12","guid":{"rendered":"http:\/\/cazorla.es\/turismo\/?page_id=2982"},"modified":"2018-07-20T14:52:03","modified_gmt":"2018-07-20T14:52:03","slug":"adelantados","status":"publish","type":"page","link":"https:\/\/cazorla.es\/turismo\/adelantados\/","title":{"rendered":"Adelantados"},"content":{"rendered":"<p>[et_pb_section admin_label=\u00bbsection\u00bb][et_pb_row admin_label=\u00bbrow\u00bb][et_pb_column type=\u00bb4_4&#8243;][et_pb_text admin_label=\u00bbTexto\u00bb background_layout=\u00bblight\u00bb text_orientation=\u00bbleft\u00bb use_border_color=\u00bboff\u00bb border_color=\u00bb#ffffff\u00bb border_style=\u00bbsolid\u00bb]<\/p>\n<h2 style=\"text-align: center;\"><strong>ADELANTADOS DE CAZORLA (1231 &#8211; 1638)<\/strong><\/h2>\n<p style=\"text-align: center;\"><img loading=\"lazy\" decoding=\"async\" class=\"alignnone size-medium wp-image-2888\" src=\"http:\/\/cazorla.es\/turismo\/wp-content\/uploads\/2018\/07\/18-Adelantados-de-Cazorla-215x300.jpg\" alt=\"18 - Adelantados de Cazorla\" width=\"215\" height=\"300\" srcset=\"https:\/\/cazorla.es\/turismo\/wp-content\/uploads\/2018\/07\/18-Adelantados-de-Cazorla-215x300.jpg 215w, https:\/\/cazorla.es\/turismo\/wp-content\/uploads\/2018\/07\/18-Adelantados-de-Cazorla.jpg 735w\" sizes=\"(max-width: 215px) 100vw, 215px\" \/><\/p>\n<p style=\"text-align: center;\">Una de las potestades que ostentaban los arzobispos de Toledo con respecto a su poder y posesi\u00f3n del Adelantamiento de Cazorla, era el nombramiento de un representante en el \u00e1mbito judicial en la zona, adem\u00e1s de la comandancia de los ej\u00e9rcitos de la zona. Este cargo se denomin\u00f3 como \u201cAdelantado de Cazorla\u201d y dur\u00f3 pr\u00e1cticamente 400 a\u00f1os, incluidos aquellos a\u00f1os en que los marqueses de Camarasa ostentaron este cargo, por la voluntad de los reyes Carlos I y Felipe II. Bernardo de Sandoval y Rojas eliminar\u00eda este cargo y sus funciones en 1618, siendo el Duque de Lerma el \u00faltimo Adelantado de Cazorla.<\/p>\n<p style=\"text-align: center;\">\u00a0\u00a0\u00a0\u00a0\u00a0\u00a0\u00a0\u00a0\u00a0\u00a0\u00a0\u00a0 El poder del Adelantado de Cazorla en las tierras del Adelantamiento era supremo, tanto en lo militar y civil, y solo respond\u00eda ante el arzobispo en cuesti\u00f3n. Generalmente los arzobispos sol\u00edan elegir a familiares o personas de gran poder y prestigio para ostentar el cargo, ya que pose\u00eda una fuerte responsabilidad con el reino el Adelantado, al ser tierra fronteriza con el reino nazar\u00ed de Granada.<\/p>\n<table>\n<tbody>\n<tr>\n<td width=\"1359\">\n<p style=\"text-align: center;\"><strong><u>Listado de Adelantados de Cazorla nombrados por los Arzobispos de Toledo (1231-1618)<\/u><\/strong><\/p>\n<p><strong><u>\u00a0<\/u><\/strong><\/p>\n<p>\u2022 Rodrigo Xim\u00e9nez de Rada, nombr\u00f3 a su sobrino Gil de Rada.<\/p>\n<p>\u2022 Gonzalo D\u00edaz Palomeque, nombr\u00f3 a su hermano Pedro D\u00edaz Carrillo.<\/p>\n<p>\u2022 Gil \u00c1lvarez de Albornoz, nombr\u00f3 a Alonso Y\u00e1\u00f1ez de Carvajal.<\/p>\n<p>\u2022 Gon\u00e7alo de Aguilar, nombr\u00f3 a Sancho D\u00edaz de Torres.<\/p>\n<p>\u2022 G\u00f3mez Manrique, nombr\u00f3 a Pedro Ruiz de Torres.<\/p>\n<p>\u2022 Pedro Tenorio, nombr\u00f3 a Gon\u00e7alo D\u00edaz Pantoja y a Alonso Tenorio de Silva.<\/p>\n<p>\u2022 Pedro de Luna y Albornoz, nombr\u00f3 a Alonso Tenorio de Silva.<\/p>\n<p>\u2022 Sancho de Rojas, nombr\u00f3 a Alonso Tenorio de Silva, y a Rodrigo de Perea.<\/p>\n<p>\u2022 Juan de Cerezuela, nombr\u00f3 a Rodrigo de Perea y a Juan Carrillo de Toledo.<\/p>\n<p>\u2022 Gutierre \u00c1lvarez de Toledo, nombr\u00f3 a su sobrino Fernando \u00c1lvarez de Toledo, primer duque de Alba.<\/p>\n<p>\u2022 Alonso Carrillo de Acu\u00f1a, nombr\u00f3 a su hermano Pedro de Acu\u00f1a, y a su sobrino Lope de Acu\u00f1a, condes de Buend\u00eda.<\/p>\n<p>\u2022 Pedro Gonz\u00e1lez de Mendoza, nombr\u00f3 a su hermano Pedro Hurtado de Mendoza.<\/p>\n<p>\u2022 Francisco Xim\u00e9nez de Cisneros, nombr\u00f3 a Pedro Hurtado de Mendoza y a su sobrino, Garc\u00eda de Villarroel.<\/p>\n<p>\u2022 Guillermo de Croy, nombr\u00f3 a Garc\u00eda de Villarroel y a Carlos de Lanoy, virrey de N\u00e1poles.<\/p>\n<p>\u2022 Alonso de Fonseca y Ulloa, nombr\u00f3 a su sobrino Ger\u00f3nimo de Azevedo, conde de Monterrey.<\/p>\n<p>\u2022 Juan Pardo de Tavera, nombr\u00f3 a Francisco de los Cobos y a su hijo Diego de los Cobos, marqu\u00e9s de Camarasa, iniciando el pleito entre el arzobispado de Toledo y los marqueses de Camarasa.<\/p>\n<p>\u2022 Juan Mart\u00ednez Siliceo, nombr\u00f3 a Ruy G\u00f3mez de Silva, pr\u00edncipe de \u00c9boli.<\/p>\n<p>\u2022 Bartolom\u00e9 de Carran\u00e7a y de Miranda, nombr\u00f3 a Ruy G\u00f3mez de Silva, pr\u00edncipe de \u00c9boli.<\/p>\n<p>\u2022 Gaspar de Quiroga y Vela, nombr\u00f3 a Rodrigo de Mendoza y a \u00cd\u00f1igo L\u00f3pez de Mendoza, duque del Infantado y marqu\u00e9s de Santillana.<\/p>\n<p>\u2022 El archiduque Alberto de Austria y Garc\u00eda Loaysa y Gir\u00f3n, nombraron a \u00cd\u00f1igo L\u00f3pez de Mendoza.<\/p>\n<p>\u2022 Bernardo de Sandoval y Roxas, que termin\u00f3 con el pleito con los Camarasa, nombr\u00f3 a su sobrino Francisco G\u00f3mez de Sandoval, duque de Lerma, siendo el \u00faltimo de los Adelantados de Cazorla en 1618.<\/p>\n<p><em><u>Extra\u00eddo de: Pedro de Salazar y Mendoza (1618), \u201cOrigen de las dignidades seglares de Castilla y Le\u00f3n\u201d.<\/u><\/em><\/td>\n<\/tr>\n<\/tbody>\n<\/table>\n<p style=\"text-align: center;\"><em>Texto de Javier Sevilla Mart\u00ednez<\/em><\/p>\n<p>[\/et_pb_text][\/et_pb_column][\/et_pb_row][et_pb_row admin_label=\u00bbFila\u00bb][et_pb_column type=\u00bb4_4&#8243;][et_pb_text admin_label=\u00bbTexto\u00bb background_layout=\u00bblight\u00bb text_orientation=\u00bbcenter\u00bb use_border_color=\u00bboff\u00bb border_color=\u00bb#ffffff\u00bb border_style=\u00bbsolid\u00bb]<\/p>\n<p style=\"text-align: center;\"><strong><em>Aqu\u00ed puedes encontrar su ubicaci\u00f3n en el municipio:<\/em><\/strong><\/p>\n<p>[\/et_pb_text][et_pb_code admin_label=\u00bbC\u00f3digo\u00bb]&lt;iframe src=\u00bbhttps:\/\/www.google.com\/maps\/d\/embed?mid=1-r7CiUJHFABZGQBUXqie5QKPsOavMVfL\u00bb width=\u00bb900&#8243; height=\u00bb600&#8243;&gt;&lt;\/iframe&gt;[\/et_pb_code][\/et_pb_column][\/et_pb_row][\/et_pb_section]<\/p>\n","protected":false},"excerpt":{"rendered":"<p>ADELANTADOS DE CAZORLA (1231 &#8211; 1638) Una de las potestades que ostentaban los arzobispos de Toledo con respecto a su poder y posesi\u00f3n del Adelantamiento de Cazorla, era el nombramiento [&hellip;]<\/p>\n","protected":false},"author":2,"featured_media":0,"parent":0,"menu_order":0,"comment_status":"closed","ping_status":"closed","template":"","meta":{"_et_pb_use_builder":"on","_et_pb_old_content":"","_et_gb_content_width":"","footnotes":""},"class_list":["post-2982","page","type-page","status-publish","hentry"],"_links":{"self":[{"href":"https:\/\/cazorla.es\/turismo\/wp-json\/wp\/v2\/pages\/2982","targetHints":{"allow":["GET"]}}],"collection":[{"href":"https:\/\/cazorla.es\/turismo\/wp-json\/wp\/v2\/pages"}],"about":[{"href":"https:\/\/cazorla.es\/turismo\/wp-json\/wp\/v2\/types\/page"}],"author":[{"embeddable":true,"href":"https:\/\/cazorla.es\/turismo\/wp-json\/wp\/v2\/users\/2"}],"replies":[{"embeddable":true,"href":"https:\/\/cazorla.es\/turismo\/wp-json\/wp\/v2\/comments?post=2982"}],"version-history":[{"count":2,"href":"https:\/\/cazorla.es\/turismo\/wp-json\/wp\/v2\/pages\/2982\/revisions"}],"predecessor-version":[{"id":3029,"href":"https:\/\/cazorla.es\/turismo\/wp-json\/wp\/v2\/pages\/2982\/revisions\/3029"}],"wp:attachment":[{"href":"https:\/\/cazorla.es\/turismo\/wp-json\/wp\/v2\/media?parent=2982"}],"curies":[{"name":"wp","href":"https:\/\/api.w.org\/{rel}","templated":true}]}}