{"id":2985,"date":"2018-07-19T19:00:55","date_gmt":"2018-07-19T19:00:55","guid":{"rendered":"http:\/\/cazorla.es\/turismo\/?page_id=2985"},"modified":"2018-07-20T14:54:55","modified_gmt":"2018-07-20T14:54:55","slug":"estructura-conventual","status":"publish","type":"page","link":"https:\/\/cazorla.es\/turismo\/estructura-conventual\/","title":{"rendered":"Estructura Conventual"},"content":{"rendered":"<p>[et_pb_section admin_label=\u00bbsection\u00bb][et_pb_row admin_label=\u00bbrow\u00bb][et_pb_column type=\u00bb4_4&#8243;][et_pb_text admin_label=\u00bbTexto\u00bb background_layout=\u00bblight\u00bb text_orientation=\u00bbleft\u00bb use_border_color=\u00bboff\u00bb border_color=\u00bb#ffffff\u00bb border_style=\u00bbsolid\u00bb]<\/p>\n<h2 style=\"text-align: center;\"><strong>ESTRUCTURA CONVENTUAL DE CAZORLA<\/strong><\/h2>\n<p style=\"text-align: center;\"><img loading=\"lazy\" decoding=\"async\" class=\"alignnone size-medium wp-image-2921\" src=\"http:\/\/cazorla.es\/turismo\/wp-content\/uploads\/2018\/07\/19-300x300.png\" alt=\"19\" width=\"300\" height=\"300\" srcset=\"https:\/\/cazorla.es\/turismo\/wp-content\/uploads\/2018\/07\/19-300x300.png 300w, https:\/\/cazorla.es\/turismo\/wp-content\/uploads\/2018\/07\/19-150x150.png 150w, https:\/\/cazorla.es\/turismo\/wp-content\/uploads\/2018\/07\/19-768x765.png 768w, https:\/\/cazorla.es\/turismo\/wp-content\/uploads\/2018\/07\/19.png 918w\" sizes=\"(max-width: 300px) 100vw, 300px\" \/><\/p>\n<p style=\"text-align: center;\">El paso de una villa medieval dispersa a una villa renacentista que trajo el paso de los marqueses de Camarasa por Cazorla, tambi\u00e9n conllev\u00f3 una nueva disposici\u00f3n en la villa con respecto al asentamiento de \u00f3rdenes religiosas.<\/p>\n<p style=\"text-align: center;\">\u00a0\u00a0\u00a0\u00a0\u00a0\u00a0\u00a0\u00a0\u00a0\u00a0\u00a0\u00a0 En los \u00faltimos momentos de la Edad Media (s. XV) comenzaron a establecerse las primeras \u00f3rdenes, siendo la de los Mercedarios posiblemente la primera, en el edificio actualmente compone el Ayuntamiento y el Teatro de la Merced. Su funci\u00f3n original, fue el rescate de prisioneros en la guerra contra los musulmanes; posteriormente se dedicar\u00edan a obras de caridad y beneficencia.<\/p>\n<p style=\"text-align: center;\"><img loading=\"lazy\" decoding=\"async\" class=\"alignnone size-medium wp-image-2889\" src=\"http:\/\/cazorla.es\/turismo\/wp-content\/uploads\/2018\/07\/19-Estructura-conventual-de-Cazorla-215x300.jpg\" alt=\"19 - Estructura conventual de Cazorla\" width=\"215\" height=\"300\" srcset=\"https:\/\/cazorla.es\/turismo\/wp-content\/uploads\/2018\/07\/19-Estructura-conventual-de-Cazorla-215x300.jpg 215w, https:\/\/cazorla.es\/turismo\/wp-content\/uploads\/2018\/07\/19-Estructura-conventual-de-Cazorla.jpg 735w\" sizes=\"(max-width: 215px) 100vw, 215px\" \/><\/p>\n<p style=\"text-align: center;\">\u00a0\u00a0\u00a0\u00a0\u00a0\u00a0\u00a0\u00a0\u00a0\u00a0\u00a0\u00a0 Una peque\u00f1a comunidad de Hermanas Clarisas se instal\u00f3 en una zona cercana a la actual Iglesia de Santa Mar\u00eda a finales de la Edad Media, pero las inclemencias las hicieron mudarse en pocos a\u00f1os al convento de San Juan de la Penitencia en 1525, sobre el que hoy se encuentra el actual Albergue.<\/p>\n<p style=\"text-align: center;\">\u00a0\u00a0\u00a0\u00a0\u00a0\u00a0\u00a0\u00a0\u00a0\u00a0\u00a0\u00a0 Al poco tiempo de la instalaci\u00f3n de las Clarisas, miembros de la Orden Franciscana las siguieron para poder confesarlas y otorgarles la comuni\u00f3n. Primero se instalaron con ellas en la ermita del Cristo de la Veracruz -hoy desaparecida-, y posteriormente en la zona en la actual calle San Francisco que debe su nombre a esta orden. Tras varios derrumbes y problemas, consiguieron terminar su templo en 1673 y su convento al lado, que daba cabida entre 15 y 20 franciscanos.<\/p>\n<p style=\"text-align: center;\">\u00a0\u00a0\u00a0\u00a0\u00a0\u00a0\u00a0\u00a0\u00a0\u00a0\u00a0\u00a0 En 1590, la Compa\u00f1\u00eda de Jes\u00fas cre\u00f3 un colegio de primeras letras en Cazorla, en la actual calle del Carmen; colegio con reconocimiento a nivel peninsular seg\u00fan las fuentes, y que perdur\u00f3 hasta 1767, a\u00f1o en que fueron expulsados tanto de Cazorla como del Imperio espa\u00f1ol. Tanto el colegio como la Iglesia contigua fueron entregadas a miembros de la Orden de los Carmelitas Descalzos, renombr\u00e1ndose la iglesia como \u201cIglesia del Carmen\u201d.<\/p>\n<p style=\"text-align: center;\">\u00a0\u00a0\u00a0\u00a0\u00a0\u00a0\u00a0\u00a0\u00a0\u00a0\u00a0\u00a0 Por \u00faltimo, unas monjas de la Orden de Agustinas Recoletas se ubicaron en un peque\u00f1o convento al lado de la Iglesia de San Jos\u00e9, siendo \u00e9ste el convento que m\u00e1s perdur\u00f3, incluso despu\u00e9s de las desamortizaciones eclesi\u00e1sticas de mediados del s. XIX -aunque poco despu\u00e9s se extinguiesen- que reconvirtieron de nuevo la estructura urbana de Cazorla, pero que a\u00fan hoy mantiene las antiguas zonas de asentamiento de los conventos religiosos.<\/p>\n<p style=\"text-align: center;\"><em>Texto de Javier Sevilla Mart\u00ednez<\/em><\/p>\n<p>[\/et_pb_text][\/et_pb_column][\/et_pb_row][et_pb_row admin_label=\u00bbFila\u00bb][et_pb_column type=\u00bb4_4&#8243;][et_pb_text admin_label=\u00bbTexto\u00bb background_layout=\u00bblight\u00bb text_orientation=\u00bbcenter\u00bb use_border_color=\u00bboff\u00bb border_color=\u00bb#ffffff\u00bb border_style=\u00bbsolid\u00bb]<\/p>\n<p style=\"text-align: center;\"><strong><em>Aqu\u00ed puedes encontrar su ubicaci\u00f3n en el municipio:<\/em><\/strong><\/p>\n<p>[\/et_pb_text][et_pb_code admin_label=\u00bbC\u00f3digo\u00bb]&lt;iframe src=\u00bbhttps:\/\/www.google.com\/maps\/d\/embed?mid=1Omw2tISJQii8wqB0OCJgHd3bNFkO3Lfe\u00bb width=\u00bb900&#8243; height=\u00bb600&#8243;&gt;&lt;\/iframe&gt;[\/et_pb_code][\/et_pb_column][\/et_pb_row][\/et_pb_section]<\/p>\n","protected":false},"excerpt":{"rendered":"<p>ESTRUCTURA CONVENTUAL DE CAZORLA El paso de una villa medieval dispersa a una villa renacentista que trajo el paso de los marqueses de Camarasa por Cazorla, tambi\u00e9n conllev\u00f3 una nueva [&hellip;]<\/p>\n","protected":false},"author":2,"featured_media":0,"parent":0,"menu_order":0,"comment_status":"closed","ping_status":"closed","template":"","meta":{"_et_pb_use_builder":"on","_et_pb_old_content":"","_et_gb_content_width":"","footnotes":""},"class_list":["post-2985","page","type-page","status-publish","hentry"],"_links":{"self":[{"href":"https:\/\/cazorla.es\/turismo\/wp-json\/wp\/v2\/pages\/2985","targetHints":{"allow":["GET"]}}],"collection":[{"href":"https:\/\/cazorla.es\/turismo\/wp-json\/wp\/v2\/pages"}],"about":[{"href":"https:\/\/cazorla.es\/turismo\/wp-json\/wp\/v2\/types\/page"}],"author":[{"embeddable":true,"href":"https:\/\/cazorla.es\/turismo\/wp-json\/wp\/v2\/users\/2"}],"replies":[{"embeddable":true,"href":"https:\/\/cazorla.es\/turismo\/wp-json\/wp\/v2\/comments?post=2985"}],"version-history":[{"count":2,"href":"https:\/\/cazorla.es\/turismo\/wp-json\/wp\/v2\/pages\/2985\/revisions"}],"predecessor-version":[{"id":3030,"href":"https:\/\/cazorla.es\/turismo\/wp-json\/wp\/v2\/pages\/2985\/revisions\/3030"}],"wp:attachment":[{"href":"https:\/\/cazorla.es\/turismo\/wp-json\/wp\/v2\/media?parent=2985"}],"curies":[{"name":"wp","href":"https:\/\/api.w.org\/{rel}","templated":true}]}}