{"id":2998,"date":"2018-07-19T19:22:51","date_gmt":"2018-07-19T19:22:51","guid":{"rendered":"http:\/\/cazorla.es\/turismo\/?page_id=2998"},"modified":"2018-07-20T15:14:21","modified_gmt":"2018-07-20T15:14:21","slug":"concesion-titulo-ciudad","status":"publish","type":"page","link":"https:\/\/cazorla.es\/turismo\/concesion-titulo-ciudad\/","title":{"rendered":"Concesi\u00f3n T\u00edtulo Ciudad"},"content":{"rendered":"<p>[et_pb_section admin_label=\u00bbsection\u00bb][et_pb_row admin_label=\u00bbrow\u00bb][et_pb_column type=\u00bb4_4&#8243;][et_pb_text admin_label=\u00bbTexto\u00bb background_layout=\u00bblight\u00bb text_orientation=\u00bbleft\u00bb use_border_color=\u00bboff\u00bb border_color=\u00bb#ffffff\u00bb border_style=\u00bbsolid\u00bb]<\/p>\n<h2 style=\"text-align: center;\"><strong>CONCESI\u00d3N A LA VILLA DE CAZORLA DEL T\u00cdTULO DE CIUDAD, CON LA DISTINCI\u00d3N DE \u00abMUY NOBLE Y LEAL\u00bb<\/strong><\/h2>\n<p style=\"text-align: center;\"><img loading=\"lazy\" decoding=\"async\" class=\"alignnone size-full wp-image-2926\" src=\"http:\/\/cazorla.es\/turismo\/wp-content\/uploads\/2018\/07\/24.png\" alt=\"24\" width=\"430\" height=\"474\" srcset=\"https:\/\/cazorla.es\/turismo\/wp-content\/uploads\/2018\/07\/24.png 430w, https:\/\/cazorla.es\/turismo\/wp-content\/uploads\/2018\/07\/24-272x300.png 272w\" sizes=\"(max-width: 430px) 100vw, 430px\" \/><\/p>\n<p style=\"text-align: center;\"><img loading=\"lazy\" decoding=\"async\" class=\"alignnone size-full wp-image-2894\" src=\"http:\/\/cazorla.es\/turismo\/wp-content\/uploads\/2018\/07\/24-Declaracion-de-ciudad-muy-noble-y-leal.jpg\" alt=\"24 - Declaraci\u00f3n de ciudad muy noble y leal\" width=\"735\" height=\"1024\" srcset=\"https:\/\/cazorla.es\/turismo\/wp-content\/uploads\/2018\/07\/24-Declaracion-de-ciudad-muy-noble-y-leal.jpg 735w, https:\/\/cazorla.es\/turismo\/wp-content\/uploads\/2018\/07\/24-Declaracion-de-ciudad-muy-noble-y-leal-215x300.jpg 215w\" sizes=\"(max-width: 735px) 100vw, 735px\" \/><\/p>\n<p>[\/et_pb_text][\/et_pb_column][\/et_pb_row][et_pb_row admin_label=\u00bbFila\u00bb][et_pb_column type=\u00bb4_4&#8243;][et_pb_text admin_label=\u00bbTexto\u00bb background_layout=\u00bblight\u00bb text_orientation=\u00bbcenter\u00bb use_border_color=\u00bboff\u00bb border_color=\u00bb#ffffff\u00bb border_style=\u00bbsolid\u00bb]<\/p>\n<p style=\"text-align: center;\"><strong><em>Aqu\u00ed puedes encontrar su ubicaci\u00f3n en el municipio:<\/em><\/strong><\/p>\n<p>[\/et_pb_text][et_pb_code admin_label=\u00bbC\u00f3digo\u00bb]&lt;iframe src=\u00bbhttps:\/\/www.google.com\/maps\/d\/embed?mid=1N_R7-OWpRArPTHvIOq1W2suziEa34QNr\u00bb width=\u00bb900&#8243; height=\u00bb600&#8243;&gt;&lt;\/iframe&gt;[\/et_pb_code][\/et_pb_column][\/et_pb_row][\/et_pb_section]<\/p>\n","protected":false},"excerpt":{"rendered":"<p>CONCESI\u00d3N A LA VILLA DE CAZORLA DEL T\u00cdTULO DE CIUDAD, CON LA DISTINCI\u00d3N DE \u00abMUY NOBLE Y LEAL\u00bb Aqu\u00ed puedes encontrar su ubicaci\u00f3n en el municipio:<\/p>\n","protected":false},"author":2,"featured_media":0,"parent":0,"menu_order":0,"comment_status":"closed","ping_status":"closed","template":"","meta":{"_et_pb_use_builder":"on","_et_pb_old_content":"","_et_gb_content_width":"","footnotes":""},"class_list":["post-2998","page","type-page","status-publish","hentry"],"_links":{"self":[{"href":"https:\/\/cazorla.es\/turismo\/wp-json\/wp\/v2\/pages\/2998","targetHints":{"allow":["GET"]}}],"collection":[{"href":"https:\/\/cazorla.es\/turismo\/wp-json\/wp\/v2\/pages"}],"about":[{"href":"https:\/\/cazorla.es\/turismo\/wp-json\/wp\/v2\/types\/page"}],"author":[{"embeddable":true,"href":"https:\/\/cazorla.es\/turismo\/wp-json\/wp\/v2\/users\/2"}],"replies":[{"embeddable":true,"href":"https:\/\/cazorla.es\/turismo\/wp-json\/wp\/v2\/comments?post=2998"}],"version-history":[{"count":2,"href":"https:\/\/cazorla.es\/turismo\/wp-json\/wp\/v2\/pages\/2998\/revisions"}],"predecessor-version":[{"id":3037,"href":"https:\/\/cazorla.es\/turismo\/wp-json\/wp\/v2\/pages\/2998\/revisions\/3037"}],"wp:attachment":[{"href":"https:\/\/cazorla.es\/turismo\/wp-json\/wp\/v2\/media?parent=2998"}],"curies":[{"name":"wp","href":"https:\/\/api.w.org\/{rel}","templated":true}]}}