{"id":3044,"date":"2018-09-24T16:08:43","date_gmt":"2018-09-24T16:08:43","guid":{"rendered":"http:\/\/cazorla.es\/turismo\/?page_id=3044"},"modified":"2019-06-04T07:52:03","modified_gmt":"2019-06-04T07:52:03","slug":"parque-de-aventuras-cazorla","status":"publish","type":"page","link":"https:\/\/cazorla.es\/turismo\/parque-de-aventuras-cazorla\/","title":{"rendered":"Parque de Aventuras Cazorla"},"content":{"rendered":"<p>[et_pb_section admin_label=\u00bbsection\u00bb][et_pb_row admin_label=\u00bbFila\u00bb][et_pb_column type=\u00bb1_4&#8243;][et_pb_image admin_label=\u00bbImagen\u00bb src=\u00bbhttp:\/\/cazorla.es\/turismo\/wp-content\/uploads\/2018\/09\/Logo-Parque-aventura-Cazorla.jpg\u00bb show_in_lightbox=\u00bboff\u00bb url_new_window=\u00bboff\u00bb use_overlay=\u00bboff\u00bb animation=\u00bbleft\u00bb sticky=\u00bboff\u00bb align=\u00bbleft\u00bb force_fullwidth=\u00bboff\u00bb always_center_on_mobile=\u00bbon\u00bb use_border_color=\u00bboff\u00bb border_color=\u00bb#ffffff\u00bb border_style=\u00bbsolid\u00bb] [\/et_pb_image][\/et_pb_column][et_pb_column type=\u00bb3_4&#8243;][et_pb_text admin_label=\u00bbTexto\u00bb background_layout=\u00bblight\u00bb text_orientation=\u00bbleft\u00bb use_border_color=\u00bboff\u00bb border_color=\u00bb#ffffff\u00bb border_style=\u00bbsolid\u00bb]<\/p>\n<h1>Parque Aventura Cazorla<\/h1>\n<p>Tu parque de Aventuras y Actividades en Cazorla<\/p>\n<p>Informaci\u00f3n y reservas en el 953710102 y turismo@cazorla.es<\/p>\n<p>M\u00e1s informaci\u00f3n sobre Parque Aventura Cazorla, a trav\u00e9s de su p\u00e1gina web pulsando <a href=\"http:\/\/www.cazorla.es\/parqueaventuras\">aqu\u00ed<\/a>.<\/p>\n<p>[\/et_pb_text][\/et_pb_column][\/et_pb_row][\/et_pb_section][et_pb_section admin_label=\u00bbSecci\u00f3n\u00bb fullwidth=\u00bboff\u00bb specialty=\u00bboff\u00bb][et_pb_row admin_label=\u00bbFila\u00bb][et_pb_column type=\u00bb1_2&#8243;][et_pb_text admin_label=\u00bbTexto\u00bb background_layout=\u00bblight\u00bb text_orientation=\u00bbleft\u00bb use_border_color=\u00bboff\u00bb border_color=\u00bb#ffffff\u00bb border_style=\u00bbsolid\u00bb]<\/p>\n<p>Vive la Experiencia del Parque Aventura Cazorla, una propuesta alternativa que te permitir\u00e1 disfrutar de Cazorla y su Parque Natural de forma diferente. Te proponemos actividades orientadas a grupos, individuales y para todas las edades. As\u00ed experiencias como rappel, tirolina (de 200 metros), escalada, tiro con arco, paintball, puentes arb\u00f3reos, v\u00eda ferrata y senderismo se mezclan con actividades educativas y juegos tradicionales en una experiencia \u00fanica. \u00a1No te la pierdas!<\/p>\n<p>Te esperamos.<\/p>\n<p>[\/et_pb_text][\/et_pb_column][et_pb_column type=\u00bb1_2&#8243;][et_pb_image admin_label=\u00bbImagen\u00bb src=\u00bbhttp:\/\/cazorla.es\/turismo\/wp-content\/uploads\/2018\/09\/a5f76463-9d69-4d52-b2a0-d643b5b9f665-1.jpg\u00bb show_in_lightbox=\u00bboff\u00bb url_new_window=\u00bboff\u00bb use_overlay=\u00bboff\u00bb animation=\u00bbleft\u00bb sticky=\u00bboff\u00bb align=\u00bbleft\u00bb force_fullwidth=\u00bboff\u00bb always_center_on_mobile=\u00bbon\u00bb use_border_color=\u00bboff\u00bb border_color=\u00bb#ffffff\u00bb border_style=\u00bbsolid\u00bb] [\/et_pb_image][\/et_pb_column][\/et_pb_row][et_pb_row admin_label=\u00bbFila\u00bb][et_pb_column type=\u00bb4_4&#8243;][et_pb_gallery admin_label=\u00bbGaler\u00eda\u00bb gallery_ids=\u00bb3050,3051,3052,3053,3054,3055,3056,3057,3058,3059,3060,3061,3062,3063,3064,3065,3066,3067,3068,3069,3070,3071,3072,3073,3074,3075,3076,3077,3078,3079,3080,3081,3082&#8243; gallery_orderby=\u00bbrand\u00bb fullwidth=\u00bbon\u00bb show_title_and_caption=\u00bbon\u00bb show_pagination=\u00bbon\u00bb background_layout=\u00bblight\u00bb auto=\u00bbon\u00bb hover_overlay_color=\u00bbrgba(255,255,255,0.9)\u00bb caption_all_caps=\u00bboff\u00bb use_border_color=\u00bboff\u00bb border_color=\u00bb#ffffff\u00bb border_style=\u00bbsolid\u00bb auto_speed=\u00bb2000&#8243;] [\/et_pb_gallery][\/et_pb_column][\/et_pb_row][\/et_pb_section]<\/p>\n","protected":false},"excerpt":{"rendered":"<p>Parque Aventura Cazorla Tu parque de Aventuras y Actividades en Cazorla Informaci\u00f3n y reservas en el 953710102 y turismo@cazorla.es M\u00e1s informaci\u00f3n sobre Parque Aventura Cazorla, a trav\u00e9s de su p\u00e1gina [&hellip;]<\/p>\n","protected":false},"author":2,"featured_media":0,"parent":0,"menu_order":0,"comment_status":"closed","ping_status":"closed","template":"","meta":{"_et_pb_use_builder":"on","_et_pb_old_content":"","_et_gb_content_width":"","footnotes":""},"class_list":["post-3044","page","type-page","status-publish","hentry"],"_links":{"self":[{"href":"https:\/\/cazorla.es\/turismo\/wp-json\/wp\/v2\/pages\/3044","targetHints":{"allow":["GET"]}}],"collection":[{"href":"https:\/\/cazorla.es\/turismo\/wp-json\/wp\/v2\/pages"}],"about":[{"href":"https:\/\/cazorla.es\/turismo\/wp-json\/wp\/v2\/types\/page"}],"author":[{"embeddable":true,"href":"https:\/\/cazorla.es\/turismo\/wp-json\/wp\/v2\/users\/2"}],"replies":[{"embeddable":true,"href":"https:\/\/cazorla.es\/turismo\/wp-json\/wp\/v2\/comments?post=3044"}],"version-history":[{"count":16,"href":"https:\/\/cazorla.es\/turismo\/wp-json\/wp\/v2\/pages\/3044\/revisions"}],"predecessor-version":[{"id":3332,"href":"https:\/\/cazorla.es\/turismo\/wp-json\/wp\/v2\/pages\/3044\/revisions\/3332"}],"wp:attachment":[{"href":"https:\/\/cazorla.es\/turismo\/wp-json\/wp\/v2\/media?parent=3044"}],"curies":[{"name":"wp","href":"https:\/\/api.w.org\/{rel}","templated":true}]}}