{"id":3447,"date":"2019-07-30T07:16:07","date_gmt":"2019-07-30T07:16:07","guid":{"rendered":"http:\/\/cazorla.es\/turismo\/?page_id=3447"},"modified":"2019-10-28T08:57:29","modified_gmt":"2019-10-28T08:57:29","slug":"getting-here","status":"publish","type":"page","link":"https:\/\/cazorla.es\/turismo\/getting-here\/","title":{"rendered":"Getting Here"},"content":{"rendered":"<p>[et_pb_section admin_label=\u00bbSecci\u00f3n\u00bb fullwidth=\u00bboff\u00bb specialty=\u00bboff\u00bb][et_pb_row admin_label=\u00bbFila\u00bb][et_pb_column type=\u00bb4_4&#8243;][et_pb_text admin_label=\u00bbTexto\u00bb background_layout=\u00bblight\u00bb text_orientation=\u00bbleft\u00bb use_border_color=\u00bboff\u00bb border_color=\u00bb#ffffff\u00bb border_style=\u00bbsolid\u00bb]<\/p>\n<h1>How to Arrive\/Getting Here<\/h1>\n<p>[\/et_pb_text][\/et_pb_column][\/et_pb_row][et_pb_row admin_label=\u00bbFila\u00bb make_fullwidth=\u00bboff\u00bb use_custom_width=\u00bboff\u00bb width_unit=\u00bbon\u00bb use_custom_gutter=\u00bboff\u00bb padding_mobile=\u00bboff\u00bb custom_margin=\u00bb||0px|\u00bb allow_player_pause=\u00bboff\u00bb parallax=\u00bboff\u00bb parallax_method=\u00bboff\u00bb make_equal=\u00bboff\u00bb parallax_1=\u00bboff\u00bb parallax_method_1=\u00bboff\u00bb parallax_2=\u00bboff\u00bb parallax_method_2=\u00bboff\u00bb column_padding_mobile=\u00bbon\u00bb][et_pb_column type=\u00bb1_2&#8243;][et_pb_text admin_label=\u00bbTexto\u00bb background_layout=\u00bblight\u00bb text_orientation=\u00bbjustified\u00bb use_border_color=\u00bboff\u00bb border_color=\u00bb#ffffff\u00bb border_style=\u00bbsolid\u00bb]<\/p>\n<p>The prime location of the Natural Park, situated on the east side of Ja\u00e9n and bordered to the northeast by Sierra de Alcazar (Albacete) and to the southwest by Sierra de Castril Natural Park (Granada) allows you to easily reach it from several places.<\/p>\n<p>The nearest main axis is the Madrid-C\u00e1diz (N-IV) highway, from which the N-322 road connects the region with the rest of Andaluc\u00eda and other Autonomous Communities. As the Natural Park is a large area, you can find below a detailed explanation of the main access routes.<\/p>\n<p>[\/et_pb_text][\/et_pb_column][et_pb_column type=\u00bb1_2&#8243;][et_pb_image admin_label=\u00bbImagen\u00bb src=\u00bbhttp:\/\/cazorla.es\/turismo\/wp-content\/uploads\/2016\/04\/comollegar1.png\u00bb show_in_lightbox=\u00bboff\u00bb url_new_window=\u00bboff\u00bb use_overlay=\u00bboff\u00bb animation=\u00bbleft\u00bb sticky=\u00bboff\u00bb align=\u00bbleft\u00bb force_fullwidth=\u00bboff\u00bb always_center_on_mobile=\u00bbon\u00bb use_border_color=\u00bboff\u00bb border_color=\u00bb#ffffff\u00bb border_style=\u00bbsolid\u00bb] [\/et_pb_image][\/et_pb_column][\/et_pb_row][et_pb_row admin_label=\u00bbFila\u00bb][et_pb_column type=\u00bb4_4&#8243;][et_pb_text admin_label=\u00bbTexto\u00bb background_layout=\u00bblight\u00bb text_orientation=\u00bbjustified\u00bb use_border_color=\u00bboff\u00bb border_color=\u00bb#ffffff\u00bb border_style=\u00bbsolid\u00bb custom_margin=\u00bb0px|||\u00bb]<\/p>\n<p>The main road that allow you to enter the Natural Park is N-322, which connects the highway (N-IV) from Bail\u00e9n to Albacete. From this road there are several possibilities to get to the Natural Park: you can take the A-315 road to \u00dabeda, Torreperogil, Peal de Becerro and, from there, take the A-319 to Cazorla; or continue the N-322 from Torreperogil to Villacarrillo, Villanueva del Arzobispo, Puente G\u00e9nave and G\u00e9nave, in order to access the Natural Park from Sierra de Segura.<\/p>\n<p>If you come from the southeast of Andaluc\u00eda, Murcia, or Alicante, you have to take the A-92 N road towards the vicinity of Baza (Granada) where it is linked to the A-315 which will lead you to Pozo Alc\u00f3n. If you come from Granada or Almer\u00eda, you can take this exact route or you can follow the A-44 road and in the junction of la Venta de la Nava, take the A-308 to Iznalloz, then the A-4001 to Pi\u00f1ar and subsequently the A-401 to Torre C\u00e1rdela and Guadahortuna. From Guadahortuna, continue on this track towards J\u00f3dar. Once you have arrived, take the road to \u00dabeda and after 3km you will find an intersection. Take the A6105 to Peal de Becerro and from there, take the A-319 to Cazorla.<\/p>\n<p>If you come from the north side of Granada, you can take the C-321 road from La Puebla de Don Fadrique, which will lead you to Santiago de la Espada. This route is very used by tourists from the community of Murcia.<\/p>\n<p>For the ones who come from the community of Valencia, the easiest and fastest way is the N-430 which leads you to Albacete where we can follow the N-322 to G\u00e9nave and \u00dabeda.<\/p>\n<p>You can also enter the Natural Park from the north side of Ja\u00e9n. Take the A-310 and JA-9111 which goes through Siles and Villarrodrigo, respectively.<\/p>\n<p>[\/et_pb_text][et_pb_text admin_label=\u00bbTexto\u00bb background_layout=\u00bblight\u00bb text_orientation=\u00bbleft\u00bb use_border_color=\u00bboff\u00bb border_color=\u00bb#ffffff\u00bb border_style=\u00bbsolid\u00bb]<\/p>\n<h1><strong>ROAD MAP<\/strong><\/h1>\n<p>To check and download the road map of the province of Ja\u00e9n, click <a href=\"http:\/\/cazorla.es\/turismo\/wp-content\/uploads\/2017\/12\/Red-Viaria-Ja%C3%A9n-2017.pdf\" target=\"_blank\">here<\/a>.<\/p>\n<p>[\/et_pb_text][et_pb_code admin_label=\u00bbMapa\u00bb]&lt;div&gt;&lt;iframe src=\u00bbhttps:\/\/maps.here.com\/discover?map=37.91389,-3.00057,16,satellite&amp;amp;x=ep\u00bb width=\u00bb1100&#8243; height=\u00bb720&#8243; frameborder=\u00bb1&#8243; marginwidth=\u00bb100&#8243; marginheight=\u00bb100&#8243; scrolling=\u00bbno\u00bb&gt;&lt;\/iframe&gt;&lt;\/div&gt;[\/et_pb_code][\/et_pb_column][\/et_pb_row][\/et_pb_section]<\/p>\n","protected":false},"excerpt":{"rendered":"<p>How to Arrive\/Getting Here The prime location of the Natural Park, situated on the east side of Ja\u00e9n and bordered to the northeast by Sierra de Alcazar (Albacete) and to [&hellip;]<\/p>\n","protected":false},"author":2,"featured_media":0,"parent":0,"menu_order":0,"comment_status":"closed","ping_status":"closed","template":"","meta":{"_et_pb_use_builder":"on","_et_pb_old_content":"","_et_gb_content_width":"","footnotes":""},"class_list":["post-3447","page","type-page","status-publish","hentry"],"_links":{"self":[{"href":"https:\/\/cazorla.es\/turismo\/wp-json\/wp\/v2\/pages\/3447","targetHints":{"allow":["GET"]}}],"collection":[{"href":"https:\/\/cazorla.es\/turismo\/wp-json\/wp\/v2\/pages"}],"about":[{"href":"https:\/\/cazorla.es\/turismo\/wp-json\/wp\/v2\/types\/page"}],"author":[{"embeddable":true,"href":"https:\/\/cazorla.es\/turismo\/wp-json\/wp\/v2\/users\/2"}],"replies":[{"embeddable":true,"href":"https:\/\/cazorla.es\/turismo\/wp-json\/wp\/v2\/comments?post=3447"}],"version-history":[{"count":6,"href":"https:\/\/cazorla.es\/turismo\/wp-json\/wp\/v2\/pages\/3447\/revisions"}],"predecessor-version":[{"id":3897,"href":"https:\/\/cazorla.es\/turismo\/wp-json\/wp\/v2\/pages\/3447\/revisions\/3897"}],"wp:attachment":[{"href":"https:\/\/cazorla.es\/turismo\/wp-json\/wp\/v2\/media?parent=3447"}],"curies":[{"name":"wp","href":"https:\/\/api.w.org\/{rel}","templated":true}]}}