{"id":4329,"date":"2020-01-27T11:34:27","date_gmt":"2020-01-27T11:34:27","guid":{"rendered":"http:\/\/cazorla.es\/turismo\/?page_id=4329"},"modified":"2024-06-27T07:38:43","modified_gmt":"2024-06-27T07:38:43","slug":"localizacion-geografica","status":"publish","type":"page","link":"https:\/\/cazorla.es\/turismo\/localizacion-geografica\/","title":{"rendered":"Localizaci\u00f3n Geogr\u00e1fica"},"content":{"rendered":"<p>[et_pb_section fb_built=\u00bb1&#8243; custom_padding_last_edited=\u00bbon|desktop\u00bb admin_label=\u00bbSecci\u00f3n\u00bb _builder_version=\u00bb4.16&#8243; background_color=\u00bb#ffffff\u00bb custom_padding_tablet=\u00bb50px|0|50px|0&#8243; transparent_background=\u00bboff\u00bb padding_mobile=\u00bboff\u00bb make_fullwidth=\u00bboff\u00bb use_custom_width=\u00bboff\u00bb width_unit=\u00bbon\u00bb global_colors_info=\u00bb{}\u00bb custom_padding_phone=\u00bb50px|0|50px|0&#8243;][et_pb_row padding_mobile=\u00bboff\u00bb column_padding_mobile=\u00bbon\u00bb admin_label=\u00bbFila\u00bb _builder_version=\u00bb4.16&#8243; background_size=\u00bbinitial\u00bb background_position=\u00bbtop_left\u00bb background_repeat=\u00bbrepeat\u00bb make_fullwidth=\u00bboff\u00bb use_custom_width=\u00bboff\u00bb width_unit=\u00bbon\u00bb global_colors_info=\u00bb{}\u00bb column_structure=\u00bb1_2,1_2&#8243;][et_pb_column type=\u00bb1_2&#8243; _builder_version=\u00bb4.16&#8243; custom_padding=\u00bb|||\u00bb global_colors_info=\u00bb{}\u00bb custom_padding__hover=\u00bb|||\u00bb][et_pb_text admin_label=\u00bbTexto\u00bb module_id=\u00bblocalizaciongeografica\u00bb _builder_version=\u00bb4.16&#8243; background_size=\u00bbinitial\u00bb background_position=\u00bbtop_left\u00bb background_repeat=\u00bbrepeat\u00bb text_orientation=\u00bbjustified\u00bb use_border_color=\u00bboff\u00bb border_color=\u00bb#ffffff\u00bb border_style=\u00bbsolid\u00bb global_colors_info=\u00bb{}\u00bb]<\/p>\n<h1>Cazorla<\/h1>\n<p class=\"lead\">Municipio situado al este de la provincia, centro del Parque Natural de las Sierras de Cazorla, Segura y Las Villas, el mayor espacio protegido de Espa\u00f1a, el segundo de Europa y declarado Reserva de la Biosfera por la UNESCO desde 1983.<\/p>\n<p class=\"lead\">Laberinto orogr\u00e1fico de valles, calares , tajos, monta\u00f1as y altiplanos de gran importancia hidrol\u00f3gica (por la gran cantidad de r\u00ed\u00ados y arroyos que de \u00e9l manan); bot\u00e1nica ( pino laricio, pino carrasco, pino negral y muchas especies end\u00e9micas ); faun\u00ed\u00adstico-cineg\u00e9tica y paisaj\u00ed\u00adstica.<\/p>\n<p class=\"lead\">De todo lo cual se deriva que es uno de los espacios naturales m\u00e1s visitados y frecuentados del pa\u00ed\u00ads.<\/p>\n<p>[\/et_pb_text][\/et_pb_column][et_pb_column type=\u00bb1_2&#8243; _builder_version=\u00bb4.16&#8243; custom_padding=\u00bb|||\u00bb global_colors_info=\u00bb{}\u00bb custom_padding__hover=\u00bb|||\u00bb][et_pb_image src=\u00bbhttp:\/\/cazorla.es\/turismo\/wp-content\/uploads\/2016\/01\/Naturalmania.jpg\u00bb alt=\u00bbimac-cazorla\u00bb title_text=\u00bbimac-cazorla\u00bb align=\u00bbcenter\u00bb align_tablet=\u00bbcenter\u00bb align_last_edited=\u00bbon|desktop\u00bb admin_label=\u00bbImagen\u00bb _builder_version=\u00bb4.16&#8243; max_width=\u00bb335px\u00bb use_border_color=\u00bboff\u00bb border_color=\u00bb#ffffff\u00bb border_style=\u00bbsolid\u00bb animation=\u00bboff\u00bb sticky=\u00bboff\u00bb always_center_on_mobile=\u00bbon\u00bb global_colors_info=\u00bb{}\u00bb align_phone=\u00bbcenter\u00bb]&nbsp;<br \/>\n[\/et_pb_image][\/et_pb_column][\/et_pb_row][et_pb_row admin_label=\u00bbFila\u00bb _builder_version=\u00bb4.25.2&#8243; background_size=\u00bbinitial\u00bb background_position=\u00bbtop_left\u00bb background_repeat=\u00bbrepeat\u00bb hover_enabled=\u00bb0&#8243; global_colors_info=\u00bb{}\u00bb sticky_enabled=\u00bb0&#8243;][et_pb_column type=\u00bb4_4&#8243; _builder_version=\u00bb4.16&#8243; custom_padding=\u00bb|||\u00bb global_colors_info=\u00bb{}\u00bb custom_padding__hover=\u00bb|||\u00bb][et_pb_video src=\u00bbhttps:\/\/www.youtube.com\/watch?v=cYt0HPU6U6Q\u00bb src_webm=\u00bbhttps:\/\/www.youtube.com\/watch?v=cYt0HPU6U6Q\u00bb admin_label=\u00bbV\u00eddeo Cazorla, Naturaleza Viva\u00bb _builder_version=\u00bb4.25.2&#8243; hover_enabled=\u00bb0&#8243; global_colors_info=\u00bb{}\u00bb sticky_enabled=\u00bb0&#8243;]&nbsp;<br \/>\n[\/et_pb_video][\/et_pb_column][\/et_pb_row][et_pb_row padding_mobile=\u00bboff\u00bb column_padding_mobile=\u00bbon\u00bb admin_label=\u00bbFila\u00bb _builder_version=\u00bb4.16&#8243; background_size=\u00bbinitial\u00bb background_position=\u00bbtop_left\u00bb background_repeat=\u00bbrepeat\u00bb make_fullwidth=\u00bboff\u00bb use_custom_width=\u00bboff\u00bb width_unit=\u00bbon\u00bb global_colors_info=\u00bb{}\u00bb column_structure=\u00bb1_2,1_2&#8243;][et_pb_column type=\u00bb1_2&#8243; _builder_version=\u00bb4.16&#8243; custom_padding=\u00bb|||\u00bb global_colors_info=\u00bb{}\u00bb custom_padding__hover=\u00bb|||\u00bb][et_pb_text admin_label=\u00bbTexto\u00bb _builder_version=\u00bb4.16&#8243; background_size=\u00bbinitial\u00bb background_position=\u00bbtop_left\u00bb background_repeat=\u00bbrepeat\u00bb text_orientation=\u00bbjustified\u00bb use_border_color=\u00bboff\u00bb border_color=\u00bb#ffffff\u00bb border_style=\u00bbsolid\u00bb global_colors_info=\u00bb{}\u00bb]<\/p>\n<h1>Visita Cazorla<\/h1>\n<p class=\"lead\">La poblaci\u00f3n, pintoresca y de gran inter\u00e9s tur\u00ed\u00adstico se asienta a la sombra de la Pe\u00f1a de los Halcones, con la sierra a sus espaldas y un inmenso mar de olivos de frente; ofreciendo una panor\u00e1mica \u00fanica, espectacular e impresionante. Sobre el conjunto se levanta el Castillo de la Yedra, que domina la urdimbre urbana de calles estrechas con sus viviendas tradicionales, casas se\u00f1oriales y monumentos, decenas de sendas para adentrarse en pleno Parque Natural, pasear por sus estrechas y empinadas calles, plenas de sabor ar\u00e1bigo-andaluz; grabar en la retina o recoger con su c\u00e1maras im\u00e1genes, una y mil\u2026, de singular encanto; retener en la memoria sonidos, colores y aromas \u00fanicos.. rumores de aguas cantarinas en las numerosas fuentes&#8230; Visitar sus comercios donde encontrar\u00e1n los productos caracter\u00edsticos de la comarca. Familiarizarse con cientos de sabores de las tapas y platos que los distintos bares y restaurantes ofrecen.<\/p>\n<p>[\/et_pb_text][\/et_pb_column][et_pb_column type=\u00bb1_2&#8243; _builder_version=\u00bb4.16&#8243; custom_padding=\u00bb|||\u00bb global_colors_info=\u00bb{}\u00bb custom_padding__hover=\u00bb|||\u00bb][et_pb_image src=\u00bbhttp:\/\/cazorla.es\/turismo\/wp-content\/uploads\/2016\/01\/balcon.png\u00bb align=\u00bbcenter\u00bb align_tablet=\u00bbcenter\u00bb align_last_edited=\u00bbon|desktop\u00bb admin_label=\u00bbImagen\u00bb _builder_version=\u00bb4.16&#8243; max_width=\u00bb335px\u00bb use_border_color=\u00bboff\u00bb border_color=\u00bb#ffffff\u00bb border_style=\u00bbsolid\u00bb animation=\u00bboff\u00bb sticky=\u00bboff\u00bb always_center_on_mobile=\u00bbon\u00bb global_colors_info=\u00bb{}\u00bb align_phone=\u00bbcenter\u00bb]&nbsp;<br \/>\n[\/et_pb_image][\/et_pb_column][\/et_pb_row][et_pb_row padding_mobile=\u00bboff\u00bb column_padding_mobile=\u00bbon\u00bb admin_label=\u00bbFila\u00bb _builder_version=\u00bb4.16&#8243; background_size=\u00bbinitial\u00bb background_position=\u00bbtop_left\u00bb background_repeat=\u00bbrepeat\u00bb make_fullwidth=\u00bboff\u00bb use_custom_width=\u00bboff\u00bb width_unit=\u00bbon\u00bb global_colors_info=\u00bb{}\u00bb column_structure=\u00bb1_2,1_2&#8243;][et_pb_column type=\u00bb1_2&#8243; _builder_version=\u00bb4.16&#8243; custom_padding=\u00bb|||\u00bb global_colors_info=\u00bb{}\u00bb custom_padding__hover=\u00bb|||\u00bb][et_pb_image src=\u00bbhttp:\/\/cazorla.es\/turismo\/wp-content\/uploads\/2016\/01\/plzaconstitucion.png\u00bb align=\u00bbcenter\u00bb align_tablet=\u00bbcenter\u00bb align_last_edited=\u00bbon|desktop\u00bb admin_label=\u00bbImagen\u00bb _builder_version=\u00bb4.16&#8243; max_width=\u00bb335px\u00bb use_border_color=\u00bboff\u00bb border_color=\u00bb#ffffff\u00bb border_style=\u00bbsolid\u00bb animation=\u00bboff\u00bb sticky=\u00bboff\u00bb always_center_on_mobile=\u00bbon\u00bb global_colors_info=\u00bb{}\u00bb align_phone=\u00bbcenter\u00bb]&nbsp;<br \/>\n[\/et_pb_image][\/et_pb_column][et_pb_column type=\u00bb1_2&#8243; _builder_version=\u00bb4.16&#8243; custom_padding=\u00bb|||\u00bb global_colors_info=\u00bb{}\u00bb custom_padding__hover=\u00bb|||\u00bb][et_pb_text admin_label=\u00bbTexto\u00bb _builder_version=\u00bb4.16&#8243; background_size=\u00bbinitial\u00bb background_position=\u00bbtop_left\u00bb background_repeat=\u00bbrepeat\u00bb text_orientation=\u00bbjustified\u00bb use_border_color=\u00bboff\u00bb border_color=\u00bb#ffffff\u00bb border_style=\u00bbsolid\u00bb global_colors_info=\u00bb{}\u00bb]<\/p>\n<p class=\"lead\">La Oficina Municipal de Turismo de Cazorla se encuentra situada en las Ruinas de Santa Mar\u00eda en el casco ant\u00edguo de Cazorla y a 200 metros de la Plaza de la Constituci\u00f3n. Para consultar el <b>HORARIO<\/b> de apertura de nuestra oficina pulse en el bot\u00f3n de abajo.<\/p>\n<p><a class=\"btn btn-primary\" style=\"color: white;\" href=\"http:\/\/cazorla.es\/turismo\/wp-content\/uploads\/2018\/02\/OFICINA_TURISMO_2018.pdf\" target=\"_blank\" rel=\"noopener\">HORARIO<\/a> <a class=\"btn btn-primary btn-lg\"><span class=\"network-name\" style=\"color: white;\">Email: turismo@cazorla.es<\/span><\/a><br \/>\n<a class=\"btn btn-primary btn-lg\"><span class=\"network-name\" style=\"color: white;\">Tel\u00e9fono: 953 71 01 02 &#8211; 953 72 00 00<\/span><\/a><br \/>\n[\/et_pb_text][\/et_pb_column][\/et_pb_row][\/et_pb_section]<\/p>\n","protected":false},"excerpt":{"rendered":"<p>Cazorla Municipio situado al este de la provincia, centro del Parque Natural de las Sierras de Cazorla, Segura y Las Villas, el mayor espacio protegido de Espa\u00f1a, el segundo de [&hellip;]<\/p>\n","protected":false},"author":2,"featured_media":0,"parent":0,"menu_order":0,"comment_status":"closed","ping_status":"closed","template":"","meta":{"_et_pb_use_builder":"on","_et_pb_old_content":"","_et_gb_content_width":"","footnotes":""},"class_list":["post-4329","page","type-page","status-publish","hentry"],"_links":{"self":[{"href":"https:\/\/cazorla.es\/turismo\/wp-json\/wp\/v2\/pages\/4329","targetHints":{"allow":["GET"]}}],"collection":[{"href":"https:\/\/cazorla.es\/turismo\/wp-json\/wp\/v2\/pages"}],"about":[{"href":"https:\/\/cazorla.es\/turismo\/wp-json\/wp\/v2\/types\/page"}],"author":[{"embeddable":true,"href":"https:\/\/cazorla.es\/turismo\/wp-json\/wp\/v2\/users\/2"}],"replies":[{"embeddable":true,"href":"https:\/\/cazorla.es\/turismo\/wp-json\/wp\/v2\/comments?post=4329"}],"version-history":[{"count":2,"href":"https:\/\/cazorla.es\/turismo\/wp-json\/wp\/v2\/pages\/4329\/revisions"}],"predecessor-version":[{"id":5232,"href":"https:\/\/cazorla.es\/turismo\/wp-json\/wp\/v2\/pages\/4329\/revisions\/5232"}],"wp:attachment":[{"href":"https:\/\/cazorla.es\/turismo\/wp-json\/wp\/v2\/media?parent=4329"}],"curies":[{"name":"wp","href":"https:\/\/api.w.org\/{rel}","templated":true}]}}