{"id":5291,"date":"2026-01-13T17:39:16","date_gmt":"2026-01-13T17:39:16","guid":{"rendered":"https:\/\/cazorla.es\/turismo\/?page_id=5291"},"modified":"2026-01-13T17:59:53","modified_gmt":"2026-01-13T17:59:53","slug":"diego-de-los-cobos","status":"publish","type":"page","link":"https:\/\/cazorla.es\/turismo\/diego-de-los-cobos\/","title":{"rendered":"DIego de los Cobos"},"content":{"rendered":"<p>[et_pb_section fb_built=\u00bb1&#8243; admin_label=\u00bbsection\u00bb _builder_version=\u00bb4.16&#8243; global_colors_info=\u00bb{}\u00bb][et_pb_row admin_label=\u00bbrow\u00bb _builder_version=\u00bb4.16&#8243; background_size=\u00bbinitial\u00bb background_position=\u00bbtop_left\u00bb background_repeat=\u00bbrepeat\u00bb global_colors_info=\u00bb{}\u00bb][et_pb_column type=\u00bb4_4&#8243; _builder_version=\u00bb4.16&#8243; custom_padding=\u00bb|||\u00bb global_colors_info=\u00bb{}\u00bb custom_padding__hover=\u00bb|||\u00bb][et_pb_text admin_label=\u00bbTexto\u00bb _builder_version=\u00bb4.16&#8243; background_size=\u00bbinitial\u00bb background_position=\u00bbtop_left\u00bb background_repeat=\u00bbrepeat\u00bb hover_enabled=\u00bb0&#8243; use_border_color=\u00bboff\u00bb border_color=\u00bb#ffffff\u00bb border_style=\u00bbsolid\u00bb global_colors_info=\u00bb{}\u00bb sticky_enabled=\u00bb0&#8243;][\/et_pb_text][\/et_pb_column][\/et_pb_row][et_pb_row _builder_version=\u00bb4.27.5&#8243; _module_preset=\u00bbdefault\u00bb global_colors_info=\u00bb{}\u00bb][et_pb_column type=\u00bb4_4&#8243; _builder_version=\u00bb4.27.5&#8243; _module_preset=\u00bbdefault\u00bb global_colors_info=\u00bb{}\u00bb][et_pb_text _builder_version=\u00bb4.27.5&#8243; _module_preset=\u00bbdefault\u00bb hover_enabled=\u00bb0&#8243; global_colors_info=\u00bb{}\u00bb sticky_enabled=\u00bb0&#8243;]<\/p>\n<h1 style=\"text-align: center;\"><span>DIEGO DE LOS COBOS<\/span><\/h1>\n<p style=\"text-align: center;\"><span><img loading=\"lazy\" decoding=\"async\" src=\"http:\/\/cazorla.es\/turismo\/wp-content\/uploads\/2026\/01\/IMG_5780-198x300.jpg\" width=\"440\" height=\"666\" alt=\"\" class=\"wp-image-5282 alignnone size-medium\" \/><\/span><\/p>\n<p><span><\/span><\/p>\n<p><span>Diego de los Cobos y Mendoza naci\u00f3 en Valladolid en 1524 y fue el primog\u00e9nito de Francisco de los Cobos y Molina y de Mar\u00eda Hurtado de Mendoza y Sarmiento. Su padre, procedente de una familia hidalga de \u00dabeda (Ja\u00e9n), alcanz\u00f3 altos cargos en la Corte, desempe\u00f1\u00e1ndose como secretario del emperador Carlos V hasta su muerte en 1547 (Argote, 1866). Gracias a este cargo, Francisco de los Cobos se convirti\u00f3 en uno de los personajes m\u00e1s influyentes y acaudalados de su tiempo, legado que transmiti\u00f3 a su descendencia.<\/span><\/p>\n<p>Diego <span>de los Cobos hered\u00f3 no solo la fortuna y el poder paternos, sino que tambi\u00e9n increment\u00f3 su prestigio al casarse, el 16 de enero de 1543, con Francisca Luisa de Luna, miembro de una familia aragonesa de alta alcurnia pero con escasa fortuna (Crespo, 1962). Ese mismo a\u00f1o la pareja obtuvo los se\u00f1or\u00edos de Camarasa, Muel, Ricla y Villafeliche, y el 18 de febrero de 1543 el emperador Carlos V les otorg\u00f3 el t\u00edtulo de marqueses de Camarasa (Gonz\u00e1lez, 1979).<\/span><\/p>\n<p>Desde <span>su infancia, Diego de los Cobos recibi\u00f3 numerosos cargos y honores. Fue Caballero de Santiago y regidor de \u00dabeda, donde se encuentra la capilla del Salvador, construida por Andr\u00e9s de Vandelvira, que alberga sus restos junto a los de sus padres (Barranco, 1996). Tambi\u00e9n ostent\u00f3 los t\u00edtulos de paje del pr\u00edncipe Felipe, canciller de las Indias, se\u00f1or de Sabiote y Canena (Ja\u00e9n) y adelantado de Cazorla, dignidad heredada de su padre (Berni y Catal\u00e1, 19996). Este cargo era especialmente codiciado por las altas rentas que generaba. Es probable que Diego pasara largas estancias en la villa de Cazorla y, como noble, impuls\u00f3 diversas obras arquitect\u00f3nicas y art\u00edsticas en la localidad a finales del siglo XVI.<\/span><\/p>\n<p>Conocemos algunas de <span>las propiedades de los marqueses de Camarasa en Cazorla gracias a una querella de 1570<\/span>1 <span>por el impago de unos censos perpetuos sobre un solar y unas huertas pertenecientes a una capellan\u00eda. El pleito concluy\u00f3 en 1577 con la ejecuci\u00f3n de bienes de Diego de los Cobos para cubrir la deuda (Crespo, 2023). Esta documentaci\u00f3n permite identificar varias de sus posesiones:<\/span><\/p>\n<ol>\n<li>Nogueras <span>y olivos situados cerca del castillo de Cazorla, en el paraje conocido como Fuente de la <\/span><\/li>\n<li><span>La casa y huertas del marqu\u00e9s situadas fuera de la villa, en la carrera, en el paraje de la Tejera (actual paseo de la Alameda), donde se encontraba la ermita del Cristo de la Vera Este solar es el lugar donde posteriormente se levantar\u00eda la Casa de las Cadenas. Se trataba de su casa de campo, tal como indican documentos \u00a0que \u00a0destacan\u00a0 \u00a0lo\u00a0 \u00a0\u201calejada\u00a0 \u00a0que\u00a0 \u00a0est\u00e1\u00a0 \u00a0del\u00a0 \u00a0pueblo\u00a0 \u00a0y\u00a0 \u00a0de\u00a0 \u00a0las\u00a0 \u00a0tiendas\u201d. La casa principal de la familia y residencia habitual de Diego en Cazorla se hallaba en la Puerta de Nubla, descrita como \u201clas casas principales, huerta, corrales y jara\u00edces<\/span>2 <span>que el dicho don Diego dej\u00f3 en esta villa de Cazorla en la parte que dicen la Puerta Nubla\u201d.<\/span><\/li>\n<li>Edificios destinados al almacenamiento de <span>los frutos de sus tierras, adem\u00e1s de diversas casas en las villas de La Iruela y Quesada.<\/span><\/li>\n<\/ol>\n<p>&nbsp;<\/p>\n<p>1 Testimonio de los autos de posesi\u00f3n tomada en nombre del Excmo. Sr don Bernardo de Sandoval y Roxas. Arzobispo de Toledo y en su dignidad arzobispal por el licenciado don Bernardino \u00c1vila de Vera. Archivo Diocesano de Toledo. LIBRO IV\/3232.<\/p>\n<p>2 Sitio donde se prensa la aceituna para sacar el aceite, o donde se machaca la manzana para obtener la sidra.<\/p>\n<p><img loading=\"lazy\" decoding=\"async\" src=\"http:\/\/cazorla.es\/turismo\/wp-content\/uploads\/2026\/01\/Diego-de-los-Cobos-1-254x300.jpg\" width=\"372\" height=\"439\" alt=\"\" class=\"wp-image-5297 alignnone size-medium\" style=\"display: block; margin-left: auto; margin-right: auto;\" \/><\/p>\n<p><strong>Fig 1<\/strong>. Retrato de don Diego de los Cobos y Mendoza primer marqu\u00e9s de Camarasa (copia). \u00d3leo de Rafael Cantarero de 1952. Colecci\u00f3n de la familia Muro. Fotograf\u00eda Majovi.<\/p>\n<p><img loading=\"lazy\" decoding=\"async\" src=\"http:\/\/cazorla.es\/turismo\/wp-content\/uploads\/2026\/01\/Diego-de-los-Cobos-2-203x300.jpg\" width=\"368\" height=\"544\" alt=\"\" class=\"wp-image-5298 alignnone size-medium\" style=\"display: block; margin-left: auto; margin-right: auto;\" \/><\/p>\n<p><strong>Fig 2. <\/strong>Retrato de don Diego de los Cobos y Mendoza. Dibujo de Valent\u00edn Calderera. 1855. Biblioteca Nacional de Espa\u00f1a.<\/p>\n<p style=\"text-align: center;\"><em>Texto de Manuel Mallenco Rodr\u00edguez<\/em><\/p>\n<p>[\/et_pb_text][\/et_pb_column][\/et_pb_row][et_pb_row admin_label=\u00bbFila\u00bb _builder_version=\u00bb4.16&#8243; background_size=\u00bbinitial\u00bb background_position=\u00bbtop_left\u00bb background_repeat=\u00bbrepeat\u00bb global_colors_info=\u00bb{}\u00bb][et_pb_column type=\u00bb4_4&#8243; _builder_version=\u00bb4.16&#8243; custom_padding=\u00bb|||\u00bb global_colors_info=\u00bb{}\u00bb custom_padding__hover=\u00bb|||\u00bb][et_pb_text admin_label=\u00bbTexto\u00bb _builder_version=\u00bb4.16&#8243; background_size=\u00bbinitial\u00bb background_position=\u00bbtop_left\u00bb background_repeat=\u00bbrepeat\u00bb text_orientation=\u00bbcenter\u00bb module_alignment=\u00bbcenter\u00bb use_border_color=\u00bboff\u00bb border_color=\u00bb#ffffff\u00bb border_style=\u00bbsolid\u00bb global_colors_info=\u00bb{}\u00bb]<\/p>\n<p style=\"text-align: center;\"><strong><em>Aqu\u00ed puedes encontrar su ubicaci\u00f3n en el municipio:<\/em><\/strong><\/p>\n<p>[\/et_pb_text][et_pb_code admin_label=\u00bbC\u00f3digo\u00bb _builder_version=\u00bb4.16&#8243; global_colors_info=\u00bb{}\u00bb]<iframe loading=\"lazy\" src=\"https:\/\/www.google.com\/maps\/d\/embed?mid=1tUyH04KW_LQZN28MnWfS5mebFY-kTnYm\" width=\"900\" height=\"600\"><\/iframe>[\/et_pb_code][\/et_pb_column][\/et_pb_row][\/et_pb_section]<\/p>\n","protected":false},"excerpt":{"rendered":"<p>DIEGO DE LOS COBOS Diego de los Cobos y Mendoza naci\u00f3 en Valladolid en 1524 y fue el primog\u00e9nito de Francisco de los Cobos y Molina y de Mar\u00eda Hurtado [&hellip;]<\/p>\n","protected":false},"author":2,"featured_media":0,"parent":0,"menu_order":0,"comment_status":"closed","ping_status":"closed","template":"","meta":{"_et_pb_use_builder":"on","_et_pb_old_content":"","_et_gb_content_width":"","footnotes":""},"class_list":["post-5291","page","type-page","status-publish","hentry"],"_links":{"self":[{"href":"https:\/\/cazorla.es\/turismo\/wp-json\/wp\/v2\/pages\/5291","targetHints":{"allow":["GET"]}}],"collection":[{"href":"https:\/\/cazorla.es\/turismo\/wp-json\/wp\/v2\/pages"}],"about":[{"href":"https:\/\/cazorla.es\/turismo\/wp-json\/wp\/v2\/types\/page"}],"author":[{"embeddable":true,"href":"https:\/\/cazorla.es\/turismo\/wp-json\/wp\/v2\/users\/2"}],"replies":[{"embeddable":true,"href":"https:\/\/cazorla.es\/turismo\/wp-json\/wp\/v2\/comments?post=5291"}],"version-history":[{"count":6,"href":"https:\/\/cazorla.es\/turismo\/wp-json\/wp\/v2\/pages\/5291\/revisions"}],"predecessor-version":[{"id":5312,"href":"https:\/\/cazorla.es\/turismo\/wp-json\/wp\/v2\/pages\/5291\/revisions\/5312"}],"wp:attachment":[{"href":"https:\/\/cazorla.es\/turismo\/wp-json\/wp\/v2\/media?parent=5291"}],"curies":[{"name":"wp","href":"https:\/\/api.w.org\/{rel}","templated":true}]}}

<p>[et_pb_section fb_built=»1&#8243; admin_label=»section» _builder_version=»4.16&#8243; global_colors_info=»{}»][et_pb_row admin_label=»row» _builder_version=»4.16&#8243; background_size=»initial» background_position=»top_left» background_repeat=»repeat» global_colors_info=»{}»][et_pb_column type=»4_4&#8243; _builder_version=»4.16&#8243; custom_padding=»|||» global_colors_info=»{}» custom_padding__hover=»|||»][et_pb_text admin_label=»Texto» _builder_version=»4.16&#8243; background_size=»initial» background_position=»top_left» background_repeat=»repeat» hover_enabled=»0&#8243; use_border_color=»off» border_color=»#ffffff» border_style=»solid» global_colors_info=»{}» sticky_enabled=»0&#8243;][/et_pb_text][/et_pb_column][/et_pb_row][et_pb_row _builder_version=»4.27.5&#8243; _module_preset=»default» global_colors_info=»{}»][et_pb_column type=»4_4&#8243; _builder_version=»4.27.5&#8243; _module_preset=»default» global_colors_info=»{}»][et_pb_text _builder_version=»4.27.5&#8243; _module_preset=»default» hover_enabled=»0&#8243; global_colors_info=»{}» sticky_enabled=»0&#8243;]</p>
<h1 style="text-align: center;"><span>DIEGO DE LOS COBOS</span></h1>
<p style="text-align: center;"><span><img loading="lazy" decoding="async" src="http://cazorla.es/turismo/wp-content/uploads/2026/01/IMG_5780-198x300.jpg" width="440" height="666" alt="" class="wp-image-5282 alignnone size-medium" /></span></p>
<p><span></span></p>
<p><span>Diego de los Cobos y Mendoza nació en Valladolid en 1524 y fue el primogénito de Francisco de los Cobos y Molina y de María Hurtado de Mendoza y Sarmiento. Su padre, procedente de una familia hidalga de Úbeda (Jaén), alcanzó altos cargos en la Corte, desempeñándose como secretario del emperador Carlos V hasta su muerte en 1547 (Argote, 1866). Gracias a este cargo, Francisco de los Cobos se convirtió en uno de los personajes más influyentes y acaudalados de su tiempo, legado que transmitió a su descendencia.</span></p>
<p>Diego <span>de los Cobos heredó no solo la fortuna y el poder paternos, sino que también incrementó su prestigio al casarse, el 16 de enero de 1543, con Francisca Luisa de Luna, miembro de una familia aragonesa de alta alcurnia pero con escasa fortuna (Crespo, 1962). Ese mismo año la pareja obtuvo los señoríos de Camarasa, Muel, Ricla y Villafeliche, y el 18 de febrero de 1543 el emperador Carlos V les otorgó el título de marqueses de Camarasa (González, 1979).</span></p>
<p>Desde <span>su infancia, Diego de los Cobos recibió numerosos cargos y honores. Fue Caballero de Santiago y regidor de Úbeda, donde se encuentra la capilla del Salvador, construida por Andrés de Vandelvira, que alberga sus restos junto a los de sus padres (Barranco, 1996). También ostentó los títulos de paje del príncipe Felipe, canciller de las Indias, señor de Sabiote y Canena (Jaén) y adelantado de Cazorla, dignidad heredada de su padre (Berni y Catalá, 19996). Este cargo era especialmente codiciado por las altas rentas que generaba. Es probable que Diego pasara largas estancias en la villa de Cazorla y, como noble, impulsó diversas obras arquitectónicas y artísticas en la localidad a finales del siglo XVI.</span></p>
<p>Conocemos algunas de <span>las propiedades de los marqueses de Camarasa en Cazorla gracias a una querella de 1570</span>1 <span>por el impago de unos censos perpetuos sobre un solar y unas huertas pertenecientes a una capellanía. El pleito concluyó en 1577 con la ejecución de bienes de Diego de los Cobos para cubrir la deuda (Crespo, 2023). Esta documentación permite identificar varias de sus posesiones:</span></p>
<ol>
<li>Nogueras <span>y olivos situados cerca del castillo de Cazorla, en el paraje conocido como Fuente de la </span></li>
<li><span>La casa y huertas del marqués situadas fuera de la villa, en la carrera, en el paraje de la Tejera (actual paseo de la Alameda), donde se encontraba la ermita del Cristo de la Vera Este solar es el lugar donde posteriormente se levantaría la Casa de las Cadenas. Se trataba de su casa de campo, tal como indican documentos  que  destacan   lo   “alejada   que   está   del   pueblo   y   de   las   tiendas”. La casa principal de la familia y residencia habitual de Diego en Cazorla se hallaba en la Puerta de Nubla, descrita como “las casas principales, huerta, corrales y jaraíces</span>2 <span>que el dicho don Diego dejó en esta villa de Cazorla en la parte que dicen la Puerta Nubla”.</span></li>
<li>Edificios destinados al almacenamiento de <span>los frutos de sus tierras, además de diversas casas en las villas de La Iruela y Quesada.</span></li>
</ol>
<p>&nbsp;</p>
<p>1 Testimonio de los autos de posesión tomada en nombre del Excmo. Sr don Bernardo de Sandoval y Roxas. Arzobispo de Toledo y en su dignidad arzobispal por el licenciado don Bernardino Ávila de Vera. Archivo Diocesano de Toledo. LIBRO IV/3232.</p>
<p>2 Sitio donde se prensa la aceituna para sacar el aceite, o donde se machaca la manzana para obtener la sidra.</p>
<p><img loading="lazy" decoding="async" src="http://cazorla.es/turismo/wp-content/uploads/2026/01/Diego-de-los-Cobos-1-254x300.jpg" width="372" height="439" alt="" class="wp-image-5297 alignnone size-medium" style="display: block; margin-left: auto; margin-right: auto;" /></p>
<p><strong>Fig 1</strong>. Retrato de don Diego de los Cobos y Mendoza primer marqués de Camarasa (copia). Óleo de Rafael Cantarero de 1952. Colección de la familia Muro. Fotografía Majovi.</p>
<p><img loading="lazy" decoding="async" src="http://cazorla.es/turismo/wp-content/uploads/2026/01/Diego-de-los-Cobos-2-203x300.jpg" width="368" height="544" alt="" class="wp-image-5298 alignnone size-medium" style="display: block; margin-left: auto; margin-right: auto;" /></p>
<p><strong>Fig 2. </strong>Retrato de don Diego de los Cobos y Mendoza. Dibujo de Valentín Calderera. 1855. Biblioteca Nacional de España.</p>
<p style="text-align: center;"><em>Texto de Manuel Mallenco Rodríguez</em></p>
<p>[/et_pb_text][/et_pb_column][/et_pb_row][et_pb_row admin_label=»Fila» _builder_version=»4.16&#8243; background_size=»initial» background_position=»top_left» background_repeat=»repeat» global_colors_info=»{}»][et_pb_column type=»4_4&#8243; _builder_version=»4.16&#8243; custom_padding=»|||» global_colors_info=»{}» custom_padding__hover=»|||»][et_pb_text admin_label=»Texto» _builder_version=»4.16&#8243; background_size=»initial» background_position=»top_left» background_repeat=»repeat» text_orientation=»center» module_alignment=»center» use_border_color=»off» border_color=»#ffffff» border_style=»solid» global_colors_info=»{}»]</p>
<p style="text-align: center;"><strong><em>Aquí puedes encontrar su ubicación en el municipio:</em></strong></p>
<p>[/et_pb_text][et_pb_code admin_label=»Código» _builder_version=»4.16&#8243; global_colors_info=»{}»]<iframe loading="lazy" src="https://www.google.com/maps/d/embed?mid=1tUyH04KW_LQZN28MnWfS5mebFY-kTnYm" width="900" height="600"></iframe>[/et_pb_code][/et_pb_column][/et_pb_row][/et_pb_section]</p>

<p>DIEGO DE LOS COBOS Diego de los Cobos y Mendoza nació en Valladolid en 1524 y fue el primogénito de Francisco de los Cobos y Molina y de María Hurtado [&hellip;]</p>
