{"id":5292,"date":"2026-01-13T17:55:09","date_gmt":"2026-01-13T17:55:09","guid":{"rendered":"https:\/\/cazorla.es\/turismo\/?page_id=5292"},"modified":"2026-01-13T18:00:32","modified_gmt":"2026-01-13T18:00:32","slug":"pascual-de-aragon","status":"publish","type":"page","link":"https:\/\/cazorla.es\/turismo\/pascual-de-aragon\/","title":{"rendered":"Pascual de Arag\u00f3n"},"content":{"rendered":"<p>[et_pb_section fb_built=\u00bb1&#8243; admin_label=\u00bbsection\u00bb _builder_version=\u00bb4.16&#8243; global_colors_info=\u00bb{}\u00bb][et_pb_row admin_label=\u00bbrow\u00bb _builder_version=\u00bb4.16&#8243; background_size=\u00bbinitial\u00bb background_position=\u00bbtop_left\u00bb background_repeat=\u00bbrepeat\u00bb global_colors_info=\u00bb{}\u00bb][et_pb_column type=\u00bb4_4&#8243; _builder_version=\u00bb4.16&#8243; custom_padding=\u00bb|||\u00bb global_colors_info=\u00bb{}\u00bb custom_padding__hover=\u00bb|||\u00bb][et_pb_text admin_label=\u00bbTexto\u00bb _builder_version=\u00bb4.27.5&#8243; background_size=\u00bbinitial\u00bb background_position=\u00bbtop_left\u00bb background_repeat=\u00bbrepeat\u00bb use_border_color=\u00bboff\u00bb border_color=\u00bb#ffffff\u00bb border_style=\u00bbsolid\u00bb global_colors_info=\u00bb{}\u00bb]<\/p>\n<h1 style=\"text-align: center;\">PASCUAL <span>DE ARAG\u00d3N<\/span><\/h1>\n<p style=\"text-align: center;\"><span><img loading=\"lazy\" decoding=\"async\" src=\"http:\/\/cazorla.es\/turismo\/wp-content\/uploads\/2026\/01\/PHOTO-2025-12-11-10-43-10-1-238x300.jpg\" width=\"442\" height=\"557\" alt=\"\" class=\"wp-image-5284 alignnone size-medium\" \/><\/span><\/p>\n<p><span>Fue bautizado el 11 de abril de 1626. A lo largo de su vida desempe\u00f1\u00f3 diversos cargos de relevancia en distintos puntos de la geograf\u00eda espa\u00f1ola, llegando incluso a ser embajador de Espa\u00f1a en Roma, con el encargo de resolver las tensiones existentes entre la Corona espa\u00f1ola y el papado. Sus servicios a la monarqu\u00eda le valieron el nombramiento, en 1644, como virrey de N\u00e1poles (Carri\u00f3, 2005). En octubre de 1665, Felipe IV lo design\u00f3 inquisidor general, pero la muerte del rey alter\u00f3 los planes y se nombr\u00f3 finalmente para el cargo al confesor de la reina.<\/span><\/p>\n<p><span>Como compensaci\u00f3n, fue nombrado arzobispo de Toledo, sucediendo a Baltasar de Moscoso. El nombramiento para la sede toledana se formaliz\u00f3 el 1 de febrero de 1666 (Barrios,1984: pp. 284-285). Entre sus acciones m\u00e1s importantes al frente del arzobispado se encuentra la compra de la Jurisdicci\u00f3n de Tolerancia del Adelantamiento de Cazorla en 1673, devolviendo al arzobispado de Toledo el control econ\u00f3mico y pol\u00edtico sobre este se\u00f1or\u00edo eclesi\u00e1stico<\/span>3<span>. La compra de la jurisdicci\u00f3n de tolerancia supon\u00eda que el propio arzobispo volv\u00eda a tener el control sobre los nombramientos de los diferentes oficios dentro del Adelantamiento de Cazorla.<\/span><\/p>\n<p><span>En los \u00faltimos a\u00f1os de su vida, intent\u00f3 alejarse de la corte, cansado y decepcionado ante la decadencia del gobierno del \u00faltimo Austria. Abandon\u00f3 Madrid para visitar los lugares m\u00e1s remotos de su di\u00f3cesis. As\u00ed, en enero de 1675, don Antonio Rodr\u00edguez de Pazos, vicario de Cazorla, recibi\u00f3 la confirmaci\u00f3n de la visita del arzobispo, escribiendo:<\/span><\/p>\n<p>&nbsp;<\/p>\n<p><em>\u201c&#8230;la santa resoluci\u00f3n que vuestra eminencia tiene de ver esta tierra y dar una vuelta por ella, espero ha de ser de gran provecho para muchas cosas y bien de muchas almas, porque hasta ahora no han visto la cara de su leg\u00edtimo se\u00f1or, porque ninguno de los se\u00f1ores arzobispos la han visitado. Si importa lo que espero que vuestra eminencia experimentara y creo que se remediara m\u00e1s con su presencia que puedan remediar todos sus ministros con desvelos&#8230;\u201d<\/em><em>4<\/em><\/p>\n<p><span>En 1675 visit\u00f3 Cazorla acompa\u00f1ado de su s\u00e9quito. Permaneci\u00f3 all\u00ed m\u00e1s de tres meses, fijando su residencia principal en la villa y desplaz\u00e1ndose desde ella a todos los lugares del Adelantamiento (Rivera, 1948). A su llegada, qued\u00f3 profundamente afectado por las p\u00e9simas condiciones de vida de la mayor\u00eda de sus habitantes, especialmente de quienes viv\u00edan dispersos por campos y aldeas:<\/span><\/p>\n<p>&nbsp;<\/p>\n<p><em>\u201c&#8230;La miseria de estos pueblos es imposible que se llegue a pensar como es y lo que los haga, siendo m\u00e1s esclavos. La Virgen inspire a los que mandan el medio porque no sean tan vejados, ni con tanta crueldad tratados&#8230;\u201d<\/em><em>5<\/em><\/p>\n<p><span>Con plena conciencia de la situaci\u00f3n de pobreza que sufr\u00eda el Adelantamiento de Cazorla, reform\u00f3 en 1675 unas ordenanzas que no hab\u00edan sido modificadas desde los tiempos del arzobispo Rodrigo Jim\u00e9nez de Rada, y recomend\u00f3 que el cobro de los diezmos se realizara con justicia y atendiendo a las dificultades econ\u00f3micas de muchos habitantes (Crespo, 2023).<\/span><\/p>\n<p><span><img loading=\"lazy\" decoding=\"async\" src=\"http:\/\/cazorla.es\/turismo\/wp-content\/uploads\/2026\/01\/Pascual-de-Aragon-1-280x300.jpg\" width=\"332\" height=\"356\" alt=\"\" class=\"wp-image-5305 alignnone size-medium\" style=\"display: block; margin-left: auto; margin-right: auto;\" srcset=\"https:\/\/cazorla.es\/turismo\/wp-content\/uploads\/2026\/01\/Pascual-de-Aragon-1-280x300.jpg 280w, https:\/\/cazorla.es\/turismo\/wp-content\/uploads\/2026\/01\/Pascual-de-Aragon-1.jpg 463w\" sizes=\"(max-width: 332px) 100vw, 332px\" \/><\/span><\/p>\n<p><strong>Fig 3. <\/strong>Dibujo &#8211; grabado de don Pascual de Arag\u00f3n. Arzobispo de Toledo contenido en la obra dedicada al arzobispo de Frei Narciso de Estenaga y Echevarr\u00eda. Paris. 1930.<\/p>\n<p><span><\/span><\/p>\n<p><span>Don Pascual de Arag\u00f3n y Fern\u00e1ndez de C\u00f3rdoba falleci\u00f3 en Madrid el 28 de septiembre de 1677. Para entonces hab\u00eda logrado, por un lado, estabilizar administrativamente la di\u00f3cesis toledana, y por otro, desarticular la resistencia de ciertos vecinos del Adelantamiento de Cazorla frente al dominio arzobispal. Tambi\u00e9n impuls\u00f3 intentos de reformar el sistema feudal vigente en el territorio (Crespo, 2023).<\/span><\/p>\n<p>3 La compra de la jurisdicci\u00f3n de tolerancia supon\u00eda que el propio arzobispo volv\u00eda a tener el control sobre los nombramientos de los diferentes oficios dentro del Adelantamiento de Cazorla<\/p>\n<p>4 Archivo Diocesano de Toledo. Monjas\/39. Exp. 9 Cazorla\/Agustinas. Agustinas de Cazorla. S. XVII-XIX. Img. 6360. 1675.\/A.H.C 134<\/p>\n<p>5 Juan Nicolau Castro. Correspondencia del Cardenal don Pascual Arag\u00f3n a las madres Capuchinas. Real Academia de Toledo.<\/p>\n<p>Toletum 26.<\/p>\n<p style=\"text-align: center;\"><em>Texto de Manuel Mallenco Rodr\u00edguez<\/em><\/p>\n<p>[\/et_pb_text][\/et_pb_column][\/et_pb_row][et_pb_row admin_label=\u00bbFila\u00bb _builder_version=\u00bb4.16&#8243; background_size=\u00bbinitial\u00bb background_position=\u00bbtop_left\u00bb background_repeat=\u00bbrepeat\u00bb global_colors_info=\u00bb{}\u00bb][et_pb_column type=\u00bb4_4&#8243; _builder_version=\u00bb4.16&#8243; custom_padding=\u00bb|||\u00bb global_colors_info=\u00bb{}\u00bb custom_padding__hover=\u00bb|||\u00bb][et_pb_text admin_label=\u00bbTexto\u00bb _builder_version=\u00bb4.16&#8243; background_size=\u00bbinitial\u00bb background_position=\u00bbtop_left\u00bb background_repeat=\u00bbrepeat\u00bb text_orientation=\u00bbcenter\u00bb module_alignment=\u00bbcenter\u00bb use_border_color=\u00bboff\u00bb border_color=\u00bb#ffffff\u00bb border_style=\u00bbsolid\u00bb global_colors_info=\u00bb{}\u00bb]<\/p>\n<p style=\"text-align: center;\"><strong><em>Aqu\u00ed puedes encontrar su ubicaci\u00f3n en el municipio:<\/em><\/strong><\/p>\n<p>[\/et_pb_text][et_pb_code admin_label=\u00bbC\u00f3digo\u00bb _builder_version=\u00bb4.16&#8243; global_colors_info=\u00bb{}\u00bb]<iframe loading=\"lazy\" src=\"https:\/\/www.google.com\/maps\/d\/embed?mid=1tUyH04KW_LQZN28MnWfS5mebFY-kTnYm\" width=\"900\" height=\"600\"><\/iframe>[\/et_pb_code][\/et_pb_column][\/et_pb_row][\/et_pb_section]<\/p>\n","protected":false},"excerpt":{"rendered":"<p>PASCUAL DE ARAG\u00d3N Fue bautizado el 11 de abril de 1626. A lo largo de su vida desempe\u00f1\u00f3 diversos cargos de relevancia en distintos puntos de la geograf\u00eda espa\u00f1ola, llegando [&hellip;]<\/p>\n","protected":false},"author":2,"featured_media":0,"parent":0,"menu_order":0,"comment_status":"closed","ping_status":"closed","template":"","meta":{"_et_pb_use_builder":"on","_et_pb_old_content":"","_et_gb_content_width":"","footnotes":""},"class_list":["post-5292","page","type-page","status-publish","hentry"],"_links":{"self":[{"href":"https:\/\/cazorla.es\/turismo\/wp-json\/wp\/v2\/pages\/5292","targetHints":{"allow":["GET"]}}],"collection":[{"href":"https:\/\/cazorla.es\/turismo\/wp-json\/wp\/v2\/pages"}],"about":[{"href":"https:\/\/cazorla.es\/turismo\/wp-json\/wp\/v2\/types\/page"}],"author":[{"embeddable":true,"href":"https:\/\/cazorla.es\/turismo\/wp-json\/wp\/v2\/users\/2"}],"replies":[{"embeddable":true,"href":"https:\/\/cazorla.es\/turismo\/wp-json\/wp\/v2\/comments?post=5292"}],"version-history":[{"count":4,"href":"https:\/\/cazorla.es\/turismo\/wp-json\/wp\/v2\/pages\/5292\/revisions"}],"predecessor-version":[{"id":5313,"href":"https:\/\/cazorla.es\/turismo\/wp-json\/wp\/v2\/pages\/5292\/revisions\/5313"}],"wp:attachment":[{"href":"https:\/\/cazorla.es\/turismo\/wp-json\/wp\/v2\/media?parent=5292"}],"curies":[{"name":"wp","href":"https:\/\/api.w.org\/{rel}","templated":true}]}}

Pascual de Aragón

<p>[et_pb_section fb_built=»1&#8243; admin_label=»section» _builder_version=»4.16&#8243; global_colors_info=»{}»][et_pb_row admin_label=»row» _builder_version=»4.16&#8243; background_size=»initial» background_position=»top_left» background_repeat=»repeat» global_colors_info=»{}»][et_pb_column type=»4_4&#8243; _builder_version=»4.16&#8243; custom_padding=»|||» global_colors_info=»{}» custom_padding__hover=»|||»][et_pb_text admin_label=»Texto» _builder_version=»4.27.5&#8243; background_size=»initial» background_position=»top_left» background_repeat=»repeat» use_border_color=»off» border_color=»#ffffff» border_style=»solid» global_colors_info=»{}»]</p>
<h1 style="text-align: center;">PASCUAL <span>DE ARAGÓN</span></h1>
<p style="text-align: center;"><span><img loading="lazy" decoding="async" src="http://cazorla.es/turismo/wp-content/uploads/2026/01/PHOTO-2025-12-11-10-43-10-1-238x300.jpg" width="442" height="557" alt="" class="wp-image-5284 alignnone size-medium" /></span></p>
<p><span>Fue bautizado el 11 de abril de 1626. A lo largo de su vida desempeñó diversos cargos de relevancia en distintos puntos de la geografía española, llegando incluso a ser embajador de España en Roma, con el encargo de resolver las tensiones existentes entre la Corona española y el papado. Sus servicios a la monarquía le valieron el nombramiento, en 1644, como virrey de Nápoles (Carrió, 2005). En octubre de 1665, Felipe IV lo designó inquisidor general, pero la muerte del rey alteró los planes y se nombró finalmente para el cargo al confesor de la reina.</span></p>
<p><span>Como compensación, fue nombrado arzobispo de Toledo, sucediendo a Baltasar de Moscoso. El nombramiento para la sede toledana se formalizó el 1 de febrero de 1666 (Barrios,1984: pp. 284-285). Entre sus acciones más importantes al frente del arzobispado se encuentra la compra de la Jurisdicción de Tolerancia del Adelantamiento de Cazorla en 1673, devolviendo al arzobispado de Toledo el control económico y político sobre este señorío eclesiástico</span>3<span>. La compra de la jurisdicción de tolerancia suponía que el propio arzobispo volvía a tener el control sobre los nombramientos de los diferentes oficios dentro del Adelantamiento de Cazorla.</span></p>
<p><span>En los últimos años de su vida, intentó alejarse de la corte, cansado y decepcionado ante la decadencia del gobierno del último Austria. Abandonó Madrid para visitar los lugares más remotos de su diócesis. Así, en enero de 1675, don Antonio Rodríguez de Pazos, vicario de Cazorla, recibió la confirmación de la visita del arzobispo, escribiendo:</span></p>
<p>&nbsp;</p>
<p><em>“&#8230;la santa resolución que vuestra eminencia tiene de ver esta tierra y dar una vuelta por ella, espero ha de ser de gran provecho para muchas cosas y bien de muchas almas, porque hasta ahora no han visto la cara de su legítimo señor, porque ninguno de los señores arzobispos la han visitado. Si importa lo que espero que vuestra eminencia experimentara y creo que se remediara más con su presencia que puedan remediar todos sus ministros con desvelos&#8230;”</em><em>4</em></p>
<p><span>En 1675 visitó Cazorla acompañado de su séquito. Permaneció allí más de tres meses, fijando su residencia principal en la villa y desplazándose desde ella a todos los lugares del Adelantamiento (Rivera, 1948). A su llegada, quedó profundamente afectado por las pésimas condiciones de vida de la mayoría de sus habitantes, especialmente de quienes vivían dispersos por campos y aldeas:</span></p>
<p>&nbsp;</p>
<p><em>“&#8230;La miseria de estos pueblos es imposible que se llegue a pensar como es y lo que los haga, siendo más esclavos. La Virgen inspire a los que mandan el medio porque no sean tan vejados, ni con tanta crueldad tratados&#8230;”</em><em>5</em></p>
<p><span>Con plena conciencia de la situación de pobreza que sufría el Adelantamiento de Cazorla, reformó en 1675 unas ordenanzas que no habían sido modificadas desde los tiempos del arzobispo Rodrigo Jiménez de Rada, y recomendó que el cobro de los diezmos se realizara con justicia y atendiendo a las dificultades económicas de muchos habitantes (Crespo, 2023).</span></p>
<p><span><img loading="lazy" decoding="async" src="http://cazorla.es/turismo/wp-content/uploads/2026/01/Pascual-de-Aragon-1-280x300.jpg" width="332" height="356" alt="" class="wp-image-5305 alignnone size-medium" style="display: block; margin-left: auto; margin-right: auto;" srcset="https://cazorla.es/turismo/wp-content/uploads/2026/01/Pascual-de-Aragon-1-280x300.jpg 280w, https://cazorla.es/turismo/wp-content/uploads/2026/01/Pascual-de-Aragon-1.jpg 463w" sizes="(max-width: 332px) 100vw, 332px" /></span></p>
<p><strong>Fig 3. </strong>Dibujo &#8211; grabado de don Pascual de Aragón. Arzobispo de Toledo contenido en la obra dedicada al arzobispo de Frei Narciso de Estenaga y Echevarría. Paris. 1930.</p>
<p><span></span></p>
<p><span>Don Pascual de Aragón y Fernández de Córdoba falleció en Madrid el 28 de septiembre de 1677. Para entonces había logrado, por un lado, estabilizar administrativamente la diócesis toledana, y por otro, desarticular la resistencia de ciertos vecinos del Adelantamiento de Cazorla frente al dominio arzobispal. También impulsó intentos de reformar el sistema feudal vigente en el territorio (Crespo, 2023).</span></p>
<p>3 La compra de la jurisdicción de tolerancia suponía que el propio arzobispo volvía a tener el control sobre los nombramientos de los diferentes oficios dentro del Adelantamiento de Cazorla</p>
<p>4 Archivo Diocesano de Toledo. Monjas/39. Exp. 9 Cazorla/Agustinas. Agustinas de Cazorla. S. XVII-XIX. Img. 6360. 1675./A.H.C 134</p>
<p>5 Juan Nicolau Castro. Correspondencia del Cardenal don Pascual Aragón a las madres Capuchinas. Real Academia de Toledo.</p>
<p>Toletum 26.</p>
<p style="text-align: center;"><em>Texto de Manuel Mallenco Rodríguez</em></p>
<p>[/et_pb_text][/et_pb_column][/et_pb_row][et_pb_row admin_label=»Fila» _builder_version=»4.16&#8243; background_size=»initial» background_position=»top_left» background_repeat=»repeat» global_colors_info=»{}»][et_pb_column type=»4_4&#8243; _builder_version=»4.16&#8243; custom_padding=»|||» global_colors_info=»{}» custom_padding__hover=»|||»][et_pb_text admin_label=»Texto» _builder_version=»4.16&#8243; background_size=»initial» background_position=»top_left» background_repeat=»repeat» text_orientation=»center» module_alignment=»center» use_border_color=»off» border_color=»#ffffff» border_style=»solid» global_colors_info=»{}»]</p>
<p style="text-align: center;"><strong><em>Aquí puedes encontrar su ubicación en el municipio:</em></strong></p>
<p>[/et_pb_text][et_pb_code admin_label=»Código» _builder_version=»4.16&#8243; global_colors_info=»{}»]<iframe loading="lazy" src="https://www.google.com/maps/d/embed?mid=1tUyH04KW_LQZN28MnWfS5mebFY-kTnYm" width="900" height="600"></iframe>[/et_pb_code][/et_pb_column][/et_pb_row][/et_pb_section]</p>

<p>PASCUAL DE ARAGÓN Fue bautizado el 11 de abril de 1626. A lo largo de su vida desempeñó diversos cargos de relevancia en distintos puntos de la geografía española, llegando [&hellip;]</p>
