{"id":709,"date":"2016-04-28T10:46:41","date_gmt":"2016-04-28T10:46:41","guid":{"rendered":"http:\/\/cazorla.es\/turismo\/?page_id=709"},"modified":"2018-02-23T09:49:00","modified_gmt":"2018-02-23T09:49:00","slug":"cocina-tipica","status":"publish","type":"page","link":"https:\/\/cazorla.es\/turismo\/cocina-tipica\/","title":{"rendered":"Cocina T\u00edpica"},"content":{"rendered":"<p>[et_pb_section admin_label=\u00bbSecci\u00f3n\u00bb fullwidth=\u00bboff\u00bb specialty=\u00bboff\u00bb transparent_background=\u00bboff\u00bb background_color=\u00bb#ffffff\u00bb allow_player_pause=\u00bboff\u00bb inner_shadow=\u00bboff\u00bb parallax=\u00bboff\u00bb parallax_method=\u00bboff\u00bb padding_mobile=\u00bboff\u00bb make_fullwidth=\u00bboff\u00bb use_custom_width=\u00bboff\u00bb width_unit=\u00bbon\u00bb make_equal=\u00bboff\u00bb use_custom_gutter=\u00bboff\u00bb][et_pb_row admin_label=\u00bbFila\u00bb][et_pb_column type=\u00bb4_4&#8243;][et_pb_text admin_label=\u00bbTexto\u00bb background_layout=\u00bblight\u00bb text_orientation=\u00bbleft\u00bb use_border_color=\u00bboff\u00bb border_color=\u00bb#ffffff\u00bb border_style=\u00bbsolid\u00bb]<\/p>\n<h1> Cocina T\u00edpica <\/h1>\n<p>[\/et_pb_text][\/et_pb_column][\/et_pb_row][et_pb_row admin_label=\u00bbFila\u00bb make_fullwidth=\u00bboff\u00bb use_custom_width=\u00bboff\u00bb width_unit=\u00bbon\u00bb use_custom_gutter=\u00bboff\u00bb padding_mobile=\u00bboff\u00bb allow_player_pause=\u00bboff\u00bb parallax=\u00bboff\u00bb parallax_method=\u00bboff\u00bb make_equal=\u00bboff\u00bb parallax_1=\u00bboff\u00bb parallax_method_1=\u00bboff\u00bb parallax_2=\u00bboff\u00bb parallax_method_2=\u00bboff\u00bb column_padding_mobile=\u00bbon\u00bb][et_pb_column type=\u00bb1_2&#8243;][et_pb_text admin_label=\u00bbTexto\u00bb background_layout=\u00bblight\u00bb text_orientation=\u00bbjustified\u00bb use_border_color=\u00bboff\u00bb border_color=\u00bb#ffffff\u00bb border_style=\u00bbsolid\u00bb]<\/p>\n<p class=\"lead\">\nLa cocina t\u00edpica de los 26 municipios que forman esta Parque Natural Sierras de Cazorla, Segura y Las Villas es indudable que est\u00e1n influenciados por la cocina andaluza as\u00ed como por su proximidad a la comunidad Castellano-Manchega. Por lo tanto ha sido tradicionalmente de gran sobriedad. La gastronom\u00eda serrana viene definido por la propia climatolog\u00eda, con una abundante y rica condimentaci\u00f3n de especias, por los productos del entorno: caza, pesca fluvial, harinas, legumbres, frescas hortalizas&#8230;, todo ello aderezado con el toque de calidad que aporta el excelente aceite de nuestros olivares, aut\u00e9ntica joya en toda mesa que se precie de arte culinario.<\/p>\n<p>[\/et_pb_text][\/et_pb_column][et_pb_column type=\u00bb1_2&#8243;][et_pb_image admin_label=\u00bbImagen\u00bb src=\u00bbhttp:\/\/cazorla.es\/turismo\/wp-content\/uploads\/2016\/04\/cocina-tipica.png\u00bb alt=\u00bbimac-cazorla\u00bb title_text=\u00bbimac-cazorla\u00bb show_in_lightbox=\u00bboff\u00bb url_new_window=\u00bboff\u00bb use_overlay=\u00bboff\u00bb animation=\u00bbright\u00bb sticky=\u00bboff\u00bb align=\u00bbcenter\u00bb force_fullwidth=\u00bboff\u00bb always_center_on_mobile=\u00bbon\u00bb use_border_color=\u00bboff\u00bb border_color=\u00bb#ffffff\u00bb border_style=\u00bbsolid\u00bb max_width=\u00bb335px\u00bb]<\/p>\n<p><\/p>\n<p>[\/et_pb_image][\/et_pb_column][\/et_pb_row][et_pb_row admin_label=\u00bbFila\u00bb make_fullwidth=\u00bboff\u00bb use_custom_width=\u00bboff\u00bb width_unit=\u00bbon\u00bb use_custom_gutter=\u00bboff\u00bb padding_mobile=\u00bboff\u00bb allow_player_pause=\u00bboff\u00bb parallax=\u00bboff\u00bb parallax_method=\u00bboff\u00bb make_equal=\u00bboff\u00bb parallax_1=\u00bboff\u00bb parallax_method_1=\u00bboff\u00bb parallax_2=\u00bboff\u00bb parallax_method_2=\u00bboff\u00bb column_padding_mobile=\u00bbon\u00bb][et_pb_column type=\u00bb1_2&#8243;][et_pb_image admin_label=\u00bbImagen\u00bb src=\u00bbhttp:\/\/cazorla.es\/turismo\/wp-content\/uploads\/2016\/04\/2.png\u00bb show_in_lightbox=\u00bboff\u00bb url_new_window=\u00bboff\u00bb use_overlay=\u00bboff\u00bb animation=\u00bbleft\u00bb sticky=\u00bboff\u00bb align=\u00bbcenter\u00bb force_fullwidth=\u00bboff\u00bb always_center_on_mobile=\u00bbon\u00bb use_border_color=\u00bboff\u00bb border_color=\u00bb#ffffff\u00bb border_style=\u00bbsolid\u00bb max_width=\u00bb335px\u00bb]<\/p>\n<p><\/p>\n<p>[\/et_pb_image][\/et_pb_column][et_pb_column type=\u00bb1_2&#8243;][et_pb_text admin_label=\u00bbTexto\u00bb background_layout=\u00bblight\u00bb text_orientation=\u00bbjustified\u00bb use_border_color=\u00bboff\u00bb border_color=\u00bb#ffffff\u00bb border_style=\u00bbsolid\u00bb]<\/p>\n<p class=\"lead\">\nCitaremos algunos de los platos cargados de tradici\u00f3n, de saber y sabor popular, elaborados desde siempre por los hombres y mujeres de estas sierras con las estrecheces propias de una econom\u00eda de la autosubsistencia pero tambi\u00e9n con lo mejor y m\u00e1s natural que ten\u00edan y tienen en sus manos, con el saber hacer de sus padres y de los padres de sus padres&#8230; y sobre todo, con la exquisitez de lo sencillo y lo bien hecho.<\/p>\n<p>[\/et_pb_text][\/et_pb_column][\/et_pb_row][et_pb_row admin_label=\u00bbFila\u00bb make_fullwidth=\u00bboff\u00bb use_custom_width=\u00bboff\u00bb width_unit=\u00bbon\u00bb use_custom_gutter=\u00bboff\u00bb padding_mobile=\u00bboff\u00bb allow_player_pause=\u00bboff\u00bb parallax=\u00bboff\u00bb parallax_method=\u00bboff\u00bb make_equal=\u00bboff\u00bb parallax_1=\u00bboff\u00bb parallax_method_1=\u00bboff\u00bb parallax_2=\u00bboff\u00bb parallax_method_2=\u00bboff\u00bb column_padding_mobile=\u00bbon\u00bb][et_pb_column type=\u00bb1_2&#8243;][et_pb_text admin_label=\u00bbTexto\u00bb background_layout=\u00bblight\u00bb text_orientation=\u00bbjustified\u00bb use_border_color=\u00bboff\u00bb border_color=\u00bb#ffffff\u00bb border_style=\u00bbsolid\u00bb]<\/p>\n<p class=\"lead\">Con las harinas que llegaban de los molinos de la campi\u00f1a se hac\u00edan platos que hoy son t\u00edpicos de esta tierra y que podr\u00e1 degustar en cualquiera de los restaurantes, siempre que los encarguen con tiempo, debido a su lenta y cuidada elaboraci\u00f3n.<\/p>\n<p class=\"lead\">\u00abLa Gachamiga\u00bb, migas de harina, agua, aceite y una pizca de sal, acompa\u00f1adas de \u00abtorreznos\u00bb, pimientos secos y fritos, chorizo, morcilla, y hasta, seg\u00fan \u00e9pocas, de mel\u00f3n, cerezas, uvas y otras frutas.<\/p>\n<p>[\/et_pb_text][\/et_pb_column][et_pb_column type=\u00bb1_2&#8243;][et_pb_image admin_label=\u00bbImagen\u00bb src=\u00bbhttp:\/\/cazorla.es\/turismo\/wp-content\/uploads\/2016\/04\/3.png\u00bb show_in_lightbox=\u00bboff\u00bb url_new_window=\u00bboff\u00bb use_overlay=\u00bboff\u00bb animation=\u00bbright\u00bb sticky=\u00bboff\u00bb align=\u00bbcenter\u00bb force_fullwidth=\u00bboff\u00bb always_center_on_mobile=\u00bbon\u00bb use_border_color=\u00bboff\u00bb border_color=\u00bb#ffffff\u00bb border_style=\u00bbsolid\u00bb max_width=\u00bb335px\u00bb]<\/p>\n<p><\/p>\n<p>[\/et_pb_image][\/et_pb_column][\/et_pb_row][et_pb_row admin_label=\u00bbFila\u00bb make_fullwidth=\u00bboff\u00bb use_custom_width=\u00bboff\u00bb width_unit=\u00bbon\u00bb use_custom_gutter=\u00bboff\u00bb padding_mobile=\u00bboff\u00bb allow_player_pause=\u00bboff\u00bb parallax=\u00bboff\u00bb parallax_method=\u00bboff\u00bb make_equal=\u00bboff\u00bb parallax_1=\u00bboff\u00bb parallax_method_1=\u00bboff\u00bb parallax_2=\u00bboff\u00bb parallax_method_2=\u00bboff\u00bb column_padding_mobile=\u00bbon\u00bb][et_pb_column type=\u00bb1_2&#8243;][et_pb_image admin_label=\u00bbImagen\u00bb src=\u00bbhttp:\/\/cazorla.es\/turismo\/wp-content\/uploads\/2016\/04\/talarines.png\u00bb show_in_lightbox=\u00bboff\u00bb url_new_window=\u00bboff\u00bb use_overlay=\u00bboff\u00bb animation=\u00bbleft\u00bb sticky=\u00bboff\u00bb align=\u00bbcenter\u00bb force_fullwidth=\u00bboff\u00bb always_center_on_mobile=\u00bbon\u00bb use_border_color=\u00bboff\u00bb border_color=\u00bb#ffffff\u00bb border_style=\u00bbsolid\u00bb max_width=\u00bb335px\u00bb]<\/p>\n<p><\/p>\n<p>[\/et_pb_image][\/et_pb_column][et_pb_column type=\u00bb1_2&#8243;][et_pb_text admin_label=\u00bbTexto\u00bb background_layout=\u00bblight\u00bb text_orientation=\u00bbjustified\u00bb use_border_color=\u00bboff\u00bb border_color=\u00bb#ffffff\u00bb border_style=\u00bbsolid\u00bb]<\/p>\n<p class=\"lead\">Los \u00abTalarines\u00bb o \u00abAndrajos\u00bb, finas tortas de masa de harina con agua y sal, guisados con carne de liebre o conejo, n\u00edzcalos o \u00abguiscanos\u00bb como aqu\u00ed se les llama, y sin que falte el toque arom\u00e1tico que le aporta la hierbabuena. Sin duda, un plato modelo de la cocina m\u00e1s tradicional.<\/p>\n<p class=\"lead\">El \u00abAjoharina\u00bb, sencillo plato de gran inter\u00e9s culinario, a base de harina, ajo, pimientos, patatas, tomates maduros, piment\u00f3n, agua y sal.<\/p>\n<p class=\"lead\">Muy t\u00edpico tambi\u00e9n de estas tierras serranas es el \u00abRin-ran\u00bb, buen entrante en cualquier mesa, untado en el tradicional \u00abpan serrano\u00bb. El \u00abRin-ran\u00bb es un pur\u00e9 fr\u00edo de patata y pimientos rojos secos con aceitunas y bacalao, aromatizado, seg\u00fan costumbres casi de cada casa, con cominos y otras especias.<\/p>\n<p>[\/et_pb_text][\/et_pb_column][\/et_pb_row][et_pb_row admin_label=\u00bbFila\u00bb make_fullwidth=\u00bboff\u00bb use_custom_width=\u00bboff\u00bb width_unit=\u00bbon\u00bb use_custom_gutter=\u00bboff\u00bb padding_mobile=\u00bboff\u00bb allow_player_pause=\u00bboff\u00bb parallax=\u00bboff\u00bb parallax_method=\u00bboff\u00bb make_equal=\u00bboff\u00bb parallax_1=\u00bboff\u00bb parallax_method_1=\u00bboff\u00bb parallax_2=\u00bboff\u00bb parallax_method_2=\u00bboff\u00bb column_padding_mobile=\u00bbon\u00bb][et_pb_column type=\u00bb1_2&#8243;][et_pb_text admin_label=\u00bbTexto\u00bb background_layout=\u00bblight\u00bb text_orientation=\u00bbjustified\u00bb use_border_color=\u00bboff\u00bb border_color=\u00bb#ffffff\u00bb border_style=\u00bbsolid\u00bb]<\/p>\n<p class=\"lead\">Entre las ensaladas destacan, la Pipirrana o ensalada gitana, hecha con cebolla, pimiento, tomate, ajo, cominos, aceite virgen extra, vinagre y sal. Se prepara cortando todos los ingredientes muy menudos y se les a\u00f1ade los ajos y cominos majados y todo ello ali\u00f1ado con el aceite, vinagre y sal.<\/p>\n<p class=\"lead\">\u00abAjillo-papas\u00bb, es un plato a base de patatas cocidas con ajo, pimiento, tomate, cebolla, cominos y pimienta, todo ello muy sofrito. Se hace un pur\u00e9 de patatas al que se le a\u00f1ade el sofrito y despu\u00e9s rehogamos todo junto en la sart\u00e9n y servimos caliente o incluso fr\u00edo.<\/p>\n<p class=\"lead\">El Pisto serrano, que se hace a base de calabac\u00edn o calabaza, que se fr\u00ede junto al tomate, pimiento verde y cebolla, sirvi\u00e9ndose o bien caliente o fr\u00edo.<\/p>\n<p>[\/et_pb_text][\/et_pb_column][et_pb_column type=\u00bb1_2&#8243;][et_pb_image admin_label=\u00bbImagen\u00bb src=\u00bbhttp:\/\/cazorla.es\/turismo\/wp-content\/uploads\/2016\/04\/recetariorinran.jpg\u00bb show_in_lightbox=\u00bboff\u00bb url_new_window=\u00bboff\u00bb use_overlay=\u00bboff\u00bb animation=\u00bbright\u00bb sticky=\u00bboff\u00bb align=\u00bbcenter\u00bb force_fullwidth=\u00bboff\u00bb always_center_on_mobile=\u00bbon\u00bb use_border_color=\u00bboff\u00bb border_color=\u00bb#ffffff\u00bb border_style=\u00bbsolid\u00bb max_width=\u00bb335px\u00bb]<\/p>\n<p><\/p>\n<p>[\/et_pb_image][\/et_pb_column][\/et_pb_row][et_pb_row admin_label=\u00bbFila\u00bb make_fullwidth=\u00bboff\u00bb use_custom_width=\u00bboff\u00bb width_unit=\u00bbon\u00bb use_custom_gutter=\u00bboff\u00bb padding_mobile=\u00bboff\u00bb allow_player_pause=\u00bboff\u00bb parallax=\u00bboff\u00bb parallax_method=\u00bboff\u00bb make_equal=\u00bboff\u00bb parallax_1=\u00bboff\u00bb parallax_method_1=\u00bboff\u00bb parallax_2=\u00bboff\u00bb parallax_method_2=\u00bboff\u00bb column_padding_mobile=\u00bbon\u00bb][et_pb_column type=\u00bb1_2&#8243;][et_pb_image admin_label=\u00bbImagen\u00bb src=\u00bbhttp:\/\/cazorla.es\/turismo\/wp-content\/uploads\/2016\/04\/6.jpg\u00bb show_in_lightbox=\u00bboff\u00bb url_new_window=\u00bboff\u00bb use_overlay=\u00bboff\u00bb animation=\u00bbleft\u00bb sticky=\u00bboff\u00bb align=\u00bbcenter\u00bb force_fullwidth=\u00bboff\u00bb always_center_on_mobile=\u00bbon\u00bb use_border_color=\u00bboff\u00bb border_color=\u00bb#ffffff\u00bb border_style=\u00bbsolid\u00bb max_width=\u00bb335px\u00bb]<\/p>\n<p><\/p>\n<p>[\/et_pb_image][\/et_pb_column][et_pb_column type=\u00bb1_2&#8243;][et_pb_text admin_label=\u00bbTexto\u00bb background_layout=\u00bblight\u00bb text_orientation=\u00bbjustified\u00bb use_border_color=\u00bboff\u00bb border_color=\u00bb#ffffff\u00bb border_style=\u00bbsolid\u00bb]<\/p>\n<p class=\"lead\">Y si de entrantes hablamos&#8230; c\u00f3mo no citar los sabrosos \u00abesp\u00e1rragos trigueros\u00bb, los \u00abrevueltos\u00bb de ajetes, de habas tiernas, setas de temporada&#8230;<\/p>\n<p class=\"lead\">Los excelentes embutidos de carne de cerdo, ciervo, gamo y jabal\u00ed, y el jam\u00f3n del Parque Natural curado y cuidado con gran esmero para honrar con su presencia las mejores mesas.<\/p>\n<p class=\"lead\">En carnes, no dejen la oportunidad de probar la \u00abPierna o Cabeza de cordero\u00bb, asado con ali\u00f1os&#8230;; o la \u00abCarne de monte\u00bb, de gamo, de ciervo, de jabal\u00ed&#8230;, en m\u00faltiples y variadas preparaciones: al horno, en diferentes salsas, en caldereta&#8230;; o los \u00abTacos de lomo\u00bb en adobo. Carnes en su saz\u00f3n y los mejores condimentos.<\/p>\n<p>[\/et_pb_text][\/et_pb_column][\/et_pb_row][et_pb_row admin_label=\u00bbFila\u00bb make_fullwidth=\u00bboff\u00bb use_custom_width=\u00bboff\u00bb width_unit=\u00bbon\u00bb use_custom_gutter=\u00bboff\u00bb padding_mobile=\u00bboff\u00bb allow_player_pause=\u00bboff\u00bb parallax=\u00bboff\u00bb parallax_method=\u00bboff\u00bb make_equal=\u00bboff\u00bb parallax_1=\u00bboff\u00bb parallax_method_1=\u00bboff\u00bb parallax_2=\u00bboff\u00bb parallax_method_2=\u00bboff\u00bb column_padding_mobile=\u00bbon\u00bb][et_pb_column type=\u00bb1_2&#8243;][et_pb_text admin_label=\u00bbTexto\u00bb background_layout=\u00bblight\u00bb text_orientation=\u00bbjustified\u00bb use_border_color=\u00bboff\u00bb border_color=\u00bb#ffffff\u00bb border_style=\u00bbsolid\u00bb]<\/p>\n<p class=\"lead\">La pesca no es solo un deporte, constituye una de las bases alimentarias m\u00e1s t\u00edpicas de estas sierras. La riqueza pisc\u00edcola de los numerosos r\u00edos de alta monta\u00f1a de esta Parque Natural, puestas en la mesa&#8230; \u00abTrucha serrana\u00bb, \u00abTrucha en salsa de almendras\u00bb, Truchas al vino blanco, Truchas con salsa de trufa&#8230;<\/p>\n<p class=\"lead\">Y tras esta amplia y suculenta variedad de platos, unos postres no menos atractivos a la vista y al paladar. Frutas de la zona, seg\u00fan temporada: cerezas de San Isicio, \u00abmelones escritos\u00bb de Peal, ciruelas \u00abmonjillas\u00bb y \u00abclaudias\u00bb, peras de agua y de invierno, higos de Burunchel&#8230;: la m\u00e1s selecta fruta de nuestras huertas.<\/p>\n<p>[\/et_pb_text][\/et_pb_column][et_pb_column type=\u00bb1_2&#8243;][et_pb_image admin_label=\u00bbImagen\u00bb src=\u00bbhttp:\/\/cazorla.es\/turismo\/wp-content\/uploads\/2016\/04\/7.png\u00bb show_in_lightbox=\u00bboff\u00bb url_new_window=\u00bboff\u00bb use_overlay=\u00bboff\u00bb animation=\u00bbright\u00bb sticky=\u00bboff\u00bb align=\u00bbcenter\u00bb force_fullwidth=\u00bboff\u00bb always_center_on_mobile=\u00bbon\u00bb use_border_color=\u00bboff\u00bb border_color=\u00bb#ffffff\u00bb border_style=\u00bbsolid\u00bb max_width=\u00bb335px\u00bb]<\/p>\n<p><\/p>\n<p>[\/et_pb_image][\/et_pb_column][\/et_pb_row][et_pb_row admin_label=\u00bbFila\u00bb make_fullwidth=\u00bboff\u00bb use_custom_width=\u00bboff\u00bb width_unit=\u00bbon\u00bb use_custom_gutter=\u00bboff\u00bb padding_mobile=\u00bboff\u00bb allow_player_pause=\u00bboff\u00bb parallax=\u00bboff\u00bb parallax_method=\u00bboff\u00bb make_equal=\u00bboff\u00bb parallax_1=\u00bboff\u00bb parallax_method_1=\u00bboff\u00bb parallax_2=\u00bboff\u00bb parallax_method_2=\u00bboff\u00bb column_padding_mobile=\u00bbon\u00bb][et_pb_column type=\u00bb1_2&#8243;][et_pb_image admin_label=\u00bbImagen\u00bb src=\u00bbhttp:\/\/cazorla.es\/turismo\/wp-content\/uploads\/2016\/04\/9b.png\u00bb show_in_lightbox=\u00bboff\u00bb url_new_window=\u00bboff\u00bb use_overlay=\u00bboff\u00bb animation=\u00bbleft\u00bb sticky=\u00bboff\u00bb align=\u00bbcenter\u00bb force_fullwidth=\u00bboff\u00bb always_center_on_mobile=\u00bbon\u00bb use_border_color=\u00bboff\u00bb border_color=\u00bb#ffffff\u00bb border_style=\u00bbsolid\u00bb max_width=\u00bb335px\u00bb]<\/p>\n<p><\/p>\n<p>[\/et_pb_image][\/et_pb_column][et_pb_column type=\u00bb1_2&#8243;][et_pb_text admin_label=\u00bbTexto\u00bb background_layout=\u00bblight\u00bb text_orientation=\u00bbjustified\u00bb use_border_color=\u00bboff\u00bb border_color=\u00bb#ffffff\u00bb border_style=\u00bbsolid\u00bb]<\/p>\n<p class=\"lead\">Y tras esta amplia y suculenta variedad de platos, unos postres no menos atractivos a la vista y al paladar. Frutas de la zona, seg\u00fan temporada: cerezas de San Isicio, \u00abmelones escritos\u00bb de Peal, ciruelas \u00abmonjillas\u00bb y \u00abclaudias\u00bb, peras de agua y de invierno, higos de Burunchel&#8230;: la m\u00e1s selecta fruta de nuestras huertas.<\/p>\n<p class=\"lead\">Ya m\u00e1s elaborados, otros postres como el \u00abPan de higo\u00bb, Los higos han de ser secos y mezclados con nueces y almendras picadas y un chorrito de an\u00eds. Se prepara moliendo las nueces, almendras y los higos a los que se les a\u00f1ade el an\u00eds, mezcl\u00e1ndose todo muy bien, para a continuaci\u00f3n d\u00e1rsele forma de rollito y posteriormente cort\u00e1ndose y se le espolvorea con harina y az\u00facar. Las \u00abGachas dulces\u00bb que se hacen a base de harina tostada, leche, canela, az\u00facar, aceite y matalah\u00fava. Otros suculentos postres como el \u00abarroz dulce\u00bb, los \u00abenreos\u00bb, el \u00abmanjar blanco\u00bb, la \u00abmeloja\u00bb&#8230; har\u00e1n las delicias de los m\u00e1s golosos.<\/p>\n<p class=\"lead\">Todo bien regado con una buena \u00abcuerva\u00bb o con vino de esparte\u00f1a, que aunque escaso, es lo propio de estas sierras.<\/p>\n<p class=\"lead\">Para acabar una copita de \u00abrisol\u00bb (aguardiente caliente con especias), mistela casera (aguardiente con az\u00facar y canela), pachar\u00e1n serrano&#8230;, y preparando la digesti\u00f3n unas infusiones de plantas arom\u00e1ticas de la Sierra: t\u00e9 de piedra, poleo, manzanilla&#8230;<\/p>\n<p>[\/et_pb_text][\/et_pb_column][\/et_pb_row][\/et_pb_section]<\/p>\n","protected":false},"excerpt":{"rendered":"<p>Cocina T\u00edpica La cocina t\u00edpica de los 26 municipios que forman esta Parque Natural Sierras de Cazorla, Segura y Las Villas es indudable que est\u00e1n influenciados por la cocina andaluza [&hellip;]<\/p>\n","protected":false},"author":1,"featured_media":0,"parent":0,"menu_order":0,"comment_status":"closed","ping_status":"closed","template":"","meta":{"_et_pb_use_builder":"on","_et_pb_old_content":"","_et_gb_content_width":"","footnotes":""},"class_list":["post-709","page","type-page","status-publish","hentry"],"_links":{"self":[{"href":"https:\/\/cazorla.es\/turismo\/wp-json\/wp\/v2\/pages\/709","targetHints":{"allow":["GET"]}}],"collection":[{"href":"https:\/\/cazorla.es\/turismo\/wp-json\/wp\/v2\/pages"}],"about":[{"href":"https:\/\/cazorla.es\/turismo\/wp-json\/wp\/v2\/types\/page"}],"author":[{"embeddable":true,"href":"https:\/\/cazorla.es\/turismo\/wp-json\/wp\/v2\/users\/1"}],"replies":[{"embeddable":true,"href":"https:\/\/cazorla.es\/turismo\/wp-json\/wp\/v2\/comments?post=709"}],"version-history":[{"count":15,"href":"https:\/\/cazorla.es\/turismo\/wp-json\/wp\/v2\/pages\/709\/revisions"}],"predecessor-version":[{"id":2807,"href":"https:\/\/cazorla.es\/turismo\/wp-json\/wp\/v2\/pages\/709\/revisions\/2807"}],"wp:attachment":[{"href":"https:\/\/cazorla.es\/turismo\/wp-json\/wp\/v2\/media?parent=709"}],"curies":[{"name":"wp","href":"https:\/\/api.w.org\/{rel}","templated":true}]}}