{"id":4273,"date":"2020-01-03T12:17:56","date_gmt":"2020-01-03T12:17:56","guid":{"rendered":"http:\/\/cazorla.es\/turismo\/?post_type=tribe_events&#038;p=4273"},"modified":"2020-01-03T12:17:56","modified_gmt":"2020-01-03T12:17:56","slug":"concierto-de-ano-nuevo","status":"publish","type":"tribe_events","link":"https:\/\/cazorla.es\/turismo\/events\/concierto-de-ano-nuevo\/","title":{"rendered":"Concierto de A\u00f1o Nuevo"},"content":{"rendered":"<p><img decoding=\"async\" src=\"https:\/\/scontent-mad1-1.xx.fbcdn.net\/v\/t1.0-9\/81598884_3965474583478809_6414256553875996672_n.jpg?_nc_cat=105&amp;_nc_oc=AQlJ9WnE4H_R9pwK0JOB6zeKuawGnEehpGfsCMZUxSOcWOk86apfHZjvkUB7AE2mvLM&amp;_nc_ht=scontent-mad1-1.xx&amp;oh=02196a61f1672eeb7b2931e771437579&amp;oe=5EA9F870\" alt=\"No hay ninguna descripci\u00f3n de la foto disponible.\" \/><\/p>\n<div class=\"_xlr\">\n<div id=\"id_5e0f2f590eedd9698369969\" class=\"text_exposed_root\">\n<p>\u00a1No lo olvid\u00e9is!<\/p>\n<p>AGENDA | Concierto de A\u00f1o Nuevo 2020, siendo un referente dentro de la Programaci\u00f3n de Navidad en\u00a0<a class=\"_58cn\" href=\"https:\/\/www.facebook.com\/hashtag\/cazorla?epa=HASHTAG\" data-ft=\"{&quot;type&quot;:104,&quot;tn&quot;:&quot;*N&quot;}\">#Cazorla<\/a>.<\/p>\n<p>Viernes, 3 de Enero de 2020<span class=\"text_exposed_hide\">&#8230;<\/span><span class=\"text_exposed_hide\">\u00a0<span class=\"text_exposed_link\"><a class=\"see_more_link\" href=\"https:\/\/www.facebook.com\/ayuntamientode.cazorla\/photos\/a.1015210798505217\/3965474566812144\/?type=3&amp;theater#\" data-ft=\"{&quot;tn&quot;:&quot;e&quot;}\"><span class=\"see_more_link_inner\">Ver m\u00e1s<\/span><\/a><\/span><\/span><\/p>\n<\/div>\n<div id=\"fbPhotoSnowliftProductMiniListHscroll\" class=\"fbCommerceProductMiniListHscroll\"><\/div>\n<div id=\"fbPhotoSnowliftLegacyTagList\" class=\"pts fbPhotoLegacyTagList\"><\/div>\n<div id=\"fbPhotoSnowliftCallToActionButton\" class=\"fbPhotosPhotoButtons\"><\/div>\n<div id=\"fbPhotoSnowliftPhotoFundraiser\"><\/div>\n<div id=\"fbPhotoSnowliftOwnerButtons\" class=\"mvm fbPhotosPhotoOwnerButtons stat_elem\"><\/div>\n<div id=\"fbPhotoSnowliftOriginalStory\" class=\"_56lj\"><\/div>\n<div id=\"fbPhotoSnowliftComputerVisionAnnotation\" class=\"fbPhotosPhotoCVAnnotation\"><\/div>\n<\/div>\n<div id=\"fbPhotoSnowliftVideoFundraiser\"><\/div>\n<div id=\"fbPhotoSnowliftViews\" class=\"_4p3v\"><\/div>\n<form id=\"u_1a_2\" class=\"fbPhotosSnowliftFeedbackForm commentable_item collapsible_comments\" action=\"https:\/\/www.facebook.com\/ajax\/ufi\/modify.php\" method=\"post\" data-ft=\"{&quot;tn&quot;:&quot;]&quot;}\">\n<div id=\"fbPhotoSnowliftFeedback\" class=\"fbPhotosSnowliftFeedback\"><\/div>\n<div><\/div>\n<\/form>\n","protected":false},"excerpt":{"rendered":"<p>\u00a1No lo olvid\u00e9is! AGENDA | Concierto de A\u00f1o Nuevo 2020, siendo un referente dentro de la Programaci\u00f3n de Navidad en\u00a0#Cazorla. Viernes, 3 de Enero de 2020&#8230;\u00a0Ver m\u00e1s<\/p>\n","protected":false},"author":2,"featured_media":0,"comment_status":"open","ping_status":"closed","template":"","meta":{"_et_pb_use_builder":"","_et_pb_old_content":"","_et_gb_content_width":"","_tribe_events_status":"","_tribe_events_status_reason":"","footnotes":""},"tags":[],"tribe_events_cat":[],"class_list":["post-4273","tribe_events","type-tribe_events","status-publish","hentry"],"_links":{"self":[{"href":"https:\/\/cazorla.es\/turismo\/wp-json\/wp\/v2\/tribe_events\/4273","targetHints":{"allow":["GET"]}}],"collection":[{"href":"https:\/\/cazorla.es\/turismo\/wp-json\/wp\/v2\/tribe_events"}],"about":[{"href":"https:\/\/cazorla.es\/turismo\/wp-json\/wp\/v2\/types\/tribe_events"}],"author":[{"embeddable":true,"href":"https:\/\/cazorla.es\/turismo\/wp-json\/wp\/v2\/users\/2"}],"replies":[{"embeddable":true,"href":"https:\/\/cazorla.es\/turismo\/wp-json\/wp\/v2\/comments?post=4273"}],"version-history":[{"count":0,"href":"https:\/\/cazorla.es\/turismo\/wp-json\/wp\/v2\/tribe_events\/4273\/revisions"}],"wp:attachment":[{"href":"https:\/\/cazorla.es\/turismo\/wp-json\/wp\/v2\/media?parent=4273"}],"wp:term":[{"taxonomy":"post_tag","embeddable":true,"href":"https:\/\/cazorla.es\/turismo\/wp-json\/wp\/v2\/tags?post=4273"},{"taxonomy":"tribe_events_cat","embeddable":true,"href":"https:\/\/cazorla.es\/turismo\/wp-json\/wp\/v2\/tribe_events_cat?post=4273"}],"curies":[{"name":"wp","href":"https:\/\/api.w.org\/{rel}","templated":true}]}}

Concierto de Año Nuevo

<p><img decoding="async" src="https://scontent-mad1-1.xx.fbcdn.net/v/t1.0-9/81598884_3965474583478809_6414256553875996672_n.jpg?_nc_cat=105&amp;_nc_oc=AQlJ9WnE4H_R9pwK0JOB6zeKuawGnEehpGfsCMZUxSOcWOk86apfHZjvkUB7AE2mvLM&amp;_nc_ht=scontent-mad1-1.xx&amp;oh=02196a61f1672eeb7b2931e771437579&amp;oe=5EA9F870" alt="No hay ninguna descripción de la foto disponible." /></p>
<div class="_xlr">
<div id="id_5e0f2f590eedd9698369969" class="text_exposed_root">
<p>¡No lo olvidéis!</p>
<p>AGENDA | Concierto de Año Nuevo 2020, siendo un referente dentro de la Programación de Navidad en <a class="_58cn" href="https://www.facebook.com/hashtag/cazorla?epa=HASHTAG" data-ft="{&quot;type&quot;:104,&quot;tn&quot;:&quot;*N&quot;}">#Cazorla</a>.</p>
<p>Viernes, 3 de Enero de 2020<span class="text_exposed_hide">&#8230;</span><span class="text_exposed_hide"> <span class="text_exposed_link"><a class="see_more_link" href="https://www.facebook.com/ayuntamientode.cazorla/photos/a.1015210798505217/3965474566812144/?type=3&amp;theater#" data-ft="{&quot;tn&quot;:&quot;e&quot;}"><span class="see_more_link_inner">Ver más</span></a></span></span></p>
</div>
<div id="fbPhotoSnowliftProductMiniListHscroll" class="fbCommerceProductMiniListHscroll"></div>
<div id="fbPhotoSnowliftLegacyTagList" class="pts fbPhotoLegacyTagList"></div>
<div id="fbPhotoSnowliftCallToActionButton" class="fbPhotosPhotoButtons"></div>
<div id="fbPhotoSnowliftPhotoFundraiser"></div>
<div id="fbPhotoSnowliftOwnerButtons" class="mvm fbPhotosPhotoOwnerButtons stat_elem"></div>
<div id="fbPhotoSnowliftOriginalStory" class="_56lj"></div>
<div id="fbPhotoSnowliftComputerVisionAnnotation" class="fbPhotosPhotoCVAnnotation"></div>
</div>
<div id="fbPhotoSnowliftVideoFundraiser"></div>
<div id="fbPhotoSnowliftViews" class="_4p3v"></div>
<form id="u_1a_2" class="fbPhotosSnowliftFeedbackForm commentable_item collapsible_comments" action="https://www.facebook.com/ajax/ufi/modify.php" method="post" data-ft="{&quot;tn&quot;:&quot;]&quot;}">
<div id="fbPhotoSnowliftFeedback" class="fbPhotosSnowliftFeedback"></div>
<div></div>
</form>

<p>¡No lo olvidéis! AGENDA | Concierto de Año Nuevo 2020, siendo un referente dentro de la Programación de Navidad en #Cazorla. Viernes, 3 de Enero de 2020&#8230; Ver más</p>
