{"id":4283,"date":"2020-01-03T15:44:38","date_gmt":"2020-01-03T15:44:38","guid":{"rendered":"http:\/\/cazorla.es\/turismo\/?post_type=tribe_events&#038;p=4283"},"modified":"2020-01-03T15:55:05","modified_gmt":"2020-01-03T15:55:05","slug":"cabalgata-de-reyes-magos","status":"publish","type":"tribe_events","link":"https:\/\/cazorla.es\/turismo\/events\/cabalgata-de-reyes-magos\/","title":{"rendered":"Cabalgata de Reyes Magos"},"content":{"rendered":"<div class=\"t_aa3ab-1zi k_aa3ac1a25 clearfix\">\n<div class=\"clearfix z_aa3ab-03f\">\n<div class=\"clearfix _42ef\">\n<div class=\"n_aa3ab-03k\">\n<div>\n<div class=\"_6a _5u5j\">\n<div class=\"_6a _5u5j _6b\">\n<h5 id=\"u_0_w\" class=\"_7tae _14f3 _14f5 _5pbw _5vra\" data-ft=\"{&quot;tn&quot;:&quot;C&quot;}\"><span class=\"fwn fcg\"><span class=\"fwb fcg\" data-ft=\"{&quot;tn&quot;:&quot;k&quot;}\"><a id=\"js_jn\" href=\"https:\/\/www.facebook.com\/ayuntamientode.cazorla\/?__tn__=kC-R&amp;eid=ARC6ji2HCDfox9vr0c4RmKCoPvDky1jJblMbt_tBnCnLZaGGe3Oa2SCPASNEzGf4VjHkf4-GFeANBSMf&amp;hc_ref=ARQBN_TITrf1x5uelydicwVoQsxyOTKfQIr0JY7Lq-6WPCcCfJdGiXYIAZjF8kFoQKg&amp;fref=nf&amp;__xts__%5B0%5D=68.ARAScq6P2rA2s144WTWDDMqD2p3HLkyjha7ET9fFSxC92r9lT46dAmij5R5VykPG-t72s-4aJuUcRtqUf_fs6lmCtssxxVF6Y8ZJOa9GXAFXZkLO7mUCfG3BhT-DUEFqcjgPi35LtHE06Bth6ZRHYV4a7rBwDczuRHngije4W5l2oDpxCAjXZ-wS2A7MpcOKm7AEQU2hMSvEgnf9-4mYeAyWdq_1QkX_E50HgkvL4lldlep5MgJV3b-YP6ElQ_n87U-ZYWR9FvSlHrMrsvoPv1cjapa218gG4znDFSybSwlSJyRsDeWXrun7Vlns4zk9ToJLHtEM5rfcWaGXR9taEWHn0c7P\" data-hovercard=\"\/ajax\/hovercard\/page.php?id=1015210661838564&amp;extragetparams=%7B%22__tn__%22%3A%22%2CdkC-R-R%22%2C%22eid%22%3A%22ARC6ji2HCDfox9vr0c4RmKCoPvDky1jJblMbt_tBnCnLZaGGe3Oa2SCPASNEzGf4VjHkf4-GFeANBSMf%22%2C%22hc_ref%22%3A%22ARQBN_TITrf1x5uelydicwVoQsxyOTKfQIr0JY7Lq-6WPCcCfJdGiXYIAZjF8kFoQKg%22%2C%22fref%22%3A%22nf%22%7D\" data-hovercard-prefer-more-content-show=\"1\" data-hovercard-referer=\"ARQBN_TITrf1x5uelydicwVoQsxyOTKfQIr0JY7Lq-6WPCcCfJdGiXYIAZjF8kFoQKg\">Ayuntamiento de Cazorla<\/a><\/span><\/span><\/h5>\n<div id=\"feed_subtitle_1015210661838564;3968388509854083;;9\" class=\"_5pcp _5lel _2jyu _232_\" data-testid=\"story-subtitle\"><span class=\"b_aa3abykqx\"><span class=\"fsm fwn fcg\"><a class=\"_5pcq\" href=\"https:\/\/www.facebook.com\/ayuntamientode.cazorla\/posts\/3968388509854083?__xts__%5B0%5D=68.ARAScq6P2rA2s144WTWDDMqD2p3HLkyjha7ET9fFSxC92r9lT46dAmij5R5VykPG-t72s-4aJuUcRtqUf_fs6lmCtssxxVF6Y8ZJOa9GXAFXZkLO7mUCfG3BhT-DUEFqcjgPi35LtHE06Bth6ZRHYV4a7rBwDczuRHngije4W5l2oDpxCAjXZ-wS2A7MpcOKm7AEQU2hMSvEgnf9-4mYeAyWdq_1QkX_E50HgkvL4lldlep5MgJV3b-YP6ElQ_n87U-ZYWR9FvSlHrMrsvoPv1cjapa218gG4znDFSybSwlSJyRsDeWXrun7Vlns4zk9ToJLHtEM5rfcWaGXR9taEWHn0c7P&amp;__tn__=-R\" target=\"\"><abbr class=\"_5ptz timestamp livetimestamp\" title=\"3\/1\/20 10:54\" data-utime=\"1578045271\" data-shorten=\"1\"><span id=\"js_10\" class=\"timestampContent\">5 horas<\/span><\/abbr><\/a><\/span><\/span><span class=\"_6spk\">\u00a0\u00b7\u00a0<\/span><a id=\"js_cv\" class=\"uiStreamPrivacy inlineBlock fbStreamPrivacy fbPrivacyAudienceIndicator _5pcq\" href=\"https:\/\/www.facebook.com\/ayuntamientode.cazorla\/posts\/3968388509854083#\" data-hover=\"tooltip\" data-tooltip-content=\"P\u00fablico\"><i class=\"lock img sp_RLFL6-1bUHS sx_b4ab0b\"><\/i><\/a><\/div>\n<\/div>\n<\/div>\n<\/div>\n<\/div>\n<\/div>\n<\/div>\n<\/div>\n<div id=\"js_11\" class=\"_5pbx userContent _3576\" data-testid=\"post_message\" data-ft=\"{&quot;tn&quot;:&quot;K&quot;}\">\n<p><span class=\"_5mfr\"><span class=\"_6qdm\">&#x1f451;<\/span><\/span>\u00a0Desde la organizaci\u00f3n de la Cabalgata de Reyes queremos anunciarles una nueva sorpresa de este a\u00f1o.<\/p>\n<p><span class=\"_5mfr\"><span class=\"_6qdm\">&#x1f64b;\u200d\u2640\ufe0f<\/span><\/span>Todo aquel que quiera participar en la cabalgata de reyes puede hacerlo. \u00bfComo? \u00a1Muy sencillo! Prep\u00e1rate un disfraz de pino de navidad y forma parte de nuestra cabalgata.<\/p>\n<p><span class=\"_5mfr\"><span class=\"_6qdm\">&#x1f384;<\/span><\/span>Ponte una camiseta verde, a\u00f1ade bolas y una cinta de navidad sujetandolas con imperdibles, dise\u00f1al\u00e1 como mas te guste. Ahora solo queda que vayas con familia y amigos, si eres menor puedes ir acompa\u00f1ado de un adulto.<\/p>\n<p><span class=\"_5mfr\"><span class=\"_6qdm\">&#x1f469;\u200d&#x1f469;\u200d&#x1f467;\u200d&#x1f466;<\/span><\/span>Ir\u00e9is todos juntos, acompa\u00f1ados de una parte del elenco de la cabalgata en la que llevareis balones gigantes para ir jugando entre vosotros y con el pueblo de Cazorla.<\/p>\n<p><span class=\"_5mfr\"><span class=\"_6qdm\">\u2705<\/span><\/span>\u00bfDonde nos vemos? El domingo d\u00eda 5 en el pabell\u00f3n situado en entrada del pueblo de Cazorla a las 6:45 de la tarde.<br \/>\n\u00bfTe lo vas a perder?<br \/>\n\u00a1Vente con familia y amigos y disfruta de esa noche m\u00e1gica!<\/p>\n<\/div>\n<div class=\"_3x-2\" data-ft=\"{&quot;tn&quot;:&quot;H&quot;}\">\n<div data-ft=\"{&quot;tn&quot;:&quot;H&quot;}\">\n<div class=\"mtm\">\n<div class=\"_2a2q _65sr\">\n<div class=\"uiScaledImageContainer\"><img loading=\"lazy\" decoding=\"async\" class=\"scaledImageFitHeight img\" src=\"https:\/\/scontent-mad1-1.xx.fbcdn.net\/v\/t1.0-0\/s261x260\/81662667_3968381903188077_6552377599694209024_n.jpg?_nc_cat=106&amp;_nc_oc=AQnDMJ0JkSEiceS_YxFDg0RwAVLF_An-WvRtoulC_aoKoxLR2U_c2OhghjWFSJV7ZuU&amp;_nc_ht=scontent-mad1-1.xx&amp;oh=ffe7569b7d3238ca33eed001735e1614&amp;oe=5EA6D42B\" alt=\"La imagen puede contener: una o varias personas y personas de pie\" width=\"250\" height=\"250\" data-src=\"https:\/\/scontent-mad1-1.xx.fbcdn.net\/v\/t1.0-0\/s261x260\/81662667_3968381903188077_6552377599694209024_n.jpg?_nc_cat=106&amp;_nc_oc=AQnDMJ0JkSEiceS_YxFDg0RwAVLF_An-WvRtoulC_aoKoxLR2U_c2OhghjWFSJV7ZuU&amp;_nc_ht=scontent-mad1-1.xx&amp;oh=ffe7569b7d3238ca33eed001735e1614&amp;oe=5EA6D42B\" \/><\/div>\n<div class=\"uiScaledImageContainer\"><img loading=\"lazy\" decoding=\"async\" class=\"scaledImageFitHeight img\" src=\"https:\/\/scontent-mad1-1.xx.fbcdn.net\/v\/t1.0-0\/p261x260\/81544264_3968381899854744_4034582305224785920_n.jpg?_nc_cat=105&amp;_nc_oc=AQlOVngxSBSAo5TrJCcK-frdlja_XNnTUB0ocnMz-ClzOliUrfjkFFzCFyrh9EM48Co&amp;_nc_ht=scontent-mad1-1.xx&amp;oh=7d5427e08b44a8eb4a8fe3e813c72816&amp;oe=5EA43627\" alt=\"La imagen puede contener: cielo, nubes, exterior y naturaleza\" width=\"375\" height=\"250\" data-src=\"https:\/\/scontent-mad1-1.xx.fbcdn.net\/v\/t1.0-0\/p261x260\/81544264_3968381899854744_4034582305224785920_n.jpg?_nc_cat=105&amp;_nc_oc=AQlOVngxSBSAo5TrJCcK-frdlja_XNnTUB0ocnMz-ClzOliUrfjkFFzCFyrh9EM48Co&amp;_nc_ht=scontent-mad1-1.xx&amp;oh=7d5427e08b44a8eb4a8fe3e813c72816&amp;oe=5EA43627\" \/><\/div>\n<\/div>\n<\/div>\n<\/div>\n<\/div>\n","protected":false},"excerpt":{"rendered":"<p>Ayuntamiento de Cazorla 5 horas\u00a0\u00b7\u00a0 &#x1f451;\u00a0Desde la organizaci\u00f3n de la Cabalgata de Reyes queremos anunciarles una nueva sorpresa de este a\u00f1o. &#x1f64b;\u200d\u2640\ufe0fTodo aquel que quiera participar en la cabalgata de [&hellip;]<\/p>\n","protected":false},"author":2,"featured_media":0,"comment_status":"open","ping_status":"closed","template":"","meta":{"_et_pb_use_builder":"","_et_pb_old_content":"","_et_gb_content_width":"","_tribe_events_status":"","_tribe_events_status_reason":"","footnotes":""},"tags":[15],"tribe_events_cat":[],"class_list":["post-4283","tribe_events","type-tribe_events","status-publish","hentry","tag-noticia"],"_links":{"self":[{"href":"https:\/\/cazorla.es\/turismo\/wp-json\/wp\/v2\/tribe_events\/4283","targetHints":{"allow":["GET"]}}],"collection":[{"href":"https:\/\/cazorla.es\/turismo\/wp-json\/wp\/v2\/tribe_events"}],"about":[{"href":"https:\/\/cazorla.es\/turismo\/wp-json\/wp\/v2\/types\/tribe_events"}],"author":[{"embeddable":true,"href":"https:\/\/cazorla.es\/turismo\/wp-json\/wp\/v2\/users\/2"}],"replies":[{"embeddable":true,"href":"https:\/\/cazorla.es\/turismo\/wp-json\/wp\/v2\/comments?post=4283"}],"version-history":[{"count":1,"href":"https:\/\/cazorla.es\/turismo\/wp-json\/wp\/v2\/tribe_events\/4283\/revisions"}],"predecessor-version":[{"id":4284,"href":"https:\/\/cazorla.es\/turismo\/wp-json\/wp\/v2\/tribe_events\/4283\/revisions\/4284"}],"wp:attachment":[{"href":"https:\/\/cazorla.es\/turismo\/wp-json\/wp\/v2\/media?parent=4283"}],"wp:term":[{"taxonomy":"post_tag","embeddable":true,"href":"https:\/\/cazorla.es\/turismo\/wp-json\/wp\/v2\/tags?post=4283"},{"taxonomy":"tribe_events_cat","embeddable":true,"href":"https:\/\/cazorla.es\/turismo\/wp-json\/wp\/v2\/tribe_events_cat?post=4283"}],"curies":[{"name":"wp","href":"https:\/\/api.w.org\/{rel}","templated":true}]}}

<div class="t_aa3ab-1zi k_aa3ac1a25 clearfix">
<div class="clearfix z_aa3ab-03f">
<div class="clearfix _42ef">
<div class="n_aa3ab-03k">
<div>
<div class="_6a _5u5j">
<div class="_6a _5u5j _6b">
<h5 id="u_0_w" class="_7tae _14f3 _14f5 _5pbw _5vra" data-ft="{&quot;tn&quot;:&quot;C&quot;}"><span class="fwn fcg"><span class="fwb fcg" data-ft="{&quot;tn&quot;:&quot;k&quot;}"><a id="js_jn" href="https://www.facebook.com/ayuntamientode.cazorla/?__tn__=kC-R&amp;eid=ARC6ji2HCDfox9vr0c4RmKCoPvDky1jJblMbt_tBnCnLZaGGe3Oa2SCPASNEzGf4VjHkf4-GFeANBSMf&amp;hc_ref=ARQBN_TITrf1x5uelydicwVoQsxyOTKfQIr0JY7Lq-6WPCcCfJdGiXYIAZjF8kFoQKg&amp;fref=nf&amp;__xts__%5B0%5D=68.ARAScq6P2rA2s144WTWDDMqD2p3HLkyjha7ET9fFSxC92r9lT46dAmij5R5VykPG-t72s-4aJuUcRtqUf_fs6lmCtssxxVF6Y8ZJOa9GXAFXZkLO7mUCfG3BhT-DUEFqcjgPi35LtHE06Bth6ZRHYV4a7rBwDczuRHngije4W5l2oDpxCAjXZ-wS2A7MpcOKm7AEQU2hMSvEgnf9-4mYeAyWdq_1QkX_E50HgkvL4lldlep5MgJV3b-YP6ElQ_n87U-ZYWR9FvSlHrMrsvoPv1cjapa218gG4znDFSybSwlSJyRsDeWXrun7Vlns4zk9ToJLHtEM5rfcWaGXR9taEWHn0c7P" data-hovercard="/ajax/hovercard/page.php?id=1015210661838564&amp;extragetparams=%7B%22__tn__%22%3A%22%2CdkC-R-R%22%2C%22eid%22%3A%22ARC6ji2HCDfox9vr0c4RmKCoPvDky1jJblMbt_tBnCnLZaGGe3Oa2SCPASNEzGf4VjHkf4-GFeANBSMf%22%2C%22hc_ref%22%3A%22ARQBN_TITrf1x5uelydicwVoQsxyOTKfQIr0JY7Lq-6WPCcCfJdGiXYIAZjF8kFoQKg%22%2C%22fref%22%3A%22nf%22%7D" data-hovercard-prefer-more-content-show="1" data-hovercard-referer="ARQBN_TITrf1x5uelydicwVoQsxyOTKfQIr0JY7Lq-6WPCcCfJdGiXYIAZjF8kFoQKg">Ayuntamiento de Cazorla</a></span></span></h5>
<div id="feed_subtitle_1015210661838564;3968388509854083;;9" class="_5pcp _5lel _2jyu _232_" data-testid="story-subtitle"><span class="b_aa3abykqx"><span class="fsm fwn fcg"><a class="_5pcq" href="https://www.facebook.com/ayuntamientode.cazorla/posts/3968388509854083?__xts__%5B0%5D=68.ARAScq6P2rA2s144WTWDDMqD2p3HLkyjha7ET9fFSxC92r9lT46dAmij5R5VykPG-t72s-4aJuUcRtqUf_fs6lmCtssxxVF6Y8ZJOa9GXAFXZkLO7mUCfG3BhT-DUEFqcjgPi35LtHE06Bth6ZRHYV4a7rBwDczuRHngije4W5l2oDpxCAjXZ-wS2A7MpcOKm7AEQU2hMSvEgnf9-4mYeAyWdq_1QkX_E50HgkvL4lldlep5MgJV3b-YP6ElQ_n87U-ZYWR9FvSlHrMrsvoPv1cjapa218gG4znDFSybSwlSJyRsDeWXrun7Vlns4zk9ToJLHtEM5rfcWaGXR9taEWHn0c7P&amp;__tn__=-R" target=""><abbr class="_5ptz timestamp livetimestamp" title="3/1/20 10:54" data-utime="1578045271" data-shorten="1"><span id="js_10" class="timestampContent">5 horas</span></abbr></a></span></span><span class="_6spk"> · </span><a id="js_cv" class="uiStreamPrivacy inlineBlock fbStreamPrivacy fbPrivacyAudienceIndicator _5pcq" href="https://www.facebook.com/ayuntamientode.cazorla/posts/3968388509854083#" data-hover="tooltip" data-tooltip-content="Público"><i class="lock img sp_RLFL6-1bUHS sx_b4ab0b"></i></a></div>
</div>
</div>
</div>
</div>
</div>
</div>
</div>
<div id="js_11" class="_5pbx userContent _3576" data-testid="post_message" data-ft="{&quot;tn&quot;:&quot;K&quot;}">
<p><span class="_5mfr"><span class="_6qdm">&#x1f451;</span></span> Desde la organización de la Cabalgata de Reyes queremos anunciarles una nueva sorpresa de este año.</p>
<p><span class="_5mfr"><span class="_6qdm">&#x1f64b;‍♀️</span></span>Todo aquel que quiera participar en la cabalgata de reyes puede hacerlo. ¿Como? ¡Muy sencillo! Prepárate un disfraz de pino de navidad y forma parte de nuestra cabalgata.</p>
<p><span class="_5mfr"><span class="_6qdm">&#x1f384;</span></span>Ponte una camiseta verde, añade bolas y una cinta de navidad sujetandolas con imperdibles, diseñalá como mas te guste. Ahora solo queda que vayas con familia y amigos, si eres menor puedes ir acompañado de un adulto.</p>
<p><span class="_5mfr"><span class="_6qdm">&#x1f469;‍&#x1f469;‍&#x1f467;‍&#x1f466;</span></span>Iréis todos juntos, acompañados de una parte del elenco de la cabalgata en la que llevareis balones gigantes para ir jugando entre vosotros y con el pueblo de Cazorla.</p>
<p><span class="_5mfr"><span class="_6qdm">✅</span></span>¿Donde nos vemos? El domingo día 5 en el pabellón situado en entrada del pueblo de Cazorla a las 6:45 de la tarde.<br />
¿Te lo vas a perder?<br />
¡Vente con familia y amigos y disfruta de esa noche mágica!</p>
</div>
<div class="_3x-2" data-ft="{&quot;tn&quot;:&quot;H&quot;}">
<div data-ft="{&quot;tn&quot;:&quot;H&quot;}">
<div class="mtm">
<div class="_2a2q _65sr">
<div class="uiScaledImageContainer"><img loading="lazy" decoding="async" class="scaledImageFitHeight img" src="https://scontent-mad1-1.xx.fbcdn.net/v/t1.0-0/s261x260/81662667_3968381903188077_6552377599694209024_n.jpg?_nc_cat=106&amp;_nc_oc=AQnDMJ0JkSEiceS_YxFDg0RwAVLF_An-WvRtoulC_aoKoxLR2U_c2OhghjWFSJV7ZuU&amp;_nc_ht=scontent-mad1-1.xx&amp;oh=ffe7569b7d3238ca33eed001735e1614&amp;oe=5EA6D42B" alt="La imagen puede contener: una o varias personas y personas de pie" width="250" height="250" data-src="https://scontent-mad1-1.xx.fbcdn.net/v/t1.0-0/s261x260/81662667_3968381903188077_6552377599694209024_n.jpg?_nc_cat=106&amp;_nc_oc=AQnDMJ0JkSEiceS_YxFDg0RwAVLF_An-WvRtoulC_aoKoxLR2U_c2OhghjWFSJV7ZuU&amp;_nc_ht=scontent-mad1-1.xx&amp;oh=ffe7569b7d3238ca33eed001735e1614&amp;oe=5EA6D42B" /></div>
<div class="uiScaledImageContainer"><img loading="lazy" decoding="async" class="scaledImageFitHeight img" src="https://scontent-mad1-1.xx.fbcdn.net/v/t1.0-0/p261x260/81544264_3968381899854744_4034582305224785920_n.jpg?_nc_cat=105&amp;_nc_oc=AQlOVngxSBSAo5TrJCcK-frdlja_XNnTUB0ocnMz-ClzOliUrfjkFFzCFyrh9EM48Co&amp;_nc_ht=scontent-mad1-1.xx&amp;oh=7d5427e08b44a8eb4a8fe3e813c72816&amp;oe=5EA43627" alt="La imagen puede contener: cielo, nubes, exterior y naturaleza" width="375" height="250" data-src="https://scontent-mad1-1.xx.fbcdn.net/v/t1.0-0/p261x260/81544264_3968381899854744_4034582305224785920_n.jpg?_nc_cat=105&amp;_nc_oc=AQlOVngxSBSAo5TrJCcK-frdlja_XNnTUB0ocnMz-ClzOliUrfjkFFzCFyrh9EM48Co&amp;_nc_ht=scontent-mad1-1.xx&amp;oh=7d5427e08b44a8eb4a8fe3e813c72816&amp;oe=5EA43627" /></div>
</div>
</div>
</div>
</div>

<p>Ayuntamiento de Cazorla 5 horas ·  &#x1f451; Desde la organización de la Cabalgata de Reyes queremos anunciarles una nueva sorpresa de este año. &#x1f64b;‍♀️Todo aquel que quiera participar en la cabalgata de [&hellip;]</p>
