{"id":4303,"date":"2020-01-14T11:41:07","date_gmt":"2020-01-14T11:41:07","guid":{"rendered":"http:\/\/cazorla.es\/turismo\/?post_type=tribe_events&#038;p=4303"},"modified":"2020-01-14T11:53:03","modified_gmt":"2020-01-14T11:53:03","slug":"tradicional-hoguera-de-san-anton","status":"publish","type":"tribe_events","link":"https:\/\/cazorla.es\/turismo\/events\/tradicional-hoguera-de-san-anton\/","title":{"rendered":"Tradicional Hoguera de San Ant\u00f3n"},"content":{"rendered":"<div class=\"t_aa3ab-1zi k_aa3ac1a25 clearfix\">\n<div class=\"clearfix z_aa3ab-03f\">\n<div class=\"clearfix _42ef\">\n<div class=\"n_aa3ab-03k\">\n<div class=\"_6a _5u5j\">\n<div class=\"_6a _5u5j _6b\">\n<h5 class=\"_7tae _14f3 _14f5 _5pbw _5vra\" data-ft=\"{&quot;tn&quot;:&quot;C&quot;}\"><\/h5>\n<div class=\"t_aa3ab-1zi k_aa3ac1a25 clearfix\">\n<div class=\"clearfix z_aa3ab-03f\">\n<div class=\"clearfix _42ef\">\n<div class=\"n_aa3ab-03k\">\n<div>\n<div class=\"_6a _5u5j\">\n<div class=\"_6a _5u5j _6b\">\n<h5 id=\"u_0_n\" class=\"_7tae _14f3 _14f5 _5pbw _5vra\" data-ft=\"{&quot;tn&quot;:&quot;C&quot;}\"><span class=\"fwn fcg\"><span class=\"fwb fcg\" data-ft=\"{&quot;tn&quot;:&quot;k&quot;}\"><a href=\"https:\/\/www.facebook.com\/ayuntamientode.cazorla\/?__tn__=kC-R&amp;eid=ARAm6nUgpgU2rx9i_VnJEhL7mFvLE3H-0yNsvhbag7eFLnGCwcFGZYtif_drj5iLWleJGKiqeYpxF6_w&amp;hc_ref=ARRi_kxbw8IfW-MEtmDGf5RRSGtZ2bQcsAfTk97of5G-aL8PKchX5JySQvdC1zTpS38&amp;fref=nf&amp;__xts__%5B0%5D=68.ARDWENHOFtSTJVQBo48IDIjCY44fRGzILvjvql-zyYGa1lgPZF63SCPiCaims1HFUQ7Bk0wVLrvSXjjIUBIBCD_KHcBLbwJEr-oKa2_kXlv8ypjqcefxUcs2woYlQbmAMjDnzsmQHrNn_5w0qgS4j_0c3ujZSzMa9IDc1U-ovY6-dtdtAdYHwMkNOERFNlAHJTnxAGQ3rvkE-LAr5pDwmkoF2zoTVfb8rjvpmQWlcpX9zxjZ2s0P6tNE3P0sCuy91FktmEVB7CSYADz_bw003hWHeGLuK_vpDh0N8BwSqVTldiuROc5mgKvUHv1ZQgS5EFtYeRmtdLQdqJCbsRkop7B8V6Va\" data-hovercard=\"\/ajax\/hovercard\/page.php?id=1015210661838564&amp;extragetparams=%7B%22__tn__%22%3A%22%2CdkC-R-R%22%2C%22eid%22%3A%22ARAm6nUgpgU2rx9i_VnJEhL7mFvLE3H-0yNsvhbag7eFLnGCwcFGZYtif_drj5iLWleJGKiqeYpxF6_w%22%2C%22hc_ref%22%3A%22ARRi_kxbw8IfW-MEtmDGf5RRSGtZ2bQcsAfTk97of5G-aL8PKchX5JySQvdC1zTpS38%22%2C%22fref%22%3A%22nf%22%7D\" data-hovercard-prefer-more-content-show=\"1\" data-hovercard-referer=\"ARRi_kxbw8IfW-MEtmDGf5RRSGtZ2bQcsAfTk97of5G-aL8PKchX5JySQvdC1zTpS38\">Ayuntamiento de Cazorla<\/a><\/span><\/span><span class=\"_6spk\">\u00b7\u00a0<\/span><\/h5>\n<\/div>\n<\/div>\n<\/div>\n<\/div>\n<\/div>\n<\/div>\n<\/div>\n<div id=\"js_k\" class=\"_5pbx userContent _3576\" data-testid=\"post_message\" data-ft=\"{&quot;tn&quot;:&quot;K&quot;}\">\n<p><span class=\"_5mfr\"><span class=\"_6qdm\">&#x1f525;<\/span><\/span><span class=\"_5mfr\"><span class=\"_6qdm\">&#x1f525;<\/span><\/span>\u00a0El pr\u00f3ximo Jueves 16 de Enero tendr\u00e1 lugar la Tradicional Hoguera de San Ant\u00f3n, en la Plaza de Santa Mar\u00eda, a las 19:00 horas.<\/p>\n<p>Se adjunta el Bando Informativo para el encendido de Hogueras, puedes descargarlo a trav\u00e9s de este enlace\u00a0<span class=\"_5mfr\"><span class=\"_6qdm\">&#x1f449;<\/span><\/span><span class=\"_5mfr\"><span class=\"_6qdm\">&#x1f449;<\/span><\/span><span class=\"_5mfr\"><span class=\"_6qdm\">&#x1f449;<\/span><\/span><span class=\"_5mfr\"><span class=\"_6qdm\">&#x1f449;<\/span><\/span><a href=\"https:\/\/l.facebook.com\/l.php?u=https%3A%2F%2Fbit.ly%2F2FO24GF%3Ffbclid%3DIwAR1nf8cQkO26cfRwIiL8MT9ZpVDIRxjlfQ5MmQXP3RerMidqbXTwiRkC2pM&amp;h=AT1Q-a_gZiP91ZVxvMBDPSVp4tAnvFzfngHXRZRA8-ZWdS5UM0KVZXR-WgtxfekGxIiczr3bnXgHlg3ofaNR2Cj-IlWj0ZQfX2nKQKAlnck68_y7BXQ1yVoIVsEOLr1-wztriJYphW-zDjIE2N8GxWMSL-y9GxZ9umlMfuc2o_OTqwKz0Z0rb5ysoVkymYoMW9hHMw3BgASw4BygCKm3ZTEg5-jdKDO5yoJJVyacY_MAoJYyz90JEY2pir4Z8GdXPDIrlMasgb8erG6W_-PCN1zO66mheqv4nY_SlIm5JzaSXv8vXIdmBB1GG6EaiKTTmz-RWl7toY55RTjZYgTSOyYtY7jTE5rjmZj_rg_zdvoCkw3eoXGxAmzfI2LEQqU3cggVvyQmRM2Thc7zc6_0Wbl7ubRnFiLJ607bs37h1g0FdfA0A6TWQ_ZiyDnxIyTj20CT-ACZSlXQMoEPxeJOLBcjgtTDUCpnqdI0dneuw-AZ4UFdqRR2IpYfU_OhgGCvbfUbO32WkqDYjCe0XaRU1hLF7u1G1eGhGxxRBIP1VU2uoWmnGMYjwYXsBZwaz9X-_kQuowpokdC7FkckOye7CaESGDO8GN-7OQi8h4IwNuzI7gfXwJSD4MBYPrIDOK8gUmpVhfY\" target=\"_blank\" rel=\"noopener nofollow\" data-ft=\"{&quot;tn&quot;:&quot;-U&quot;}\" data-lynx-mode=\"async\">https:\/\/bit.ly\/2FO24GF<\/a><\/p>\n<p><span class=\"_5afx\"><a class=\"_58cn\" href=\"https:\/\/www.facebook.com\/hashtag\/tradiciones?source=feed_text&amp;epa=HASHTAG&amp;__xts__%5B0%5D=68.ARDWENHOFtSTJVQBo48IDIjCY44fRGzILvjvql-zyYGa1lgPZF63SCPiCaims1HFUQ7Bk0wVLrvSXjjIUBIBCD_KHcBLbwJEr-oKa2_kXlv8ypjqcefxUcs2woYlQbmAMjDnzsmQHrNn_5w0qgS4j_0c3ujZSzMa9IDc1U-ovY6-dtdtAdYHwMkNOERFNlAHJTnxAGQ3rvkE-LAr5pDwmkoF2zoTVfb8rjvpmQWlcpX9zxjZ2s0P6tNE3P0sCuy91FktmEVB7CSYADz_bw003hWHeGLuK_vpDh0N8BwSqVTldiuROc5mgKvUHv1ZQgS5EFtYeRmtdLQdqJCbsRkop7B8V6Va&amp;__tn__=%2ANK-R\" data-ft=\"{&quot;type&quot;:104,&quot;tn&quot;:&quot;*N&quot;}\"><span class=\"_58cl _5afz\">#<\/span><span class=\"_58cm\">Tradiciones<\/span><\/a><\/span><\/p>\n<\/div>\n<\/div>\n<\/div>\n<\/div>\n<\/div>\n<\/div>\n<\/div>\n<p><img decoding=\"async\" src=\"https:\/\/scontent-mad1-1.xx.fbcdn.net\/v\/t1.0-9\/s960x960\/82593774_4005660806126853_6538105204326268928_o.jpg?_nc_cat=100&amp;_nc_oc=AQmXj6o25uX4Vta4LuxqiH2YiBrQuazlBcVnWxusK3s5TVfnRQC1B1CDeGHiA-TwD4Y&amp;_nc_ht=scontent-mad1-1.xx&amp;_nc_tp=1&amp;oh=d8dbd8b5dacf74dde78180a74d43cf0b&amp;oe=5EAB5414\" alt=\"La imagen puede contener: texto\" \/><\/p>\n","protected":false},"excerpt":{"rendered":"<p>Ayuntamiento de Cazorla\u00b7\u00a0 &#x1f525;&#x1f525;\u00a0El pr\u00f3ximo Jueves 16 de Enero tendr\u00e1 lugar la Tradicional Hoguera de San Ant\u00f3n, en la Plaza de Santa Mar\u00eda, a las 19:00 horas. Se adjunta el [&hellip;]<\/p>\n","protected":false},"author":2,"featured_media":0,"comment_status":"open","ping_status":"closed","template":"","meta":{"_et_pb_use_builder":"","_et_pb_old_content":"","_et_gb_content_width":"","_tribe_events_status":"","_tribe_events_status_reason":"","footnotes":""},"tags":[15],"tribe_events_cat":[],"class_list":["post-4303","tribe_events","type-tribe_events","status-publish","hentry","tag-noticia"],"_links":{"self":[{"href":"https:\/\/cazorla.es\/turismo\/wp-json\/wp\/v2\/tribe_events\/4303","targetHints":{"allow":["GET"]}}],"collection":[{"href":"https:\/\/cazorla.es\/turismo\/wp-json\/wp\/v2\/tribe_events"}],"about":[{"href":"https:\/\/cazorla.es\/turismo\/wp-json\/wp\/v2\/types\/tribe_events"}],"author":[{"embeddable":true,"href":"https:\/\/cazorla.es\/turismo\/wp-json\/wp\/v2\/users\/2"}],"replies":[{"embeddable":true,"href":"https:\/\/cazorla.es\/turismo\/wp-json\/wp\/v2\/comments?post=4303"}],"version-history":[{"count":0,"href":"https:\/\/cazorla.es\/turismo\/wp-json\/wp\/v2\/tribe_events\/4303\/revisions"}],"wp:attachment":[{"href":"https:\/\/cazorla.es\/turismo\/wp-json\/wp\/v2\/media?parent=4303"}],"wp:term":[{"taxonomy":"post_tag","embeddable":true,"href":"https:\/\/cazorla.es\/turismo\/wp-json\/wp\/v2\/tags?post=4303"},{"taxonomy":"tribe_events_cat","embeddable":true,"href":"https:\/\/cazorla.es\/turismo\/wp-json\/wp\/v2\/tribe_events_cat?post=4303"}],"curies":[{"name":"wp","href":"https:\/\/api.w.org\/{rel}","templated":true}]}}

Tradicional Hoguera de San Antón

<div class="t_aa3ab-1zi k_aa3ac1a25 clearfix">
<div class="clearfix z_aa3ab-03f">
<div class="clearfix _42ef">
<div class="n_aa3ab-03k">
<div class="_6a _5u5j">
<div class="_6a _5u5j _6b">
<h5 class="_7tae _14f3 _14f5 _5pbw _5vra" data-ft="{&quot;tn&quot;:&quot;C&quot;}"></h5>
<div class="t_aa3ab-1zi k_aa3ac1a25 clearfix">
<div class="clearfix z_aa3ab-03f">
<div class="clearfix _42ef">
<div class="n_aa3ab-03k">
<div>
<div class="_6a _5u5j">
<div class="_6a _5u5j _6b">
<h5 id="u_0_n" class="_7tae _14f3 _14f5 _5pbw _5vra" data-ft="{&quot;tn&quot;:&quot;C&quot;}"><span class="fwn fcg"><span class="fwb fcg" data-ft="{&quot;tn&quot;:&quot;k&quot;}"><a href="https://www.facebook.com/ayuntamientode.cazorla/?__tn__=kC-R&amp;eid=ARAm6nUgpgU2rx9i_VnJEhL7mFvLE3H-0yNsvhbag7eFLnGCwcFGZYtif_drj5iLWleJGKiqeYpxF6_w&amp;hc_ref=ARRi_kxbw8IfW-MEtmDGf5RRSGtZ2bQcsAfTk97of5G-aL8PKchX5JySQvdC1zTpS38&amp;fref=nf&amp;__xts__%5B0%5D=68.ARDWENHOFtSTJVQBo48IDIjCY44fRGzILvjvql-zyYGa1lgPZF63SCPiCaims1HFUQ7Bk0wVLrvSXjjIUBIBCD_KHcBLbwJEr-oKa2_kXlv8ypjqcefxUcs2woYlQbmAMjDnzsmQHrNn_5w0qgS4j_0c3ujZSzMa9IDc1U-ovY6-dtdtAdYHwMkNOERFNlAHJTnxAGQ3rvkE-LAr5pDwmkoF2zoTVfb8rjvpmQWlcpX9zxjZ2s0P6tNE3P0sCuy91FktmEVB7CSYADz_bw003hWHeGLuK_vpDh0N8BwSqVTldiuROc5mgKvUHv1ZQgS5EFtYeRmtdLQdqJCbsRkop7B8V6Va" data-hovercard="/ajax/hovercard/page.php?id=1015210661838564&amp;extragetparams=%7B%22__tn__%22%3A%22%2CdkC-R-R%22%2C%22eid%22%3A%22ARAm6nUgpgU2rx9i_VnJEhL7mFvLE3H-0yNsvhbag7eFLnGCwcFGZYtif_drj5iLWleJGKiqeYpxF6_w%22%2C%22hc_ref%22%3A%22ARRi_kxbw8IfW-MEtmDGf5RRSGtZ2bQcsAfTk97of5G-aL8PKchX5JySQvdC1zTpS38%22%2C%22fref%22%3A%22nf%22%7D" data-hovercard-prefer-more-content-show="1" data-hovercard-referer="ARRi_kxbw8IfW-MEtmDGf5RRSGtZ2bQcsAfTk97of5G-aL8PKchX5JySQvdC1zTpS38">Ayuntamiento de Cazorla</a></span></span><span class="_6spk">· </span></h5>
</div>
</div>
</div>
</div>
</div>
</div>
</div>
<div id="js_k" class="_5pbx userContent _3576" data-testid="post_message" data-ft="{&quot;tn&quot;:&quot;K&quot;}">
<p><span class="_5mfr"><span class="_6qdm">&#x1f525;</span></span><span class="_5mfr"><span class="_6qdm">&#x1f525;</span></span> El próximo Jueves 16 de Enero tendrá lugar la Tradicional Hoguera de San Antón, en la Plaza de Santa María, a las 19:00 horas.</p>
<p>Se adjunta el Bando Informativo para el encendido de Hogueras, puedes descargarlo a través de este enlace <span class="_5mfr"><span class="_6qdm">&#x1f449;</span></span><span class="_5mfr"><span class="_6qdm">&#x1f449;</span></span><span class="_5mfr"><span class="_6qdm">&#x1f449;</span></span><span class="_5mfr"><span class="_6qdm">&#x1f449;</span></span><a href="https://l.facebook.com/l.php?u=https%3A%2F%2Fbit.ly%2F2FO24GF%3Ffbclid%3DIwAR1nf8cQkO26cfRwIiL8MT9ZpVDIRxjlfQ5MmQXP3RerMidqbXTwiRkC2pM&amp;h=AT1Q-a_gZiP91ZVxvMBDPSVp4tAnvFzfngHXRZRA8-ZWdS5UM0KVZXR-WgtxfekGxIiczr3bnXgHlg3ofaNR2Cj-IlWj0ZQfX2nKQKAlnck68_y7BXQ1yVoIVsEOLr1-wztriJYphW-zDjIE2N8GxWMSL-y9GxZ9umlMfuc2o_OTqwKz0Z0rb5ysoVkymYoMW9hHMw3BgASw4BygCKm3ZTEg5-jdKDO5yoJJVyacY_MAoJYyz90JEY2pir4Z8GdXPDIrlMasgb8erG6W_-PCN1zO66mheqv4nY_SlIm5JzaSXv8vXIdmBB1GG6EaiKTTmz-RWl7toY55RTjZYgTSOyYtY7jTE5rjmZj_rg_zdvoCkw3eoXGxAmzfI2LEQqU3cggVvyQmRM2Thc7zc6_0Wbl7ubRnFiLJ607bs37h1g0FdfA0A6TWQ_ZiyDnxIyTj20CT-ACZSlXQMoEPxeJOLBcjgtTDUCpnqdI0dneuw-AZ4UFdqRR2IpYfU_OhgGCvbfUbO32WkqDYjCe0XaRU1hLF7u1G1eGhGxxRBIP1VU2uoWmnGMYjwYXsBZwaz9X-_kQuowpokdC7FkckOye7CaESGDO8GN-7OQi8h4IwNuzI7gfXwJSD4MBYPrIDOK8gUmpVhfY" target="_blank" rel="noopener nofollow" data-ft="{&quot;tn&quot;:&quot;-U&quot;}" data-lynx-mode="async">https://bit.ly/2FO24GF</a></p>
<p><span class="_5afx"><a class="_58cn" href="https://www.facebook.com/hashtag/tradiciones?source=feed_text&amp;epa=HASHTAG&amp;__xts__%5B0%5D=68.ARDWENHOFtSTJVQBo48IDIjCY44fRGzILvjvql-zyYGa1lgPZF63SCPiCaims1HFUQ7Bk0wVLrvSXjjIUBIBCD_KHcBLbwJEr-oKa2_kXlv8ypjqcefxUcs2woYlQbmAMjDnzsmQHrNn_5w0qgS4j_0c3ujZSzMa9IDc1U-ovY6-dtdtAdYHwMkNOERFNlAHJTnxAGQ3rvkE-LAr5pDwmkoF2zoTVfb8rjvpmQWlcpX9zxjZ2s0P6tNE3P0sCuy91FktmEVB7CSYADz_bw003hWHeGLuK_vpDh0N8BwSqVTldiuROc5mgKvUHv1ZQgS5EFtYeRmtdLQdqJCbsRkop7B8V6Va&amp;__tn__=%2ANK-R" data-ft="{&quot;type&quot;:104,&quot;tn&quot;:&quot;*N&quot;}"><span class="_58cl _5afz">#</span><span class="_58cm">Tradiciones</span></a></span></p>
</div>
</div>
</div>
</div>
</div>
</div>
</div>
<p><img decoding="async" src="https://scontent-mad1-1.xx.fbcdn.net/v/t1.0-9/s960x960/82593774_4005660806126853_6538105204326268928_o.jpg?_nc_cat=100&amp;_nc_oc=AQmXj6o25uX4Vta4LuxqiH2YiBrQuazlBcVnWxusK3s5TVfnRQC1B1CDeGHiA-TwD4Y&amp;_nc_ht=scontent-mad1-1.xx&amp;_nc_tp=1&amp;oh=d8dbd8b5dacf74dde78180a74d43cf0b&amp;oe=5EAB5414" alt="La imagen puede contener: texto" /></p>

<p>Ayuntamiento de Cazorla·  &#x1f525;&#x1f525; El próximo Jueves 16 de Enero tendrá lugar la Tradicional Hoguera de San Antón, en la Plaza de Santa María, a las 19:00 horas. Se adjunta el [&hellip;]</p>
