{"id":4320,"date":"2020-01-24T11:55:04","date_gmt":"2020-01-24T11:55:04","guid":{"rendered":"http:\/\/cazorla.es\/turismo\/?post_type=tribe_events&#038;p=4320"},"modified":"2020-01-24T11:55:04","modified_gmt":"2020-01-24T11:55:04","slug":"cine-en-cazorla","status":"publish","type":"tribe_events","link":"https:\/\/cazorla.es\/turismo\/events\/cine-en-cazorla\/","title":{"rendered":"Cine en Cazorla"},"content":{"rendered":"<div class=\"_4-u2 _4-u8\">\n<div class=\"permalinkPost\">\n<div class=\"_5pcb\" data-testid=\"newsFeedStream\">\n<div id=\"u_fetchstream_13_8\" class=\"_4-u2 mbm _4mrt _5jmm _5pat _5v3q _7cqq _4-u8\" data-fte=\"1\" data-ftr=\"1\" data-insertion-position=\"0\">\n<div id=\"u_fetchstream_13_9\" class=\"_3ccb _4pu6\" data-ft=\"{&quot;tn&quot;:&quot;-R&quot;}\" data-gt=\"{&quot;type&quot;:&quot;click2canvas&quot;,&quot;fbsource&quot;:703,&quot;ref&quot;:&quot;nf_generic&quot;}\">\n<div class=\"_5pcr userContentWrapper\" data-ft=\"{&quot;tn&quot;:&quot;-R&quot;}\">\n<div class=\"_1dwg _1w_m _q7o\" data-vc-ignore-dynamic=\"1\">\n<div class=\"t_aa3ab-1zi k_aa3ac1a25 clearfix\">\n<div class=\"clearfix z_aa3ab-03f\">\n<div class=\"_38vo\">\n<div><a id=\"js_3u4\" href=\"https:\/\/www.facebook.com\/ayuntamientode.cazorla\/?__tn__=kC-R&amp;eid=ARDjmTgc7YFtcVAEp2-Bj9XLfv7kKNn0XQ56MyDNv_HzqtcWTiAwoNGJDnApDQR5IlG9dAg4o9vGY08F&amp;hc_ref=ARRccP9QytNw02IMAcjpnq1V0o9o6j8tCFQcf-vKJOgxJwqjlyvkWMDHaAKorXAkCic&amp;fref=nf&amp;__xts__%5B0%5D=68.ARC0AC7Zikt4_HGK4Bxch9S1QTKIPNNQmgm5vS6a02p9_b0utIc0cybS-mrD2hfXigz3meUneksANjEnyHw--DS1We-sGDo-NliDjF-Lpo9SDuCWTxCEqg1j14JlKDkYMaL_uqYtX3bkOgViBUx9rdRSKVHQPqU1hJj0SpGPdk-IO2i7OaL1GEjsxl3aY55OuhsUs74A482x8byW-rD4N_yVQt77C6GPUprrcEiCH00dtoGOXvSuM5lhHyakw8fLRzAUEJkwWbWVYaamoXwhrpH67jptrAqWSZz9zXkSsyst4tAyW-caaYTKCcNwuhjpXg23-fP-b86mNwwZwSztAPUv\" data-hovercard=\"\/ajax\/hovercard\/page.php?id=1015210661838564&amp;extragetparams=%7B%22__tn__%22%3A%22%2CdkC-R-R%22%2C%22eid%22%3A%22ARDjmTgc7YFtcVAEp2-Bj9XLfv7kKNn0XQ56MyDNv_HzqtcWTiAwoNGJDnApDQR5IlG9dAg4o9vGY08F%22%2C%22hc_ref%22%3A%22ARRccP9QytNw02IMAcjpnq1V0o9o6j8tCFQcf-vKJOgxJwqjlyvkWMDHaAKorXAkCic%22%2C%22fref%22%3A%22nf%22%7D\" data-hovercard-prefer-more-content-show=\"1\" data-hovercard-referer=\"ARRccP9QytNw02IMAcjpnq1V0o9o6j8tCFQcf-vKJOgxJwqjlyvkWMDHaAKorXAkCic\">Ayuntamiento de Cazorla<\/a><\/div>\n<\/div>\n<\/div>\n<\/div>\n<div id=\"js_3ac\" class=\"_5pbx userContent _3ds9 _3576\" data-testid=\"post_message\" data-ft=\"{&quot;tn&quot;:&quot;K&quot;}\">\n<p><span class=\"_5mfr\"><span class=\"_6qdm\">&#x1f3a5;<\/span><\/span><span class=\"_5mfr\"><span class=\"_6qdm\">&#x1f39e;<\/span><\/span>\u00a1Vuelve el cine a Cazorla otro a\u00f1o m\u00e1s de mano de la\u00a0<a class=\"profileLink\" href=\"https:\/\/www.facebook.com\/asociacioncinecazorla\/?__tn__=K-R&amp;eid=ARDsSHnBT3hRn2pT9buQYsu-B5qWTq4xvNifekG8dLVNW3qelW30HCTinlzT1cz_q7KEPF-4qIKB_hMa&amp;fref=mentions&amp;__xts__%5B0%5D=68.ARC0AC7Zikt4_HGK4Bxch9S1QTKIPNNQmgm5vS6a02p9_b0utIc0cybS-mrD2hfXigz3meUneksANjEnyHw--DS1We-sGDo-NliDjF-Lpo9SDuCWTxCEqg1j14JlKDkYMaL_uqYtX3bkOgViBUx9rdRSKVHQPqU1hJj0SpGPdk-IO2i7OaL1GEjsxl3aY55OuhsUs74A482x8byW-rD4N_yVQt77C6GPUprrcEiCH00dtoGOXvSuM5lhHyakw8fLRzAUEJkwWbWVYaamoXwhrpH67jptrAqWSZz9zXkSsyst4tAyW-caaYTKCcNwuhjpXg23-fP-b86mNwwZwSztAPUv\" data-hovercard=\"\/ajax\/hovercard\/page.php?id=1937259803248641&amp;extragetparams=%7B%22__tn__%22%3A%22%2CdK-R-R%22%2C%22eid%22%3A%22ARDsSHnBT3hRn2pT9buQYsu-B5qWTq4xvNifekG8dLVNW3qelW30HCTinlzT1cz_q7KEPF-4qIKB_hMa%22%2C%22fref%22%3A%22mentions%22%7D\" data-hovercard-prefer-more-content-show=\"1\">Asociaci\u00f3n Amigos del Cine de Cazorla<\/a>!<\/p>\n<p>Este domingo 26 de enero a las 19:00 en el teatro de la Merced se proyectar\u00e1 TRES ANUNCIOS A LAS AFUERAS (2017), una pel\u00edcula dirigida por el director Martin McDonagh y protagonizada por la ganadora del \u00d3scar Frances McDormand. En este film, una madre iniciar\u00e1 una guerra contra el jefe de polic\u00eda al considerar que no hacen lo suficiente para resolver el caso de su hija e insistir en que se haga justicia.<\/p>\n<p>\u00a1Nos vemos en el cine!<span class=\"_5mfr\"><span class=\"_6qdm\">&#x1f3ac;<\/span><\/span><\/p>\n<\/div>\n<div class=\"_3x-2\" data-ft=\"{&quot;tn&quot;:&quot;H&quot;}\"><\/div>\n<\/div>\n<\/div>\n<\/div>\n<\/div>\n<\/div>\n<\/div>\n<\/div>\n<div class=\"_4-u2 _4-u8\">\n<div class=\"_427x\">\n<div id=\"u_fetchstream_13_3\" class=\"_4-u2 mbm _4mrt _5jmm _5pat _5v3q _7cqq _4-u8\" data-fte=\"1\" data-ftr=\"1\" data-insertion-position=\"1\">\n<div id=\"u_fetchstream_13_y\" class=\"_3ccb\" data-ft=\"{&quot;tn&quot;:&quot;-R&quot;}\" data-gt=\"{&quot;type&quot;:&quot;click2canvas&quot;,&quot;fbsource&quot;:703,&quot;ref&quot;:&quot;nf_generic&quot;}\">\n<div class=\"_5pcr userContentWrapper\" data-ft=\"{&quot;tn&quot;:&quot;-R&quot;}\">\n<div class=\"_1dwg _1w_m _q7o\" data-vc-ignore-dynamic=\"1\">\n<div class=\"t_aa3ab-1zi k_aa3ac1a25 clearfix\">\n<div class=\"clearfix z_aa3ab-03f\">\n<div class=\"clearfix _42ef\">\n<div class=\"n_aa3ab-03k\">\n<div class=\"_6a _5u5j\">\n<div class=\"_6a _6b\"><img loading=\"lazy\" decoding=\"async\" class=\"scaledImageFitHeight img\" src=\"https:\/\/scontent-mad1-1.xx.fbcdn.net\/v\/t1.0-0\/s480x480\/83268228_2201648596809759_3034925424380477440_n.jpg?_nc_cat=103&amp;_nc_oc=AQkeQlQnbUyFDIUXXbvmSOSMEOdSTPOfUQk5LDAEBm5nzelFb5LGR7q4vdbuNSPrp94&amp;_nc_ht=scontent-mad1-1.xx&amp;_nc_tp=1002&amp;oh=8ce37396d24bc5244c30859fc2340f80&amp;oe=5ECC65A8\" alt=\"La imagen puede contener: una persona, de pie y texto\" width=\"355\" height=\"474\" data-src=\"https:\/\/scontent-mad1-1.xx.fbcdn.net\/v\/t1.0-0\/s480x480\/83268228_2201648596809759_3034925424380477440_n.jpg?_nc_cat=103&amp;_nc_oc=AQkeQlQnbUyFDIUXXbvmSOSMEOdSTPOfUQk5LDAEBm5nzelFb5LGR7q4vdbuNSPrp94&amp;_nc_ht=scontent-mad1-1.xx&amp;_nc_tp=1002&amp;oh=8ce37396d24bc5244c30859fc2340f80&amp;oe=5ECC65A8\" \/><\/div>\n<\/div>\n<\/div>\n<\/div>\n<\/div>\n<\/div>\n<\/div>\n<\/div>\n<\/div>\n<\/div>\n<\/div>\n<\/div>\n","protected":false},"excerpt":{"rendered":"<p>Ayuntamiento de Cazorla &#x1f3a5;&#x1f39e;\u00a1Vuelve el cine a Cazorla otro a\u00f1o m\u00e1s de mano de la\u00a0Asociaci\u00f3n Amigos del Cine de Cazorla! Este domingo 26 de enero a las 19:00 en el [&hellip;]<\/p>\n","protected":false},"author":2,"featured_media":0,"comment_status":"open","ping_status":"closed","template":"","meta":{"_et_pb_use_builder":"","_et_pb_old_content":"","_et_gb_content_width":"","_tribe_events_status":"","_tribe_events_status_reason":"","footnotes":""},"tags":[15],"tribe_events_cat":[],"class_list":["post-4320","tribe_events","type-tribe_events","status-publish","hentry","tag-noticia"],"_links":{"self":[{"href":"https:\/\/cazorla.es\/turismo\/wp-json\/wp\/v2\/tribe_events\/4320","targetHints":{"allow":["GET"]}}],"collection":[{"href":"https:\/\/cazorla.es\/turismo\/wp-json\/wp\/v2\/tribe_events"}],"about":[{"href":"https:\/\/cazorla.es\/turismo\/wp-json\/wp\/v2\/types\/tribe_events"}],"author":[{"embeddable":true,"href":"https:\/\/cazorla.es\/turismo\/wp-json\/wp\/v2\/users\/2"}],"replies":[{"embeddable":true,"href":"https:\/\/cazorla.es\/turismo\/wp-json\/wp\/v2\/comments?post=4320"}],"version-history":[{"count":0,"href":"https:\/\/cazorla.es\/turismo\/wp-json\/wp\/v2\/tribe_events\/4320\/revisions"}],"wp:attachment":[{"href":"https:\/\/cazorla.es\/turismo\/wp-json\/wp\/v2\/media?parent=4320"}],"wp:term":[{"taxonomy":"post_tag","embeddable":true,"href":"https:\/\/cazorla.es\/turismo\/wp-json\/wp\/v2\/tags?post=4320"},{"taxonomy":"tribe_events_cat","embeddable":true,"href":"https:\/\/cazorla.es\/turismo\/wp-json\/wp\/v2\/tribe_events_cat?post=4320"}],"curies":[{"name":"wp","href":"https:\/\/api.w.org\/{rel}","templated":true}]}}

<div class="_4-u2 _4-u8">
<div class="permalinkPost">
<div class="_5pcb" data-testid="newsFeedStream">
<div id="u_fetchstream_13_8" class="_4-u2 mbm _4mrt _5jmm _5pat _5v3q _7cqq _4-u8" data-fte="1" data-ftr="1" data-insertion-position="0">
<div id="u_fetchstream_13_9" class="_3ccb _4pu6" data-ft="{&quot;tn&quot;:&quot;-R&quot;}" data-gt="{&quot;type&quot;:&quot;click2canvas&quot;,&quot;fbsource&quot;:703,&quot;ref&quot;:&quot;nf_generic&quot;}">
<div class="_5pcr userContentWrapper" data-ft="{&quot;tn&quot;:&quot;-R&quot;}">
<div class="_1dwg _1w_m _q7o" data-vc-ignore-dynamic="1">
<div class="t_aa3ab-1zi k_aa3ac1a25 clearfix">
<div class="clearfix z_aa3ab-03f">
<div class="_38vo">
<div><a id="js_3u4" href="https://www.facebook.com/ayuntamientode.cazorla/?__tn__=kC-R&amp;eid=ARDjmTgc7YFtcVAEp2-Bj9XLfv7kKNn0XQ56MyDNv_HzqtcWTiAwoNGJDnApDQR5IlG9dAg4o9vGY08F&amp;hc_ref=ARRccP9QytNw02IMAcjpnq1V0o9o6j8tCFQcf-vKJOgxJwqjlyvkWMDHaAKorXAkCic&amp;fref=nf&amp;__xts__%5B0%5D=68.ARC0AC7Zikt4_HGK4Bxch9S1QTKIPNNQmgm5vS6a02p9_b0utIc0cybS-mrD2hfXigz3meUneksANjEnyHw--DS1We-sGDo-NliDjF-Lpo9SDuCWTxCEqg1j14JlKDkYMaL_uqYtX3bkOgViBUx9rdRSKVHQPqU1hJj0SpGPdk-IO2i7OaL1GEjsxl3aY55OuhsUs74A482x8byW-rD4N_yVQt77C6GPUprrcEiCH00dtoGOXvSuM5lhHyakw8fLRzAUEJkwWbWVYaamoXwhrpH67jptrAqWSZz9zXkSsyst4tAyW-caaYTKCcNwuhjpXg23-fP-b86mNwwZwSztAPUv" data-hovercard="/ajax/hovercard/page.php?id=1015210661838564&amp;extragetparams=%7B%22__tn__%22%3A%22%2CdkC-R-R%22%2C%22eid%22%3A%22ARDjmTgc7YFtcVAEp2-Bj9XLfv7kKNn0XQ56MyDNv_HzqtcWTiAwoNGJDnApDQR5IlG9dAg4o9vGY08F%22%2C%22hc_ref%22%3A%22ARRccP9QytNw02IMAcjpnq1V0o9o6j8tCFQcf-vKJOgxJwqjlyvkWMDHaAKorXAkCic%22%2C%22fref%22%3A%22nf%22%7D" data-hovercard-prefer-more-content-show="1" data-hovercard-referer="ARRccP9QytNw02IMAcjpnq1V0o9o6j8tCFQcf-vKJOgxJwqjlyvkWMDHaAKorXAkCic">Ayuntamiento de Cazorla</a></div>
</div>
</div>
</div>
<div id="js_3ac" class="_5pbx userContent _3ds9 _3576" data-testid="post_message" data-ft="{&quot;tn&quot;:&quot;K&quot;}">
<p><span class="_5mfr"><span class="_6qdm">&#x1f3a5;</span></span><span class="_5mfr"><span class="_6qdm">&#x1f39e;</span></span>¡Vuelve el cine a Cazorla otro año más de mano de la <a class="profileLink" href="https://www.facebook.com/asociacioncinecazorla/?__tn__=K-R&amp;eid=ARDsSHnBT3hRn2pT9buQYsu-B5qWTq4xvNifekG8dLVNW3qelW30HCTinlzT1cz_q7KEPF-4qIKB_hMa&amp;fref=mentions&amp;__xts__%5B0%5D=68.ARC0AC7Zikt4_HGK4Bxch9S1QTKIPNNQmgm5vS6a02p9_b0utIc0cybS-mrD2hfXigz3meUneksANjEnyHw--DS1We-sGDo-NliDjF-Lpo9SDuCWTxCEqg1j14JlKDkYMaL_uqYtX3bkOgViBUx9rdRSKVHQPqU1hJj0SpGPdk-IO2i7OaL1GEjsxl3aY55OuhsUs74A482x8byW-rD4N_yVQt77C6GPUprrcEiCH00dtoGOXvSuM5lhHyakw8fLRzAUEJkwWbWVYaamoXwhrpH67jptrAqWSZz9zXkSsyst4tAyW-caaYTKCcNwuhjpXg23-fP-b86mNwwZwSztAPUv" data-hovercard="/ajax/hovercard/page.php?id=1937259803248641&amp;extragetparams=%7B%22__tn__%22%3A%22%2CdK-R-R%22%2C%22eid%22%3A%22ARDsSHnBT3hRn2pT9buQYsu-B5qWTq4xvNifekG8dLVNW3qelW30HCTinlzT1cz_q7KEPF-4qIKB_hMa%22%2C%22fref%22%3A%22mentions%22%7D" data-hovercard-prefer-more-content-show="1">Asociación Amigos del Cine de Cazorla</a>!</p>
<p>Este domingo 26 de enero a las 19:00 en el teatro de la Merced se proyectará TRES ANUNCIOS A LAS AFUERAS (2017), una película dirigida por el director Martin McDonagh y protagonizada por la ganadora del Óscar Frances McDormand. En este film, una madre iniciará una guerra contra el jefe de policía al considerar que no hacen lo suficiente para resolver el caso de su hija e insistir en que se haga justicia.</p>
<p>¡Nos vemos en el cine!<span class="_5mfr"><span class="_6qdm">&#x1f3ac;</span></span></p>
</div>
<div class="_3x-2" data-ft="{&quot;tn&quot;:&quot;H&quot;}"></div>
</div>
</div>
</div>
</div>
</div>
</div>
</div>
<div class="_4-u2 _4-u8">
<div class="_427x">
<div id="u_fetchstream_13_3" class="_4-u2 mbm _4mrt _5jmm _5pat _5v3q _7cqq _4-u8" data-fte="1" data-ftr="1" data-insertion-position="1">
<div id="u_fetchstream_13_y" class="_3ccb" data-ft="{&quot;tn&quot;:&quot;-R&quot;}" data-gt="{&quot;type&quot;:&quot;click2canvas&quot;,&quot;fbsource&quot;:703,&quot;ref&quot;:&quot;nf_generic&quot;}">
<div class="_5pcr userContentWrapper" data-ft="{&quot;tn&quot;:&quot;-R&quot;}">
<div class="_1dwg _1w_m _q7o" data-vc-ignore-dynamic="1">
<div class="t_aa3ab-1zi k_aa3ac1a25 clearfix">
<div class="clearfix z_aa3ab-03f">
<div class="clearfix _42ef">
<div class="n_aa3ab-03k">
<div class="_6a _5u5j">
<div class="_6a _6b"><img loading="lazy" decoding="async" class="scaledImageFitHeight img" src="https://scontent-mad1-1.xx.fbcdn.net/v/t1.0-0/s480x480/83268228_2201648596809759_3034925424380477440_n.jpg?_nc_cat=103&amp;_nc_oc=AQkeQlQnbUyFDIUXXbvmSOSMEOdSTPOfUQk5LDAEBm5nzelFb5LGR7q4vdbuNSPrp94&amp;_nc_ht=scontent-mad1-1.xx&amp;_nc_tp=1002&amp;oh=8ce37396d24bc5244c30859fc2340f80&amp;oe=5ECC65A8" alt="La imagen puede contener: una persona, de pie y texto" width="355" height="474" data-src="https://scontent-mad1-1.xx.fbcdn.net/v/t1.0-0/s480x480/83268228_2201648596809759_3034925424380477440_n.jpg?_nc_cat=103&amp;_nc_oc=AQkeQlQnbUyFDIUXXbvmSOSMEOdSTPOfUQk5LDAEBm5nzelFb5LGR7q4vdbuNSPrp94&amp;_nc_ht=scontent-mad1-1.xx&amp;_nc_tp=1002&amp;oh=8ce37396d24bc5244c30859fc2340f80&amp;oe=5ECC65A8" /></div>
</div>
</div>
</div>
</div>
</div>
</div>
</div>
</div>
</div>
</div>
</div>

<p>Ayuntamiento de Cazorla &#x1f3a5;&#x1f39e;¡Vuelve el cine a Cazorla otro año más de mano de la Asociación Amigos del Cine de Cazorla! Este domingo 26 de enero a las 19:00 en el [&hellip;]</p>
