{"id":5033,"date":"2022-07-19T09:12:33","date_gmt":"2022-07-19T09:12:33","guid":{"rendered":"https:\/\/cazorla.es\/turismo\/?post_type=tribe_events&#038;p=5033"},"modified":"2022-07-19T10:44:07","modified_gmt":"2022-07-19T10:44:07","slug":"concierto-de-chema-rivas","status":"publish","type":"tribe_events","link":"https:\/\/cazorla.es\/turismo\/events\/concierto-de-chema-rivas\/","title":{"rendered":"Concierto de Chema Rivas"},"content":{"rendered":"<div class=\"kvgmc6g5 cxmmr5t8 oygrvhab hcukyx3x c1et5uql ii04i59q\">\n<div dir=\"auto\"><span class=\"pq6dq46d tbxw36s4 knj5qynh kvgmc6g5 ditlmg2l oygrvhab nvdbi5me sf5mxxl7 gl3lb2sf hhz5lgdu\"><img loading=\"lazy\" decoding=\"async\" src=\"https:\/\/static.xx.fbcdn.net\/images\/emoji.php\/v9\/t7e\/1\/16\/1f3a4.png\" alt=\"&#x1f3a4;\" width=\"16\" height=\"16\" \/><\/span>\u00a1CONCIERTO DE CHEMA RIVAS EN <a class=\"oajrlxb2 g5ia77u1 qu0x051f esr5mh6w e9989ue4 r7d6kgcz rq0escxv nhd2j8a9 nc684nl6 p7hjln8o kvgmc6g5 cxmmr5t8 oygrvhab hcukyx3x jb3vyjys rz4wbd8a qt6c0cv9 a8nywdso i1ao9s8h esuyzwwr f1sip0of lzcic4wl gpro0wi8 q66pz984 b1v8xokw\" tabindex=\"0\" role=\"link\" href=\"https:\/\/www.facebook.com\/hashtag\/cazorla?__eep__=6&amp;__cft__[0]=AZWkmH1tQhZ70MDtk7MjiSVqh6lHJ1huI2kMMD_QHKDekPBcAnivw9vJWpVMfugnVZnzjCXUQgY8OZi0wy6gxHeycEtEVS8GeEds8XIw9yhYDOSuUKMzhvEWhjaqU8cwOOG_QnzEQljblgmjBLH4Bq9Uvzny59eH0xFXll6Ohy7bFQ&amp;__tn__=*NK-R\">#CAZORLA<\/a>!<\/div>\n<\/div>\n<div class=\"cxmmr5t8 oygrvhab hcukyx3x c1et5uql o9v6fnle ii04i59q\">\n<div dir=\"auto\"><span class=\"pq6dq46d tbxw36s4 knj5qynh kvgmc6g5 ditlmg2l oygrvhab nvdbi5me sf5mxxl7 gl3lb2sf hhz5lgdu\"><img loading=\"lazy\" decoding=\"async\" src=\"https:\/\/static.xx.fbcdn.net\/images\/emoji.php\/v9\/tfe\/1\/16\/1f44f.png\" alt=\"&#x1f44f;\" width=\"16\" height=\"16\" \/><\/span><span class=\"pq6dq46d tbxw36s4 knj5qynh kvgmc6g5 ditlmg2l oygrvhab nvdbi5me sf5mxxl7 gl3lb2sf hhz5lgdu\"><img loading=\"lazy\" decoding=\"async\" src=\"https:\/\/static.xx.fbcdn.net\/images\/emoji.php\/v9\/tfe\/1\/16\/1f44f.png\" alt=\"&#x1f44f;\" width=\"16\" height=\"16\" \/><\/span>Chema Rivas actuar\u00e1 en la Caseta Municipal Joven en la Feria de Cazorla el pr\u00f3ximo jueves 16 de septiembre (despu\u00e9s de los fuegos de Cazorla) en la Caseta de Feria del Recinto Ferial y despu\u00e9s DJ Aure Cano ofrecer\u00e1 una sesi\u00f3n con la mejor m\u00fasica.<\/div>\n<\/div>\n<div class=\"cxmmr5t8 oygrvhab hcukyx3x c1et5uql o9v6fnle ii04i59q\">\n<div dir=\"auto\"><span class=\"pq6dq46d tbxw36s4 knj5qynh kvgmc6g5 ditlmg2l oygrvhab nvdbi5me sf5mxxl7 gl3lb2sf hhz5lgdu\"><img loading=\"lazy\" decoding=\"async\" src=\"https:\/\/static.xx.fbcdn.net\/images\/emoji.php\/v9\/td8\/1\/16\/1f39f.png\" alt=\"&#x1f39f;\" width=\"16\" height=\"16\" \/><\/span>Las entradas estar\u00e1n a la venta on-line y en la Oficina Municipal de Turismo de Cazorla.<\/div>\n<\/div>\n<div class=\"cxmmr5t8 oygrvhab hcukyx3x c1et5uql o9v6fnle ii04i59q\">\n<div dir=\"auto\"><span class=\"pq6dq46d tbxw36s4 knj5qynh kvgmc6g5 ditlmg2l oygrvhab nvdbi5me sf5mxxl7 gl3lb2sf hhz5lgdu\"><img loading=\"lazy\" decoding=\"async\" src=\"https:\/\/static.xx.fbcdn.net\/images\/emoji.php\/v9\/t51\/1\/16\/1f449.png\" alt=\"&#x1f449;\" width=\"16\" height=\"16\" \/><\/span>Venta Online: <a class=\"oajrlxb2 g5ia77u1 qu0x051f esr5mh6w e9989ue4 r7d6kgcz rq0escxv nhd2j8a9 nc684nl6 p7hjln8o kvgmc6g5 cxmmr5t8 oygrvhab hcukyx3x jb3vyjys rz4wbd8a qt6c0cv9 a8nywdso i1ao9s8h esuyzwwr f1sip0of lzcic4wl gpro0wi8 py34i1dx\" tabindex=\"0\" role=\"link\" href=\"https:\/\/vivetix.com\/entradas-chema-rivas-en-concierto?s=link&amp;fbclid=IwAR1gMLzXaz539oGHMZy3VhXYa0JMrZiAv3lf9LvVb9JXJ92fI_n-4TmDQA0\" target=\"_blank\" rel=\"nofollow noopener\">https:\/\/vivetix.com\/entradas-chema-rivas-en-concierto?s=link<\/a><\/div>\n<\/div>\n<div class=\"cxmmr5t8 oygrvhab hcukyx3x c1et5uql o9v6fnle ii04i59q\">\n<div dir=\"auto\"><span class=\"pq6dq46d tbxw36s4 knj5qynh kvgmc6g5 ditlmg2l oygrvhab nvdbi5me sf5mxxl7 gl3lb2sf hhz5lgdu\"><img loading=\"lazy\" decoding=\"async\" src=\"https:\/\/static.xx.fbcdn.net\/images\/emoji.php\/v9\/tfc\/1\/16\/1f44d.png\" alt=\"&#x1f44d;\" width=\"16\" height=\"16\" \/><\/span>\u00a1No te lo pierdas!<\/div>\n<\/div>\n","protected":false},"excerpt":{"rendered":"<p>\u00a1CONCIERTO DE CHEMA RIVAS EN #CAZORLA! Chema Rivas actuar\u00e1 en la Caseta Municipal Joven en la Feria de Cazorla el pr\u00f3ximo jueves 16 de septiembre (despu\u00e9s de los fuegos de [&hellip;]<\/p>\n","protected":false},"author":2,"featured_media":5034,"comment_status":"open","ping_status":"closed","template":"","meta":{"_et_pb_use_builder":"","_et_pb_old_content":"","_et_gb_content_width":"","_tribe_events_status":"","_tribe_events_status_reason":"","footnotes":""},"tags":[],"tribe_events_cat":[],"class_list":["post-5033","tribe_events","type-tribe_events","status-publish","has-post-thumbnail","hentry"],"_links":{"self":[{"href":"https:\/\/cazorla.es\/turismo\/wp-json\/wp\/v2\/tribe_events\/5033","targetHints":{"allow":["GET"]}}],"collection":[{"href":"https:\/\/cazorla.es\/turismo\/wp-json\/wp\/v2\/tribe_events"}],"about":[{"href":"https:\/\/cazorla.es\/turismo\/wp-json\/wp\/v2\/types\/tribe_events"}],"author":[{"embeddable":true,"href":"https:\/\/cazorla.es\/turismo\/wp-json\/wp\/v2\/users\/2"}],"replies":[{"embeddable":true,"href":"https:\/\/cazorla.es\/turismo\/wp-json\/wp\/v2\/comments?post=5033"}],"version-history":[{"count":3,"href":"https:\/\/cazorla.es\/turismo\/wp-json\/wp\/v2\/tribe_events\/5033\/revisions"}],"predecessor-version":[{"id":5038,"href":"https:\/\/cazorla.es\/turismo\/wp-json\/wp\/v2\/tribe_events\/5033\/revisions\/5038"}],"wp:featuredmedia":[{"embeddable":true,"href":"https:\/\/cazorla.es\/turismo\/wp-json\/wp\/v2\/media\/5034"}],"wp:attachment":[{"href":"https:\/\/cazorla.es\/turismo\/wp-json\/wp\/v2\/media?parent=5033"}],"wp:term":[{"taxonomy":"post_tag","embeddable":true,"href":"https:\/\/cazorla.es\/turismo\/wp-json\/wp\/v2\/tags?post=5033"},{"taxonomy":"tribe_events_cat","embeddable":true,"href":"https:\/\/cazorla.es\/turismo\/wp-json\/wp\/v2\/tribe_events_cat?post=5033"}],"curies":[{"name":"wp","href":"https:\/\/api.w.org\/{rel}","templated":true}]}}

<div class="kvgmc6g5 cxmmr5t8 oygrvhab hcukyx3x c1et5uql ii04i59q">
<div dir="auto"><span class="pq6dq46d tbxw36s4 knj5qynh kvgmc6g5 ditlmg2l oygrvhab nvdbi5me sf5mxxl7 gl3lb2sf hhz5lgdu"><img loading="lazy" decoding="async" src="https://static.xx.fbcdn.net/images/emoji.php/v9/t7e/1/16/1f3a4.png" alt="&#x1f3a4;" width="16" height="16" /></span>¡CONCIERTO DE CHEMA RIVAS EN <a class="oajrlxb2 g5ia77u1 qu0x051f esr5mh6w e9989ue4 r7d6kgcz rq0escxv nhd2j8a9 nc684nl6 p7hjln8o kvgmc6g5 cxmmr5t8 oygrvhab hcukyx3x jb3vyjys rz4wbd8a qt6c0cv9 a8nywdso i1ao9s8h esuyzwwr f1sip0of lzcic4wl gpro0wi8 q66pz984 b1v8xokw" tabindex="0" role="link" href="https://www.facebook.com/hashtag/cazorla?__eep__=6&amp;__cft__[0]=AZWkmH1tQhZ70MDtk7MjiSVqh6lHJ1huI2kMMD_QHKDekPBcAnivw9vJWpVMfugnVZnzjCXUQgY8OZi0wy6gxHeycEtEVS8GeEds8XIw9yhYDOSuUKMzhvEWhjaqU8cwOOG_QnzEQljblgmjBLH4Bq9Uvzny59eH0xFXll6Ohy7bFQ&amp;__tn__=*NK-R">#CAZORLA</a>!</div>
</div>
<div class="cxmmr5t8 oygrvhab hcukyx3x c1et5uql o9v6fnle ii04i59q">
<div dir="auto"><span class="pq6dq46d tbxw36s4 knj5qynh kvgmc6g5 ditlmg2l oygrvhab nvdbi5me sf5mxxl7 gl3lb2sf hhz5lgdu"><img loading="lazy" decoding="async" src="https://static.xx.fbcdn.net/images/emoji.php/v9/tfe/1/16/1f44f.png" alt="&#x1f44f;" width="16" height="16" /></span><span class="pq6dq46d tbxw36s4 knj5qynh kvgmc6g5 ditlmg2l oygrvhab nvdbi5me sf5mxxl7 gl3lb2sf hhz5lgdu"><img loading="lazy" decoding="async" src="https://static.xx.fbcdn.net/images/emoji.php/v9/tfe/1/16/1f44f.png" alt="&#x1f44f;" width="16" height="16" /></span>Chema Rivas actuará en la Caseta Municipal Joven en la Feria de Cazorla el próximo jueves 16 de septiembre (después de los fuegos de Cazorla) en la Caseta de Feria del Recinto Ferial y después DJ Aure Cano ofrecerá una sesión con la mejor música.</div>
</div>
<div class="cxmmr5t8 oygrvhab hcukyx3x c1et5uql o9v6fnle ii04i59q">
<div dir="auto"><span class="pq6dq46d tbxw36s4 knj5qynh kvgmc6g5 ditlmg2l oygrvhab nvdbi5me sf5mxxl7 gl3lb2sf hhz5lgdu"><img loading="lazy" decoding="async" src="https://static.xx.fbcdn.net/images/emoji.php/v9/td8/1/16/1f39f.png" alt="&#x1f39f;" width="16" height="16" /></span>Las entradas estarán a la venta on-line y en la Oficina Municipal de Turismo de Cazorla.</div>
</div>
<div class="cxmmr5t8 oygrvhab hcukyx3x c1et5uql o9v6fnle ii04i59q">
<div dir="auto"><span class="pq6dq46d tbxw36s4 knj5qynh kvgmc6g5 ditlmg2l oygrvhab nvdbi5me sf5mxxl7 gl3lb2sf hhz5lgdu"><img loading="lazy" decoding="async" src="https://static.xx.fbcdn.net/images/emoji.php/v9/t51/1/16/1f449.png" alt="&#x1f449;" width="16" height="16" /></span>Venta Online: <a class="oajrlxb2 g5ia77u1 qu0x051f esr5mh6w e9989ue4 r7d6kgcz rq0escxv nhd2j8a9 nc684nl6 p7hjln8o kvgmc6g5 cxmmr5t8 oygrvhab hcukyx3x jb3vyjys rz4wbd8a qt6c0cv9 a8nywdso i1ao9s8h esuyzwwr f1sip0of lzcic4wl gpro0wi8 py34i1dx" tabindex="0" role="link" href="https://vivetix.com/entradas-chema-rivas-en-concierto?s=link&amp;fbclid=IwAR1gMLzXaz539oGHMZy3VhXYa0JMrZiAv3lf9LvVb9JXJ92fI_n-4TmDQA0" target="_blank" rel="nofollow noopener">https://vivetix.com/entradas-chema-rivas-en-concierto?s=link</a></div>
</div>
<div class="cxmmr5t8 oygrvhab hcukyx3x c1et5uql o9v6fnle ii04i59q">
<div dir="auto"><span class="pq6dq46d tbxw36s4 knj5qynh kvgmc6g5 ditlmg2l oygrvhab nvdbi5me sf5mxxl7 gl3lb2sf hhz5lgdu"><img loading="lazy" decoding="async" src="https://static.xx.fbcdn.net/images/emoji.php/v9/tfc/1/16/1f44d.png" alt="&#x1f44d;" width="16" height="16" /></span>¡No te lo pierdas!</div>
</div>

<p>¡CONCIERTO DE CHEMA RIVAS EN #CAZORLA! Chema Rivas actuará en la Caseta Municipal Joven en la Feria de Cazorla el próximo jueves 16 de septiembre (después de los fuegos de [&hellip;]</p>
